{"id":19814,"date":"2019-06-24T13:11:57","date_gmt":"2019-06-24T13:11:57","guid":{"rendered":"https:\/\/fcmanrique.org\/?post_type=fcm_c_acti_celebrada&#038;p=19814"},"modified":"2019-06-28T11:26:40","modified_gmt":"2019-06-28T11:26:40","slug":"19814-2","status":"publish","type":"fcm_c_acti_celebrada","link":"https:\/\/fcmanrique.org\/en\/fcm-c-acti-celebrada\/19814-2\/","title":{"rendered":"Taller did\u00e1ctico &#8221;Tu fauna atl\u00e1ntica&#8221; impartido en la Sociedad Democracia de Arrecife"},"content":{"rendered":"<p class=\"qtranxs-available-languages-message qtranxs-available-languages-message-en\">Sorry, this entry is only available in <a href=\"https:\/\/fcmanrique.org\/es\/wp-json\/wp\/v2\/fcm_c_acti_celebrada\/19814\" class=\"qtranxs-available-language-link qtranxs-available-language-link-es\" title=\"ES\">ES<\/a>.<\/p><p><em>Arrancan los talleres escolares impartidos por la FCM en todo el archipi\u00e9lago canario dentro de las actividades del centenario<\/em><\/p>\n<p>El Departamento Pedag\u00f3gico de la Fundaci\u00f3n C\u00e9sar Manrique imparti\u00f3 el pasado martes, 25 de junio, en la Sociedad Democracia de Arrecife, un taller para alumnos de ense\u00f1anza Infantil y Primaria, con el prop\u00f3sito de difundir la obra y el legado de C\u00e9sar Manrique.<\/p>\n<p>Para desarrollar el taller se cont\u00f3 con la ayuda de cuatro monitores formado especialmente por la FCM para ello.<\/p>\n<p>Basado en la t\u00e9cnica del collage, cada alumno confeccion\u00f3 su propio pez inspirado en aquellos peces y seres del mar creados por C\u00e9sar Manrique.<\/p>\n<p><a href=\"https:\/\/fcmanrique.org\/wp-content\/uploads\/fc-manrique-taller-fauna-atlantica1.jpg\"><img loading=\"lazy\" decoding=\"async\" class=\"alignnone size-full wp-image-19816\" src=\"https:\/\/fcmanrique.org\/wp-content\/uploads\/fc-manrique-taller-fauna-atlantica1.jpg\" alt=\"\" width=\"920\" height=\"1227\" srcset=\"https:\/\/fcmanrique.org\/wp-content\/uploads\/fc-manrique-taller-fauna-atlantica1.jpg 920w, https:\/\/fcmanrique.org\/wp-content\/uploads\/fc-manrique-taller-fauna-atlantica1-225x300.jpg 225w, https:\/\/fcmanrique.org\/wp-content\/uploads\/fc-manrique-taller-fauna-atlantica1-768x1024.jpg 768w, https:\/\/fcmanrique.org\/wp-content\/uploads\/fc-manrique-taller-fauna-atlantica1-184x246.jpg 184w\" sizes=\"auto, (max-width: 920px) 100vw, 920px\" \/><\/a><\/p>\n<p>Entre los objetivos del taller se encuentran potenciar el deseo de creaci\u00f3n en el escolar; lograr que el alumno sea capaz de ejecutar un collage, desligado de los preceptos figurativos y dando rienda suelta a su singular creatividad; acercar al alumno al medio natural desde la fantas\u00eda y el atrevimiento creativo y aproximarle al arte contempor\u00e1neo, sus t\u00e9cnicas y a la figura de C\u00e9sar Manrique.<\/p>\n<p><a href=\"https:\/\/fcmanrique.org\/wp-content\/uploads\/fc-manrique-taller-fauna-atlantica4.jpg\"><img loading=\"lazy\" decoding=\"async\" class=\"alignnone size-full wp-image-19819\" src=\"https:\/\/fcmanrique.org\/wp-content\/uploads\/fc-manrique-taller-fauna-atlantica4.jpg\" alt=\"\" width=\"920\" height=\"1227\" srcset=\"https:\/\/fcmanrique.org\/wp-content\/uploads\/fc-manrique-taller-fauna-atlantica4.jpg 920w, https:\/\/fcmanrique.org\/wp-content\/uploads\/fc-manrique-taller-fauna-atlantica4-225x300.jpg 225w, https:\/\/fcmanrique.org\/wp-content\/uploads\/fc-manrique-taller-fauna-atlantica4-768x1024.jpg 768w, https:\/\/fcmanrique.org\/wp-content\/uploads\/fc-manrique-taller-fauna-atlantica4-184x246.jpg 184w\" sizes=\"auto, (max-width: 920px) 100vw, 920px\" \/><\/a><\/p>\n<p><a href=\"https:\/\/fcmanrique.org\/wp-content\/uploads\/fc-manrique-taller-fauna-atlantica3.jpg\"><img loading=\"lazy\" decoding=\"async\" class=\"alignnone size-full wp-image-19818\" src=\"https:\/\/fcmanrique.org\/wp-content\/uploads\/fc-manrique-taller-fauna-atlantica3.jpg\" alt=\"\" width=\"920\" height=\"1227\" srcset=\"https:\/\/fcmanrique.org\/wp-content\/uploads\/fc-manrique-taller-fauna-atlantica3.jpg 920w, https:\/\/fcmanrique.org\/wp-content\/uploads\/fc-manrique-taller-fauna-atlantica3-225x300.jpg 225w, https:\/\/fcmanrique.org\/wp-content\/uploads\/fc-manrique-taller-fauna-atlantica3-768x1024.jpg 768w, https:\/\/fcmanrique.org\/wp-content\/uploads\/fc-manrique-taller-fauna-atlantica3-184x246.jpg 184w\" sizes=\"auto, (max-width: 920px) 100vw, 920px\" \/><\/a><\/p>","protected":false},"excerpt":{"rendered":"<p>Sorry, this entry is only available in ES.Arrancan los talleres escolares impartidos por la FCM en todo el archipi\u00e9lago canario dentro de las actividades del centenario El Departamento Pedag\u00f3gico de la Fundaci\u00f3n C\u00e9sar Manrique imparti\u00f3 el pasado martes, 25 de junio, en la Sociedad Democracia de Arrecife, un taller para alumnos de ense\u00f1anza Infantil y&#8230; <a href=\"https:\/\/fcmanrique.org\/en\/fcm-c-acti-celebrada\/19814-2\/\" class=\"readmore\">Contin\u00faa leyendo \u2192<\/a><\/p>\n","protected":false},"featured_media":19825,"parent":0,"template":"","meta":{"_acf_changed":false,"ngg_post_thumbnail":0,"footnotes":""},"class_list":["post-19814","fcm_c_acti_celebrada","type-fcm_c_acti_celebrada","status-publish","has-post-thumbnail","hentry","c_acti_celebrada_categoria-taller"],"acf":[],"_links":{"self":[{"href":"https:\/\/fcmanrique.org\/en\/wp-json\/wp\/v2\/fcm_c_acti_celebrada\/19814","targetHints":{"allow":["GET"]}}],"collection":[{"href":"https:\/\/fcmanrique.org\/en\/wp-json\/wp\/v2\/fcm_c_acti_celebrada"}],"about":[{"href":"https:\/\/fcmanrique.org\/en\/wp-json\/wp\/v2\/types\/fcm_c_acti_celebrada"}],"version-history":[{"count":5,"href":"https:\/\/fcmanrique.org\/en\/wp-json\/wp\/v2\/fcm_c_acti_celebrada\/19814\/revisions"}],"predecessor-version":[{"id":19839,"href":"https:\/\/fcmanrique.org\/en\/wp-json\/wp\/v2\/fcm_c_acti_celebrada\/19814\/revisions\/19839"}],"wp:featuredmedia":[{"embeddable":true,"href":"https:\/\/fcmanrique.org\/en\/wp-json\/wp\/v2\/media\/19825"}],"wp:attachment":[{"href":"https:\/\/fcmanrique.org\/en\/wp-json\/wp\/v2\/media?parent=19814"}],"curies":[{"name":"wp","href":"https:\/\/api.w.org\/{rel}","templated":true}]}}

Taller didáctico &#8221;Tu fauna atlántica&#8221; impartido en la Sociedad Democracia de Arrecife

<p class="qtranxs-available-languages-message qtranxs-available-languages-message-en">Sorry, this entry is only available in <a href="https://fcmanrique.org/es/wp-json/wp/v2/fcm_c_acti_celebrada/19814" class="qtranxs-available-language-link qtranxs-available-language-link-es" title="ES">ES</a>.</p><p><em>Arrancan los talleres escolares impartidos por la FCM en todo el archipiélago canario dentro de las actividades del centenario</em></p>
<p>El Departamento Pedagógico de la Fundación César Manrique impartió el pasado martes, 25 de junio, en la Sociedad Democracia de Arrecife, un taller para alumnos de enseñanza Infantil y Primaria, con el propósito de difundir la obra y el legado de César Manrique.</p>
<p>Para desarrollar el taller se contó con la ayuda de cuatro monitores formado especialmente por la FCM para ello.</p>
<p>Basado en la técnica del collage, cada alumno confeccionó su propio pez inspirado en aquellos peces y seres del mar creados por César Manrique.</p>
<p><a href="https://fcmanrique.org/wp-content/uploads/fc-manrique-taller-fauna-atlantica1.jpg"><img loading="lazy" decoding="async" class="alignnone size-full wp-image-19816" src="https://fcmanrique.org/wp-content/uploads/fc-manrique-taller-fauna-atlantica1.jpg" alt="" width="920" height="1227" srcset="https://fcmanrique.org/wp-content/uploads/fc-manrique-taller-fauna-atlantica1.jpg 920w, https://fcmanrique.org/wp-content/uploads/fc-manrique-taller-fauna-atlantica1-225x300.jpg 225w, https://fcmanrique.org/wp-content/uploads/fc-manrique-taller-fauna-atlantica1-768x1024.jpg 768w, https://fcmanrique.org/wp-content/uploads/fc-manrique-taller-fauna-atlantica1-184x246.jpg 184w" sizes="auto, (max-width: 920px) 100vw, 920px" /></a></p>
<p>Entre los objetivos del taller se encuentran potenciar el deseo de creación en el escolar; lograr que el alumno sea capaz de ejecutar un collage, desligado de los preceptos figurativos y dando rienda suelta a su singular creatividad; acercar al alumno al medio natural desde la fantasía y el atrevimiento creativo y aproximarle al arte contemporáneo, sus técnicas y a la figura de César Manrique.</p>
<p><a href="https://fcmanrique.org/wp-content/uploads/fc-manrique-taller-fauna-atlantica4.jpg"><img loading="lazy" decoding="async" class="alignnone size-full wp-image-19819" src="https://fcmanrique.org/wp-content/uploads/fc-manrique-taller-fauna-atlantica4.jpg" alt="" width="920" height="1227" srcset="https://fcmanrique.org/wp-content/uploads/fc-manrique-taller-fauna-atlantica4.jpg 920w, https://fcmanrique.org/wp-content/uploads/fc-manrique-taller-fauna-atlantica4-225x300.jpg 225w, https://fcmanrique.org/wp-content/uploads/fc-manrique-taller-fauna-atlantica4-768x1024.jpg 768w, https://fcmanrique.org/wp-content/uploads/fc-manrique-taller-fauna-atlantica4-184x246.jpg 184w" sizes="auto, (max-width: 920px) 100vw, 920px" /></a></p>
<p><a href="https://fcmanrique.org/wp-content/uploads/fc-manrique-taller-fauna-atlantica3.jpg"><img loading="lazy" decoding="async" class="alignnone size-full wp-image-19818" src="https://fcmanrique.org/wp-content/uploads/fc-manrique-taller-fauna-atlantica3.jpg" alt="" width="920" height="1227" srcset="https://fcmanrique.org/wp-content/uploads/fc-manrique-taller-fauna-atlantica3.jpg 920w, https://fcmanrique.org/wp-content/uploads/fc-manrique-taller-fauna-atlantica3-225x300.jpg 225w, https://fcmanrique.org/wp-content/uploads/fc-manrique-taller-fauna-atlantica3-768x1024.jpg 768w, https://fcmanrique.org/wp-content/uploads/fc-manrique-taller-fauna-atlantica3-184x246.jpg 184w" sizes="auto, (max-width: 920px) 100vw, 920px" /></a></p>

<p>Sorry, this entry is only available in ES.Arrancan los talleres escolares impartidos por la FCM en todo el archipiélago canario dentro de las actividades del centenario El Departamento Pedagógico de la Fundación César Manrique impartió el pasado martes, 25 de junio, en la Sociedad Democracia de Arrecife, un taller para alumnos de enseñanza Infantil y&#8230; <a href="https://fcmanrique.org/en/fcm-c-acti-celebrada/19814-2/" class="readmore">Continúa leyendo →</a></p>
