{"id":22030,"date":"2020-02-17T09:36:13","date_gmt":"2020-02-17T09:36:13","guid":{"rendered":"https:\/\/fcmanrique.org\/?post_type=fcm_c_acti_celebrada&#038;p=22030"},"modified":"2020-11-23T15:05:54","modified_gmt":"2020-11-23T15:05:54","slug":"fete-feten","status":"publish","type":"fcm_c_acti_celebrada","link":"https:\/\/fcmanrique.org\/en\/fcm-c-acti-celebrada\/fete-feten\/","title":{"rendered":"El d\u00fao instrumentalista Fet\u00e9n Fet\u00e9n en concierto"},"content":{"rendered":"<p class=\"qtranxs-available-languages-message qtranxs-available-languages-message-en\">Sorry, this entry is only available in <a href=\"https:\/\/fcmanrique.org\/es\/wp-json\/wp\/v2\/fcm_c_acti_celebrada\/22030\" class=\"qtranxs-available-language-link qtranxs-available-language-link-es\" title=\"ES\">ES<\/a>.<\/p><p>Actividad desarrollada con una subvenci\u00f3n del Gobierno de Canarias.<br \/>\n<img loading=\"lazy\" decoding=\"async\" class=\"size-full wp-image-22274 alignnone\" src=\"https:\/\/fcmanrique.org\/wp-content\/uploads\/logo-gobierno-canarias.png\" alt=\"\" width=\"181\" height=\"91\"><\/p>\n<p>La Fundaci\u00f3n C\u00e9sar Manrique (FCM) acogi\u00f3 el pasado viernes, 14 de febrero el concierto del d\u00fao Fet\u00e9n Fet\u00e9n, formado por Diego Galaz y Jorge Arribas. Durante el concierto se vivi\u00f3 un aire muy festivo con el p\u00fablico divertido, mientras los int\u00e9rpretes tocaban y contaban el porqu\u00e9 de los temas seleccionados.<\/p>\n<p><a href=\"https:\/\/fcmanrique.org\/wp-content\/uploads\/fc-manrique-feten-feten3.jpg\"><img loading=\"lazy\" decoding=\"async\" class=\"size-large wp-image-22034 alignnone\" src=\"https:\/\/fcmanrique.org\/wp-content\/uploads\/fc-manrique-feten-feten3.jpg\" alt=\"\" width=\"920\" height=\"571\" srcset=\"https:\/\/fcmanrique.org\/wp-content\/uploads\/fc-manrique-feten-feten3.jpg 920w, https:\/\/fcmanrique.org\/wp-content\/uploads\/fc-manrique-feten-feten3-300x186.jpg 300w, https:\/\/fcmanrique.org\/wp-content\/uploads\/fc-manrique-feten-feten3-768x477.jpg 768w, https:\/\/fcmanrique.org\/wp-content\/uploads\/fc-manrique-feten-feten3-289x179.jpg 289w\" sizes=\"auto, (max-width: 920px) 100vw, 920px\" \/><\/a><\/p>\n<p>Fet\u00e9n Fet\u00e9n es el ins\u00f3lito proyecto de dos m\u00fasicos burgaleses: Diego Galaz y Jorge Arribas, con cuatro discos de estudio a sus espaldas y amplias giras nacionales e internacionales. Estos multinstrumentistas vocacionales y apasionados extraen sonidos de instrumentos habituales como el viol\u00edn y el acorde\u00f3n, de otros no tan comunes como la mandolina o las casta\u00f1uelas y de objetos tan inesperados como el serrucho, la flauta silla de camping o la sart\u00e9n.<\/p>\n<p><a href=\"https:\/\/fcmanrique.org\/wp-content\/uploads\/fc-manrique-feten-feten2.jpg\"><img loading=\"lazy\" decoding=\"async\" class=\"size-large wp-image-22033 alignnone\" src=\"https:\/\/fcmanrique.org\/wp-content\/uploads\/fc-manrique-feten-feten2.jpg\" alt=\"\" width=\"920\" height=\"567\" srcset=\"https:\/\/fcmanrique.org\/wp-content\/uploads\/fc-manrique-feten-feten2.jpg 920w, https:\/\/fcmanrique.org\/wp-content\/uploads\/fc-manrique-feten-feten2-300x185.jpg 300w, https:\/\/fcmanrique.org\/wp-content\/uploads\/fc-manrique-feten-feten2-768x473.jpg 768w, https:\/\/fcmanrique.org\/wp-content\/uploads\/fc-manrique-feten-feten2-289x178.jpg 289w\" sizes=\"auto, (max-width: 920px) 100vw, 920px\" \/><\/a><\/p>\n<p>Infinidad de m\u00fasicos habituales de la escena espa\u00f1ola e internacional como Pasi\u00f3n Vega, Depedro, Javier Ruibal o Fito &amp; Fitipaldis entre otros, han reconocido la frescura y la autenticidad de la propuesta de Fet\u00e9n Fet\u00e9n y han sumado a sus proyectos su sonido festivo y bailable que, m\u00e1s all\u00e1 de lo ex\u00f3tico, supone una mirada contempor\u00e1nea a la m\u00fasica popular que transita y revitaliza g\u00e9neros casi en desuso como el fox-trot, el vals, los chotis, las seguidillas o las habaneras.<\/p>\n<p><a href=\"https:\/\/fcmanrique.org\/wp-content\/uploads\/fc-manrique-feten-feten1.jpg\"><img loading=\"lazy\" decoding=\"async\" class=\"size-full wp-image-22032 alignnone\" src=\"https:\/\/fcmanrique.org\/wp-content\/uploads\/fc-manrique-feten-feten1.jpg\" alt=\"\" width=\"920\" height=\"587\" srcset=\"https:\/\/fcmanrique.org\/wp-content\/uploads\/fc-manrique-feten-feten1.jpg 920w, https:\/\/fcmanrique.org\/wp-content\/uploads\/fc-manrique-feten-feten1-300x191.jpg 300w, https:\/\/fcmanrique.org\/wp-content\/uploads\/fc-manrique-feten-feten1-768x490.jpg 768w, https:\/\/fcmanrique.org\/wp-content\/uploads\/fc-manrique-feten-feten1-289x184.jpg 289w\" sizes=\"auto, (max-width: 920px) 100vw, 920px\" \/><\/a><\/p>\n<p>El d\u00fao tiene tres discos instrumentales, titulados: \u201cFet\u00e9n Fet\u00e9n\u201d (2011),&nbsp; \u201cBailables\u201d (2014) y \u201cMelod\u00edas de Ultramar\u201d (2018); adem\u00e1s de \u201cCantables\u201d(2016) compuesto por doce temas a los que puso letra el argentino Sebasti\u00e1n Schon y que fueron interpretados por Natalia Lafourcade, Fito Cabrales, Kevin Johansen, Rozal\u00e9n, Melingo, Arnaldo Antunes, Julieta Venegas, Vicentico, Pedro Guerra, Mar\u00eda Ezquiaga, Andr\u00e9s Su\u00e1rez y Jorge Drexler.<\/p>\n<p><a href=\"https:\/\/fcmanrique.org\/wp-content\/uploads\/fc-manrique-feten-feten4.jpg\"><img loading=\"lazy\" decoding=\"async\" class=\"size-full wp-image-22035 alignnone\" src=\"https:\/\/fcmanrique.org\/wp-content\/uploads\/fc-manrique-feten-feten4.jpg\" alt=\"\" width=\"920\" height=\"573\" srcset=\"https:\/\/fcmanrique.org\/wp-content\/uploads\/fc-manrique-feten-feten4.jpg 920w, https:\/\/fcmanrique.org\/wp-content\/uploads\/fc-manrique-feten-feten4-300x187.jpg 300w, https:\/\/fcmanrique.org\/wp-content\/uploads\/fc-manrique-feten-feten4-768x478.jpg 768w, https:\/\/fcmanrique.org\/wp-content\/uploads\/fc-manrique-feten-feten4-289x180.jpg 289w\" sizes=\"auto, (max-width: 920px) 100vw, 920px\" \/><\/a><\/p>\n<p><a href=\"https:\/\/fcmanrique.org\/wp-content\/uploads\/fc-manrique-feten-feten5.jpg\"><img loading=\"lazy\" decoding=\"async\" class=\"size-full wp-image-22036 alignnone\" src=\"https:\/\/fcmanrique.org\/wp-content\/uploads\/fc-manrique-feten-feten5.jpg\" alt=\"\" width=\"920\" height=\"591\" srcset=\"https:\/\/fcmanrique.org\/wp-content\/uploads\/fc-manrique-feten-feten5.jpg 920w, https:\/\/fcmanrique.org\/wp-content\/uploads\/fc-manrique-feten-feten5-300x193.jpg 300w, https:\/\/fcmanrique.org\/wp-content\/uploads\/fc-manrique-feten-feten5-768x493.jpg 768w, https:\/\/fcmanrique.org\/wp-content\/uploads\/fc-manrique-feten-feten5-289x186.jpg 289w\" sizes=\"auto, (max-width: 920px) 100vw, 920px\" \/><\/a><\/p>\n<p><a href=\"https:\/\/fcmanrique.org\/wp-content\/uploads\/fc-manrique-invitacion-feten-feten.jpg\"><img loading=\"lazy\" decoding=\"async\" class=\"size-large wp-image-21995 alignnone\" src=\"https:\/\/fcmanrique.org\/wp-content\/uploads\/fc-manrique-invitacion-feten-feten-1024x1024.jpg\" alt=\"\" width=\"1024\" height=\"1024\" srcset=\"https:\/\/fcmanrique.org\/wp-content\/uploads\/fc-manrique-invitacion-feten-feten-1024x1024.jpg 1024w, https:\/\/fcmanrique.org\/wp-content\/uploads\/fc-manrique-invitacion-feten-feten-300x300.jpg 300w, https:\/\/fcmanrique.org\/wp-content\/uploads\/fc-manrique-invitacion-feten-feten-150x150.jpg 150w, https:\/\/fcmanrique.org\/wp-content\/uploads\/fc-manrique-invitacion-feten-feten-768x768.jpg 768w, https:\/\/fcmanrique.org\/wp-content\/uploads\/fc-manrique-invitacion-feten-feten-246x246.jpg 246w, https:\/\/fcmanrique.org\/wp-content\/uploads\/fc-manrique-invitacion-feten-feten.jpg 1200w\" sizes=\"auto, (max-width: 1024px) 100vw, 1024px\" \/><\/a><\/p>\n<p>&nbsp;<\/p>","protected":false},"excerpt":{"rendered":"<p>Sorry, this entry is only available in ES.Actividad desarrollada con una subvenci\u00f3n del Gobierno de Canarias. La Fundaci\u00f3n C\u00e9sar Manrique (FCM) acogi\u00f3 el pasado viernes, 14 de febrero el concierto del d\u00fao Fet\u00e9n Fet\u00e9n, formado por Diego Galaz y Jorge Arribas. Durante el concierto se vivi\u00f3 un aire muy festivo con el p\u00fablico divertido, mientras&#8230; <a href=\"https:\/\/fcmanrique.org\/en\/fcm-c-acti-celebrada\/fete-feten\/\" class=\"readmore\">Contin\u00faa leyendo \u2192<\/a><\/p>\n","protected":false},"featured_media":22038,"parent":0,"template":"","meta":{"_acf_changed":false,"ngg_post_thumbnail":0,"footnotes":""},"class_list":["post-22030","fcm_c_acti_celebrada","type-fcm_c_acti_celebrada","status-publish","has-post-thumbnail","hentry","c_acti_celebrada_categoria-musica"],"acf":[],"_links":{"self":[{"href":"https:\/\/fcmanrique.org\/en\/wp-json\/wp\/v2\/fcm_c_acti_celebrada\/22030","targetHints":{"allow":["GET"]}}],"collection":[{"href":"https:\/\/fcmanrique.org\/en\/wp-json\/wp\/v2\/fcm_c_acti_celebrada"}],"about":[{"href":"https:\/\/fcmanrique.org\/en\/wp-json\/wp\/v2\/types\/fcm_c_acti_celebrada"}],"version-history":[{"count":5,"href":"https:\/\/fcmanrique.org\/en\/wp-json\/wp\/v2\/fcm_c_acti_celebrada\/22030\/revisions"}],"predecessor-version":[{"id":22284,"href":"https:\/\/fcmanrique.org\/en\/wp-json\/wp\/v2\/fcm_c_acti_celebrada\/22030\/revisions\/22284"}],"wp:featuredmedia":[{"embeddable":true,"href":"https:\/\/fcmanrique.org\/en\/wp-json\/wp\/v2\/media\/22038"}],"wp:attachment":[{"href":"https:\/\/fcmanrique.org\/en\/wp-json\/wp\/v2\/media?parent=22030"}],"curies":[{"name":"wp","href":"https:\/\/api.w.org\/{rel}","templated":true}]}}

El dúo instrumentalista Fetén Fetén en concierto

<p class="qtranxs-available-languages-message qtranxs-available-languages-message-en">Sorry, this entry is only available in <a href="https://fcmanrique.org/es/wp-json/wp/v2/fcm_c_acti_celebrada/22030" class="qtranxs-available-language-link qtranxs-available-language-link-es" title="ES">ES</a>.</p><p>Actividad desarrollada con una subvención del Gobierno de Canarias.<br />
<img loading="lazy" decoding="async" class="size-full wp-image-22274 alignnone" src="https://fcmanrique.org/wp-content/uploads/logo-gobierno-canarias.png" alt="" width="181" height="91"></p>
<p>La Fundación César Manrique (FCM) acogió el pasado viernes, 14 de febrero el concierto del dúo Fetén Fetén, formado por Diego Galaz y Jorge Arribas. Durante el concierto se vivió un aire muy festivo con el público divertido, mientras los intérpretes tocaban y contaban el porqué de los temas seleccionados.</p>
<p><a href="https://fcmanrique.org/wp-content/uploads/fc-manrique-feten-feten3.jpg"><img loading="lazy" decoding="async" class="size-large wp-image-22034 alignnone" src="https://fcmanrique.org/wp-content/uploads/fc-manrique-feten-feten3.jpg" alt="" width="920" height="571" srcset="https://fcmanrique.org/wp-content/uploads/fc-manrique-feten-feten3.jpg 920w, https://fcmanrique.org/wp-content/uploads/fc-manrique-feten-feten3-300x186.jpg 300w, https://fcmanrique.org/wp-content/uploads/fc-manrique-feten-feten3-768x477.jpg 768w, https://fcmanrique.org/wp-content/uploads/fc-manrique-feten-feten3-289x179.jpg 289w" sizes="auto, (max-width: 920px) 100vw, 920px" /></a></p>
<p>Fetén Fetén es el insólito proyecto de dos músicos burgaleses: Diego Galaz y Jorge Arribas, con cuatro discos de estudio a sus espaldas y amplias giras nacionales e internacionales. Estos multinstrumentistas vocacionales y apasionados extraen sonidos de instrumentos habituales como el violín y el acordeón, de otros no tan comunes como la mandolina o las castañuelas y de objetos tan inesperados como el serrucho, la flauta silla de camping o la sartén.</p>
<p><a href="https://fcmanrique.org/wp-content/uploads/fc-manrique-feten-feten2.jpg"><img loading="lazy" decoding="async" class="size-large wp-image-22033 alignnone" src="https://fcmanrique.org/wp-content/uploads/fc-manrique-feten-feten2.jpg" alt="" width="920" height="567" srcset="https://fcmanrique.org/wp-content/uploads/fc-manrique-feten-feten2.jpg 920w, https://fcmanrique.org/wp-content/uploads/fc-manrique-feten-feten2-300x185.jpg 300w, https://fcmanrique.org/wp-content/uploads/fc-manrique-feten-feten2-768x473.jpg 768w, https://fcmanrique.org/wp-content/uploads/fc-manrique-feten-feten2-289x178.jpg 289w" sizes="auto, (max-width: 920px) 100vw, 920px" /></a></p>
<p>Infinidad de músicos habituales de la escena española e internacional como Pasión Vega, Depedro, Javier Ruibal o Fito &amp; Fitipaldis entre otros, han reconocido la frescura y la autenticidad de la propuesta de Fetén Fetén y han sumado a sus proyectos su sonido festivo y bailable que, más allá de lo exótico, supone una mirada contemporánea a la música popular que transita y revitaliza géneros casi en desuso como el fox-trot, el vals, los chotis, las seguidillas o las habaneras.</p>
<p><a href="https://fcmanrique.org/wp-content/uploads/fc-manrique-feten-feten1.jpg"><img loading="lazy" decoding="async" class="size-full wp-image-22032 alignnone" src="https://fcmanrique.org/wp-content/uploads/fc-manrique-feten-feten1.jpg" alt="" width="920" height="587" srcset="https://fcmanrique.org/wp-content/uploads/fc-manrique-feten-feten1.jpg 920w, https://fcmanrique.org/wp-content/uploads/fc-manrique-feten-feten1-300x191.jpg 300w, https://fcmanrique.org/wp-content/uploads/fc-manrique-feten-feten1-768x490.jpg 768w, https://fcmanrique.org/wp-content/uploads/fc-manrique-feten-feten1-289x184.jpg 289w" sizes="auto, (max-width: 920px) 100vw, 920px" /></a></p>
<p>El dúo tiene tres discos instrumentales, titulados: “Fetén Fetén” (2011),&nbsp; “Bailables” (2014) y “Melodías de Ultramar” (2018); además de “Cantables”(2016) compuesto por doce temas a los que puso letra el argentino Sebastián Schon y que fueron interpretados por Natalia Lafourcade, Fito Cabrales, Kevin Johansen, Rozalén, Melingo, Arnaldo Antunes, Julieta Venegas, Vicentico, Pedro Guerra, María Ezquiaga, Andrés Suárez y Jorge Drexler.</p>
<p><a href="https://fcmanrique.org/wp-content/uploads/fc-manrique-feten-feten4.jpg"><img loading="lazy" decoding="async" class="size-full wp-image-22035 alignnone" src="https://fcmanrique.org/wp-content/uploads/fc-manrique-feten-feten4.jpg" alt="" width="920" height="573" srcset="https://fcmanrique.org/wp-content/uploads/fc-manrique-feten-feten4.jpg 920w, https://fcmanrique.org/wp-content/uploads/fc-manrique-feten-feten4-300x187.jpg 300w, https://fcmanrique.org/wp-content/uploads/fc-manrique-feten-feten4-768x478.jpg 768w, https://fcmanrique.org/wp-content/uploads/fc-manrique-feten-feten4-289x180.jpg 289w" sizes="auto, (max-width: 920px) 100vw, 920px" /></a></p>
<p><a href="https://fcmanrique.org/wp-content/uploads/fc-manrique-feten-feten5.jpg"><img loading="lazy" decoding="async" class="size-full wp-image-22036 alignnone" src="https://fcmanrique.org/wp-content/uploads/fc-manrique-feten-feten5.jpg" alt="" width="920" height="591" srcset="https://fcmanrique.org/wp-content/uploads/fc-manrique-feten-feten5.jpg 920w, https://fcmanrique.org/wp-content/uploads/fc-manrique-feten-feten5-300x193.jpg 300w, https://fcmanrique.org/wp-content/uploads/fc-manrique-feten-feten5-768x493.jpg 768w, https://fcmanrique.org/wp-content/uploads/fc-manrique-feten-feten5-289x186.jpg 289w" sizes="auto, (max-width: 920px) 100vw, 920px" /></a></p>
<p><a href="https://fcmanrique.org/wp-content/uploads/fc-manrique-invitacion-feten-feten.jpg"><img loading="lazy" decoding="async" class="size-large wp-image-21995 alignnone" src="https://fcmanrique.org/wp-content/uploads/fc-manrique-invitacion-feten-feten-1024x1024.jpg" alt="" width="1024" height="1024" srcset="https://fcmanrique.org/wp-content/uploads/fc-manrique-invitacion-feten-feten-1024x1024.jpg 1024w, https://fcmanrique.org/wp-content/uploads/fc-manrique-invitacion-feten-feten-300x300.jpg 300w, https://fcmanrique.org/wp-content/uploads/fc-manrique-invitacion-feten-feten-150x150.jpg 150w, https://fcmanrique.org/wp-content/uploads/fc-manrique-invitacion-feten-feten-768x768.jpg 768w, https://fcmanrique.org/wp-content/uploads/fc-manrique-invitacion-feten-feten-246x246.jpg 246w, https://fcmanrique.org/wp-content/uploads/fc-manrique-invitacion-feten-feten.jpg 1200w" sizes="auto, (max-width: 1024px) 100vw, 1024px" /></a></p>
<p>&nbsp;</p>

<p>Sorry, this entry is only available in ES.Actividad desarrollada con una subvención del Gobierno de Canarias. La Fundación César Manrique (FCM) acogió el pasado viernes, 14 de febrero el concierto del dúo Fetén Fetén, formado por Diego Galaz y Jorge Arribas. Durante el concierto se vivió un aire muy festivo con el público divertido, mientras&#8230; <a href="https://fcmanrique.org/en/fcm-c-acti-celebrada/fete-feten/" class="readmore">Continúa leyendo →</a></p>
