{"id":22060,"date":"2020-02-22T09:46:59","date_gmt":"2020-02-22T09:46:59","guid":{"rendered":"https:\/\/fcmanrique.org\/?post_type=fcm_c_acti_celebrada&#038;p=22060"},"modified":"2020-11-23T15:15:58","modified_gmt":"2020-11-23T15:15:58","slug":"creadores-en-emergencia-dia-3","status":"publish","type":"fcm_c_acti_celebrada","link":"https:\/\/fcmanrique.org\/en\/fcm-c-acti-celebrada\/creadores-en-emergencia-dia-3\/","title":{"rendered":"Creadores en emergencia: La industria cultural en la era de Internet y nuevos lugares de encuentro"},"content":{"rendered":"<p class=\"qtranxs-available-languages-message qtranxs-available-languages-message-en\">Sorry, this entry is only available in <a href=\"https:\/\/fcmanrique.org\/es\/wp-json\/wp\/v2\/fcm_c_acti_celebrada\/22060\" class=\"qtranxs-available-language-link qtranxs-available-language-link-es\" title=\"ES\">ES<\/a>.<\/p><p>Actividad desarrollada con una subvenci\u00f3n del Gobierno de Canarias.<br \/>\n<img loading=\"lazy\" decoding=\"async\" class=\"size-full wp-image-22274 alignnone\" src=\"https:\/\/fcmanrique.org\/wp-content\/uploads\/logo-gobierno-canarias.png\" alt=\"\" width=\"181\" height=\"91\"><\/p>\n<p class=\"Textbody\"><b>La industria cultural en la era de Internet y nuevos lugares de encuentro.<\/b><\/p>\n<p class=\"Textbody\">La tercera jornada del taller comenz\u00f3 con la intervenci\u00f3n de <strong>Daniel Barreto<\/strong>, ensayista y fil\u00f3sofo que coment\u00f3 estar m\u00e1s cerca de la insurgencia que de la emergencia. Analiz\u00f3 el concepto de industria cultural, que se suele tomar como algo positivo aunque Adorno, creador del t\u00e9rmino, lo hizo con un sentido cr\u00edtico porque la industria convert\u00eda tendencialmente la obra de arte en una mercanc\u00eda, ya que antes de ella la obra no estaba traducida a una relaci\u00f3n instrumental. La industria significa una p\u00e9rdida de ese espacio de relativa libertad. Los productos culturales se van estandarizando. Hay productos culturales que se consumen porque logran que se cree \u201cla ilusi\u00f3n de pertenecer a algo\u201d. No obstante, no toda la industria cultural debe ser rechazada en bloque porque existen resistencias y cabe la posibilidad de apropiarse de ella para darle originalidad. No hay nada fuera de la industria cultural pero puede haber formas de reapropiaci\u00f3n de los recursos en un sentido distinto a la l\u00ednea general. Se pregunt\u00f3 c\u00f3mo se ha transformado la industria cultural con la aparici\u00f3n de las nuevas tecnolog\u00edas. En este sentido, Internet permite la interacci\u00f3n pero coacciona la emisi\u00f3n, dificulta la funci\u00f3n de pertenencia. El tel\u00e9fono m\u00f3vil, que es para transmitir contenidos, en realidad se transmite a s\u00ed mismo: el mensaje es el medio.<\/p>\n<p><a href=\"https:\/\/fcmanrique.org\/wp-content\/uploads\/fc-manrique-creadores-en-emergencia-tercer-dia1.jpg\"><img loading=\"lazy\" decoding=\"async\" class=\"size-full wp-image-22062 alignnone\" src=\"https:\/\/fcmanrique.org\/wp-content\/uploads\/fc-manrique-creadores-en-emergencia-tercer-dia1.jpg\" alt=\"\" width=\"920\" height=\"634\" srcset=\"https:\/\/fcmanrique.org\/wp-content\/uploads\/fc-manrique-creadores-en-emergencia-tercer-dia1.jpg 920w, https:\/\/fcmanrique.org\/wp-content\/uploads\/fc-manrique-creadores-en-emergencia-tercer-dia1-300x207.jpg 300w, https:\/\/fcmanrique.org\/wp-content\/uploads\/fc-manrique-creadores-en-emergencia-tercer-dia1-768x529.jpg 768w, https:\/\/fcmanrique.org\/wp-content\/uploads\/fc-manrique-creadores-en-emergencia-tercer-dia1-289x199.jpg 289w\" sizes=\"auto, (max-width: 920px) 100vw, 920px\" \/><\/a><em>Daniel Barreto<\/em><\/p>\n<p class=\"Textbody\"><strong>Bejo<\/strong>, de 26 a\u00f1os, es m\u00fasico a pesar de no saber tocar un instrumento y de tener poca intenci\u00f3n de dedicarse a la m\u00fasica. Tambi\u00e9n pinta. Explic\u00f3 su trayectoria y asegur\u00f3 que ahora no hace falta una infraestructura complicada para dedicarse a la m\u00fasica. Antes la industria estaba m\u00e1s centralizada y ahora la tecnolog\u00eda permite hacer muchas cosas, como en el Renacimiento, con herramientas de creaci\u00f3n y comunicaci\u00f3n. \u201cTodo lo hago con lo que tengo a mano: un micro, una tarjeta de sonido, un ordenador&#8230;\u201d Ha aprendido \u201chaciendo\u201d e investigando con tutoriales de youtube, sin pretensi\u00f3n y sin presupuesto, buscando una alternativa y diferenci\u00e1ndose en el rap con su m\u00fasica y sus videoclips, dando un toque de humor y cercan\u00eda. Ense\u00f1\u00f3 su logotipo, que es como un pene dibujado por un ni\u00f1o, y su primer trabajo, integrado precisamente en un pen drive, &#8220;un pene-drive&#8221;.<\/p>\n<p><a href=\"https:\/\/fcmanrique.org\/wp-content\/uploads\/fc-manrique-creadores-en-emergencia-tercer-dia.jpg\"><img loading=\"lazy\" decoding=\"async\" class=\"size-full wp-image-22061 alignnone\" src=\"https:\/\/fcmanrique.org\/wp-content\/uploads\/fc-manrique-creadores-en-emergencia-tercer-dia.jpg\" alt=\"\" width=\"920\" height=\"627\" srcset=\"https:\/\/fcmanrique.org\/wp-content\/uploads\/fc-manrique-creadores-en-emergencia-tercer-dia.jpg 920w, https:\/\/fcmanrique.org\/wp-content\/uploads\/fc-manrique-creadores-en-emergencia-tercer-dia-300x204.jpg 300w, https:\/\/fcmanrique.org\/wp-content\/uploads\/fc-manrique-creadores-en-emergencia-tercer-dia-768x523.jpg 768w, https:\/\/fcmanrique.org\/wp-content\/uploads\/fc-manrique-creadores-en-emergencia-tercer-dia-289x197.jpg 289w\" sizes=\"auto, (max-width: 920px) 100vw, 920px\" \/><\/a><em>Bejo<\/em><\/p>\n<p class=\"Textbody\"><strong>Amaury Santana<\/strong>, profesor y cineasta, comenz\u00f3 hablando de la precariedad en la cultura digital. \u201c\u00bfEn qu\u00e9 lugar nos encontramos como creadores?, \u00bftenemos la posibilidad de crear un trabajo que nos proyecte al futuro, o uno para vivir?\u201d Manifest\u00f3 que partimos de una paradoja: hay una gran cantidad de oferta y es una \u00e9poca dorada para la creaci\u00f3n audiovisual, pero no hay capacidad de hacer visible toda esa oferta. La irrupci\u00f3n de plataformas surge como esperanza para una ofrecer una gama de contenidos, pero han acabado dominados por el mercado de nichos, desde la estandarizaci\u00f3n. Se acaba produciendo determinado el contenido por los datos de tendencias, por el algoritmo. Hay nuevos espacios pero no hay mayor diversidad cultural y se va diluyendo la mirada del autor ya que el espectador manda cada vez m\u00e1s. La parte de marketing relega a la creaci\u00f3n. \u00bfQu\u00e9 hacer? \u00bfVivir por completo del mercado o alejarse de \u00e9l? En el segundo caso, el peligro de la precariedad es evidente. Santana apuesta por plantear nuevos espacios de encuentro. \u201cPodemos encontrar nuevas formas de crear que dialoguen con ese mercado y con una mirada propia, porque a todos no nos sirve la misma f\u00f3rmula\u201d. \u201cEstas jornadas son un buen punto de partida\u201d, se\u00f1al\u00f3.<\/p>\n<p><a href=\"https:\/\/fcmanrique.org\/wp-content\/uploads\/fc-manrique-creadores-en-emergencia-tercer-dia3.jpg\"><img loading=\"lazy\" decoding=\"async\" class=\"size-full wp-image-22063 alignnone\" src=\"https:\/\/fcmanrique.org\/wp-content\/uploads\/fc-manrique-creadores-en-emergencia-tercer-dia3.jpg\" alt=\"\" width=\"920\" height=\"618\" srcset=\"https:\/\/fcmanrique.org\/wp-content\/uploads\/fc-manrique-creadores-en-emergencia-tercer-dia3.jpg 920w, https:\/\/fcmanrique.org\/wp-content\/uploads\/fc-manrique-creadores-en-emergencia-tercer-dia3-300x202.jpg 300w, https:\/\/fcmanrique.org\/wp-content\/uploads\/fc-manrique-creadores-en-emergencia-tercer-dia3-768x516.jpg 768w, https:\/\/fcmanrique.org\/wp-content\/uploads\/fc-manrique-creadores-en-emergencia-tercer-dia3-289x194.jpg 289w\" sizes=\"auto, (max-width: 920px) 100vw, 920px\" \/><\/a><em>Amaury Santana<\/em><\/p>\n<p class=\"Textbody\"><strong>Ero Pinku<\/strong>, ilustradora y mangaka, explic\u00f3 que ni en Canarias ni en Espa\u00f1a hay mercado para el manga. \u201cNada de lo que creo lo vendo para Espa\u00f1a\u201d. En Espa\u00f1a el c\u00f3mic no se ve de forma profesional. Gan\u00f3 un concurso en Jap\u00f3n junto con su mejor amiga, que vive en Argentina y a la que nunca hab\u00eda visto y a la que conoci\u00f3 en Tokio. Dijo que salir de Canarias es bueno para romper los l\u00edmites y que gracias a Internet los l\u00edmites los pone cada uno. \u201cLos l\u00edmites deben existir para romperlos\u201d. Considera que en ese sector hay que producir mucho y ser muy r\u00e1pido trabajando y asegura que las redes sociales son aliadas para conocer datos y estad\u00edsticas sobre los gustos. \u201cHay estructuras, y si quieres las rompes o las aceptas, esto es solo entretenimiento y no est\u00e1 mal saber qu\u00e9 es lo que vende y hacerlo\u201d. Habl\u00f3 del producto \u201crecalentado\u201d en Internet, que son contenidos donde se comentan lo que crea otra persona y que incluso pueden llegar a relegar al creador: \u201cHay gente que prefiere ver c\u00f3mo se juega, a jugar\u201d. Considera que los artistas siempre se han vendido, de alguna forma, pero las redes hacen que se vendan de otra manera. \u201cQuieres venderte, pero que eso no te limite\u201d.<\/p>\n<p><a href=\"https:\/\/fcmanrique.org\/wp-content\/uploads\/fc-manrique-creadores-en-emergencia-tercer-dia4.jpg\"><img loading=\"lazy\" decoding=\"async\" class=\"size-full wp-image-22064 alignnone\" src=\"https:\/\/fcmanrique.org\/wp-content\/uploads\/fc-manrique-creadores-en-emergencia-tercer-dia4.jpg\" alt=\"\" width=\"920\" height=\"590\" srcset=\"https:\/\/fcmanrique.org\/wp-content\/uploads\/fc-manrique-creadores-en-emergencia-tercer-dia4.jpg 920w, https:\/\/fcmanrique.org\/wp-content\/uploads\/fc-manrique-creadores-en-emergencia-tercer-dia4-300x192.jpg 300w, https:\/\/fcmanrique.org\/wp-content\/uploads\/fc-manrique-creadores-en-emergencia-tercer-dia4-768x493.jpg 768w, https:\/\/fcmanrique.org\/wp-content\/uploads\/fc-manrique-creadores-en-emergencia-tercer-dia4-289x185.jpg 289w\" sizes=\"auto, (max-width: 920px) 100vw, 920px\" \/><\/a><em>Ero Pinku<\/em><\/p>\n<p>En cada jornada, los cuatro ponentes abordaron en un coloquio algunos de los asuntos tratados durante las ponencias, y otros como la importancia del asociacionismo, la raz\u00f3n de crear, los lugares p\u00fablicos, lo institucional, las redes sociales, la tecnolog\u00eda, la colectivizaci\u00f3n, el cambio clim\u00e1tico, la precariedad, la industria, el mercado, la desesperanza, el capitalismo o el sistema.<\/p>\n<p><a href=\"https:\/\/fcmanrique.org\/wp-content\/uploads\/fc-manrique-creadores-en-emergencia-tercer-dia5.jpg\"><img loading=\"lazy\" decoding=\"async\" class=\"size-full wp-image-22065 alignnone\" src=\"https:\/\/fcmanrique.org\/wp-content\/uploads\/fc-manrique-creadores-en-emergencia-tercer-dia5.jpg\" alt=\"\" width=\"920\" height=\"614\" srcset=\"https:\/\/fcmanrique.org\/wp-content\/uploads\/fc-manrique-creadores-en-emergencia-tercer-dia5.jpg 920w, https:\/\/fcmanrique.org\/wp-content\/uploads\/fc-manrique-creadores-en-emergencia-tercer-dia5-300x200.jpg 300w, https:\/\/fcmanrique.org\/wp-content\/uploads\/fc-manrique-creadores-en-emergencia-tercer-dia5-768x513.jpg 768w, https:\/\/fcmanrique.org\/wp-content\/uploads\/fc-manrique-creadores-en-emergencia-tercer-dia5-289x193.jpg 289w\" sizes=\"auto, (max-width: 920px) 100vw, 920px\" \/><\/a><\/p>\n<p><a href=\"https:\/\/fcmanrique.org\/wp-content\/uploads\/fc-manrique-diptico-jornadas-creadores-en-emergencia1.jpg\"><img loading=\"lazy\" decoding=\"async\" class=\"size-large wp-image-21966 alignnone\" src=\"https:\/\/fcmanrique.org\/wp-content\/uploads\/fc-manrique-diptico-jornadas-creadores-en-emergencia1-1024x1024.jpg\" alt=\"\" width=\"1024\" height=\"1024\" srcset=\"https:\/\/fcmanrique.org\/wp-content\/uploads\/fc-manrique-diptico-jornadas-creadores-en-emergencia1-1024x1024.jpg 1024w, https:\/\/fcmanrique.org\/wp-content\/uploads\/fc-manrique-diptico-jornadas-creadores-en-emergencia1-300x300.jpg 300w, https:\/\/fcmanrique.org\/wp-content\/uploads\/fc-manrique-diptico-jornadas-creadores-en-emergencia1-150x150.jpg 150w, https:\/\/fcmanrique.org\/wp-content\/uploads\/fc-manrique-diptico-jornadas-creadores-en-emergencia1-768x768.jpg 768w, https:\/\/fcmanrique.org\/wp-content\/uploads\/fc-manrique-diptico-jornadas-creadores-en-emergencia1-246x246.jpg 246w, https:\/\/fcmanrique.org\/wp-content\/uploads\/fc-manrique-diptico-jornadas-creadores-en-emergencia1-1536x1536.jpg 1536w, https:\/\/fcmanrique.org\/wp-content\/uploads\/fc-manrique-diptico-jornadas-creadores-en-emergencia1-2048x2048.jpg 2048w\" sizes=\"auto, (max-width: 1024px) 100vw, 1024px\" \/><\/a><\/p>\n<p><a href=\"https:\/\/fcmanrique.org\/wp-content\/uploads\/fc-manrique-diptico-jornadas-creadores-en-emergencia.pdf\">M\u00e1s informaci\u00f3n sobre las Jornadas &#8211; Horarios y ponentes<\/a><\/p>\n<p><a href=\"https:\/\/fcmanrique.org\/wp-content\/uploads\/fc-manrique-jornadas-creadores-emergencia-canarias.pdf\">M\u00e1s informaci\u00f3n Jornadas Creadores en emergencia<\/a><\/p>","protected":false},"excerpt":{"rendered":"<p>Sorry, this entry is only available in ES.Actividad desarrollada con una subvenci\u00f3n del Gobierno de Canarias. La industria cultural en la era de Internet y nuevos lugares de encuentro. La tercera jornada del taller comenz\u00f3 con la intervenci\u00f3n de Daniel Barreto, ensayista y fil\u00f3sofo que coment\u00f3 estar m\u00e1s cerca de la insurgencia que de la&#8230; <a href=\"https:\/\/fcmanrique.org\/en\/fcm-c-acti-celebrada\/creadores-en-emergencia-dia-3\/\" class=\"readmore\">Contin\u00faa leyendo \u2192<\/a><\/p>\n","protected":false},"featured_media":22066,"parent":0,"template":"","meta":{"_acf_changed":false,"ngg_post_thumbnail":0,"footnotes":""},"class_list":["post-22060","fcm_c_acti_celebrada","type-fcm_c_acti_celebrada","status-publish","has-post-thumbnail","hentry","c_acti_celebrada_categoria-jornadas"],"acf":[],"_links":{"self":[{"href":"https:\/\/fcmanrique.org\/en\/wp-json\/wp\/v2\/fcm_c_acti_celebrada\/22060","targetHints":{"allow":["GET"]}}],"collection":[{"href":"https:\/\/fcmanrique.org\/en\/wp-json\/wp\/v2\/fcm_c_acti_celebrada"}],"about":[{"href":"https:\/\/fcmanrique.org\/en\/wp-json\/wp\/v2\/types\/fcm_c_acti_celebrada"}],"version-history":[{"count":10,"href":"https:\/\/fcmanrique.org\/en\/wp-json\/wp\/v2\/fcm_c_acti_celebrada\/22060\/revisions"}],"predecessor-version":[{"id":22310,"href":"https:\/\/fcmanrique.org\/en\/wp-json\/wp\/v2\/fcm_c_acti_celebrada\/22060\/revisions\/22310"}],"wp:featuredmedia":[{"embeddable":true,"href":"https:\/\/fcmanrique.org\/en\/wp-json\/wp\/v2\/media\/22066"}],"wp:attachment":[{"href":"https:\/\/fcmanrique.org\/en\/wp-json\/wp\/v2\/media?parent=22060"}],"curies":[{"name":"wp","href":"https:\/\/api.w.org\/{rel}","templated":true}]}}

<p class="qtranxs-available-languages-message qtranxs-available-languages-message-en">Sorry, this entry is only available in <a href="https://fcmanrique.org/es/wp-json/wp/v2/fcm_c_acti_celebrada/22060" class="qtranxs-available-language-link qtranxs-available-language-link-es" title="ES">ES</a>.</p><p>Actividad desarrollada con una subvención del Gobierno de Canarias.<br />
<img loading="lazy" decoding="async" class="size-full wp-image-22274 alignnone" src="https://fcmanrique.org/wp-content/uploads/logo-gobierno-canarias.png" alt="" width="181" height="91"></p>
<p class="Textbody"><b>La industria cultural en la era de Internet y nuevos lugares de encuentro.</b></p>
<p class="Textbody">La tercera jornada del taller comenzó con la intervención de <strong>Daniel Barreto</strong>, ensayista y filósofo que comentó estar más cerca de la insurgencia que de la emergencia. Analizó el concepto de industria cultural, que se suele tomar como algo positivo aunque Adorno, creador del término, lo hizo con un sentido crítico porque la industria convertía tendencialmente la obra de arte en una mercancía, ya que antes de ella la obra no estaba traducida a una relación instrumental. La industria significa una pérdida de ese espacio de relativa libertad. Los productos culturales se van estandarizando. Hay productos culturales que se consumen porque logran que se cree “la ilusión de pertenecer a algo”. No obstante, no toda la industria cultural debe ser rechazada en bloque porque existen resistencias y cabe la posibilidad de apropiarse de ella para darle originalidad. No hay nada fuera de la industria cultural pero puede haber formas de reapropiación de los recursos en un sentido distinto a la línea general. Se preguntó cómo se ha transformado la industria cultural con la aparición de las nuevas tecnologías. En este sentido, Internet permite la interacción pero coacciona la emisión, dificulta la función de pertenencia. El teléfono móvil, que es para transmitir contenidos, en realidad se transmite a sí mismo: el mensaje es el medio.</p>
<p><a href="https://fcmanrique.org/wp-content/uploads/fc-manrique-creadores-en-emergencia-tercer-dia1.jpg"><img loading="lazy" decoding="async" class="size-full wp-image-22062 alignnone" src="https://fcmanrique.org/wp-content/uploads/fc-manrique-creadores-en-emergencia-tercer-dia1.jpg" alt="" width="920" height="634" srcset="https://fcmanrique.org/wp-content/uploads/fc-manrique-creadores-en-emergencia-tercer-dia1.jpg 920w, https://fcmanrique.org/wp-content/uploads/fc-manrique-creadores-en-emergencia-tercer-dia1-300x207.jpg 300w, https://fcmanrique.org/wp-content/uploads/fc-manrique-creadores-en-emergencia-tercer-dia1-768x529.jpg 768w, https://fcmanrique.org/wp-content/uploads/fc-manrique-creadores-en-emergencia-tercer-dia1-289x199.jpg 289w" sizes="auto, (max-width: 920px) 100vw, 920px" /></a><em>Daniel Barreto</em></p>
<p class="Textbody"><strong>Bejo</strong>, de 26 años, es músico a pesar de no saber tocar un instrumento y de tener poca intención de dedicarse a la música. También pinta. Explicó su trayectoria y aseguró que ahora no hace falta una infraestructura complicada para dedicarse a la música. Antes la industria estaba más centralizada y ahora la tecnología permite hacer muchas cosas, como en el Renacimiento, con herramientas de creación y comunicación. “Todo lo hago con lo que tengo a mano: un micro, una tarjeta de sonido, un ordenador&#8230;” Ha aprendido “haciendo” e investigando con tutoriales de youtube, sin pretensión y sin presupuesto, buscando una alternativa y diferenciándose en el rap con su música y sus videoclips, dando un toque de humor y cercanía. Enseñó su logotipo, que es como un pene dibujado por un niño, y su primer trabajo, integrado precisamente en un pen drive, &#8220;un pene-drive&#8221;.</p>
<p><a href="https://fcmanrique.org/wp-content/uploads/fc-manrique-creadores-en-emergencia-tercer-dia.jpg"><img loading="lazy" decoding="async" class="size-full wp-image-22061 alignnone" src="https://fcmanrique.org/wp-content/uploads/fc-manrique-creadores-en-emergencia-tercer-dia.jpg" alt="" width="920" height="627" srcset="https://fcmanrique.org/wp-content/uploads/fc-manrique-creadores-en-emergencia-tercer-dia.jpg 920w, https://fcmanrique.org/wp-content/uploads/fc-manrique-creadores-en-emergencia-tercer-dia-300x204.jpg 300w, https://fcmanrique.org/wp-content/uploads/fc-manrique-creadores-en-emergencia-tercer-dia-768x523.jpg 768w, https://fcmanrique.org/wp-content/uploads/fc-manrique-creadores-en-emergencia-tercer-dia-289x197.jpg 289w" sizes="auto, (max-width: 920px) 100vw, 920px" /></a><em>Bejo</em></p>
<p class="Textbody"><strong>Amaury Santana</strong>, profesor y cineasta, comenzó hablando de la precariedad en la cultura digital. “¿En qué lugar nos encontramos como creadores?, ¿tenemos la posibilidad de crear un trabajo que nos proyecte al futuro, o uno para vivir?” Manifestó que partimos de una paradoja: hay una gran cantidad de oferta y es una época dorada para la creación audiovisual, pero no hay capacidad de hacer visible toda esa oferta. La irrupción de plataformas surge como esperanza para una ofrecer una gama de contenidos, pero han acabado dominados por el mercado de nichos, desde la estandarización. Se acaba produciendo determinado el contenido por los datos de tendencias, por el algoritmo. Hay nuevos espacios pero no hay mayor diversidad cultural y se va diluyendo la mirada del autor ya que el espectador manda cada vez más. La parte de marketing relega a la creación. ¿Qué hacer? ¿Vivir por completo del mercado o alejarse de él? En el segundo caso, el peligro de la precariedad es evidente. Santana apuesta por plantear nuevos espacios de encuentro. “Podemos encontrar nuevas formas de crear que dialoguen con ese mercado y con una mirada propia, porque a todos no nos sirve la misma fórmula”. “Estas jornadas son un buen punto de partida”, señaló.</p>
<p><a href="https://fcmanrique.org/wp-content/uploads/fc-manrique-creadores-en-emergencia-tercer-dia3.jpg"><img loading="lazy" decoding="async" class="size-full wp-image-22063 alignnone" src="https://fcmanrique.org/wp-content/uploads/fc-manrique-creadores-en-emergencia-tercer-dia3.jpg" alt="" width="920" height="618" srcset="https://fcmanrique.org/wp-content/uploads/fc-manrique-creadores-en-emergencia-tercer-dia3.jpg 920w, https://fcmanrique.org/wp-content/uploads/fc-manrique-creadores-en-emergencia-tercer-dia3-300x202.jpg 300w, https://fcmanrique.org/wp-content/uploads/fc-manrique-creadores-en-emergencia-tercer-dia3-768x516.jpg 768w, https://fcmanrique.org/wp-content/uploads/fc-manrique-creadores-en-emergencia-tercer-dia3-289x194.jpg 289w" sizes="auto, (max-width: 920px) 100vw, 920px" /></a><em>Amaury Santana</em></p>
<p class="Textbody"><strong>Ero Pinku</strong>, ilustradora y mangaka, explicó que ni en Canarias ni en España hay mercado para el manga. “Nada de lo que creo lo vendo para España”. En España el cómic no se ve de forma profesional. Ganó un concurso en Japón junto con su mejor amiga, que vive en Argentina y a la que nunca había visto y a la que conoció en Tokio. Dijo que salir de Canarias es bueno para romper los límites y que gracias a Internet los límites los pone cada uno. “Los límites deben existir para romperlos”. Considera que en ese sector hay que producir mucho y ser muy rápido trabajando y asegura que las redes sociales son aliadas para conocer datos y estadísticas sobre los gustos. “Hay estructuras, y si quieres las rompes o las aceptas, esto es solo entretenimiento y no está mal saber qué es lo que vende y hacerlo”. Habló del producto “recalentado” en Internet, que son contenidos donde se comentan lo que crea otra persona y que incluso pueden llegar a relegar al creador: “Hay gente que prefiere ver cómo se juega, a jugar”. Considera que los artistas siempre se han vendido, de alguna forma, pero las redes hacen que se vendan de otra manera. “Quieres venderte, pero que eso no te limite”.</p>
<p><a href="https://fcmanrique.org/wp-content/uploads/fc-manrique-creadores-en-emergencia-tercer-dia4.jpg"><img loading="lazy" decoding="async" class="size-full wp-image-22064 alignnone" src="https://fcmanrique.org/wp-content/uploads/fc-manrique-creadores-en-emergencia-tercer-dia4.jpg" alt="" width="920" height="590" srcset="https://fcmanrique.org/wp-content/uploads/fc-manrique-creadores-en-emergencia-tercer-dia4.jpg 920w, https://fcmanrique.org/wp-content/uploads/fc-manrique-creadores-en-emergencia-tercer-dia4-300x192.jpg 300w, https://fcmanrique.org/wp-content/uploads/fc-manrique-creadores-en-emergencia-tercer-dia4-768x493.jpg 768w, https://fcmanrique.org/wp-content/uploads/fc-manrique-creadores-en-emergencia-tercer-dia4-289x185.jpg 289w" sizes="auto, (max-width: 920px) 100vw, 920px" /></a><em>Ero Pinku</em></p>
<p>En cada jornada, los cuatro ponentes abordaron en un coloquio algunos de los asuntos tratados durante las ponencias, y otros como la importancia del asociacionismo, la razón de crear, los lugares públicos, lo institucional, las redes sociales, la tecnología, la colectivización, el cambio climático, la precariedad, la industria, el mercado, la desesperanza, el capitalismo o el sistema.</p>
<p><a href="https://fcmanrique.org/wp-content/uploads/fc-manrique-creadores-en-emergencia-tercer-dia5.jpg"><img loading="lazy" decoding="async" class="size-full wp-image-22065 alignnone" src="https://fcmanrique.org/wp-content/uploads/fc-manrique-creadores-en-emergencia-tercer-dia5.jpg" alt="" width="920" height="614" srcset="https://fcmanrique.org/wp-content/uploads/fc-manrique-creadores-en-emergencia-tercer-dia5.jpg 920w, https://fcmanrique.org/wp-content/uploads/fc-manrique-creadores-en-emergencia-tercer-dia5-300x200.jpg 300w, https://fcmanrique.org/wp-content/uploads/fc-manrique-creadores-en-emergencia-tercer-dia5-768x513.jpg 768w, https://fcmanrique.org/wp-content/uploads/fc-manrique-creadores-en-emergencia-tercer-dia5-289x193.jpg 289w" sizes="auto, (max-width: 920px) 100vw, 920px" /></a></p>
<p><a href="https://fcmanrique.org/wp-content/uploads/fc-manrique-diptico-jornadas-creadores-en-emergencia1.jpg"><img loading="lazy" decoding="async" class="size-large wp-image-21966 alignnone" src="https://fcmanrique.org/wp-content/uploads/fc-manrique-diptico-jornadas-creadores-en-emergencia1-1024x1024.jpg" alt="" width="1024" height="1024" srcset="https://fcmanrique.org/wp-content/uploads/fc-manrique-diptico-jornadas-creadores-en-emergencia1-1024x1024.jpg 1024w, https://fcmanrique.org/wp-content/uploads/fc-manrique-diptico-jornadas-creadores-en-emergencia1-300x300.jpg 300w, https://fcmanrique.org/wp-content/uploads/fc-manrique-diptico-jornadas-creadores-en-emergencia1-150x150.jpg 150w, https://fcmanrique.org/wp-content/uploads/fc-manrique-diptico-jornadas-creadores-en-emergencia1-768x768.jpg 768w, https://fcmanrique.org/wp-content/uploads/fc-manrique-diptico-jornadas-creadores-en-emergencia1-246x246.jpg 246w, https://fcmanrique.org/wp-content/uploads/fc-manrique-diptico-jornadas-creadores-en-emergencia1-1536x1536.jpg 1536w, https://fcmanrique.org/wp-content/uploads/fc-manrique-diptico-jornadas-creadores-en-emergencia1-2048x2048.jpg 2048w" sizes="auto, (max-width: 1024px) 100vw, 1024px" /></a></p>
<p><a href="https://fcmanrique.org/wp-content/uploads/fc-manrique-diptico-jornadas-creadores-en-emergencia.pdf">Más información sobre las Jornadas &#8211; Horarios y ponentes</a></p>
<p><a href="https://fcmanrique.org/wp-content/uploads/fc-manrique-jornadas-creadores-emergencia-canarias.pdf">Más información Jornadas Creadores en emergencia</a></p>

<p>Sorry, this entry is only available in ES.Actividad desarrollada con una subvención del Gobierno de Canarias. La industria cultural en la era de Internet y nuevos lugares de encuentro. La tercera jornada del taller comenzó con la intervención de Daniel Barreto, ensayista y filósofo que comentó estar más cerca de la insurgencia que de la&#8230; <a href="https://fcmanrique.org/en/fcm-c-acti-celebrada/creadores-en-emergencia-dia-3/" class="readmore">Continúa leyendo →</a></p>
