{"id":18421,"date":"2019-04-15T12:50:12","date_gmt":"2019-04-15T12:50:12","guid":{"rendered":"https:\/\/fcmanrique.org\/?post_type=fcm_c_ev_relac&#038;p=18421"},"modified":"2019-04-17T09:11:40","modified_gmt":"2019-04-17T09:11:40","slug":"entrevista-a-fernando-gomez-aguilera","status":"publish","type":"fcm_c_ev_relac","link":"https:\/\/fcmanrique.org\/en\/fcm-c-ev-relac\/entrevista-a-fernando-gomez-aguilera\/","title":{"rendered":"Entrevista a Fernando G\u00f3mez Aguilera"},"content":{"rendered":"<p class=\"qtranxs-available-languages-message qtranxs-available-languages-message-en\">Sorry, this entry is only available in <a href=\"https:\/\/fcmanrique.org\/es\/wp-json\/wp\/v2\/fcm_c_ev_relac\/18421\" class=\"qtranxs-available-language-link qtranxs-available-language-link-es\" title=\"ES\">ES<\/a>.<\/p><p>Entrevista a Fernando G\u00f3mez Aguilera, director de la Fundaci\u00f3n C\u00e9sar Manrique, por Javier Dur\u00e1n (en La Provincia, 13 abril 2019)<\/p>\n<p>&#8220;El poder ha querido &#8216;afeitar&#8217; a Manrique y desactivarlo&#8221;.<\/p>\n<p><a href=\"https:\/\/fcmanrique.org\/wp-content\/uploads\/fc-manrique-entrevista-fernando-gomez-aguilera.pdf\">Leer la entrevista completa a Fernando G\u00f3mez Aguilera<\/a><\/p>","protected":false},"excerpt":{"rendered":"<p>Sorry, this entry is only available in ES.Entrevista a Fernando G\u00f3mez Aguilera, director de la Fundaci\u00f3n C\u00e9sar Manrique, por Javier Dur\u00e1n (en La Provincia, 13 abril 2019) &#8220;El poder ha querido &#8216;afeitar&#8217; a Manrique y desactivarlo&#8221;. Leer la entrevista completa a Fernando G\u00f3mez Aguilera<\/p>\n","protected":false},"featured_media":18581,"parent":0,"template":"","meta":{"_acf_changed":false,"ngg_post_thumbnail":0,"footnotes":""},"class_list":["post-18421","fcm_c_ev_relac","type-fcm_c_ev_relac","status-publish","has-post-thumbnail","hentry","c_ev_relac_categoria-entrevista"],"acf":[],"_links":{"self":[{"href":"https:\/\/fcmanrique.org\/en\/wp-json\/wp\/v2\/fcm_c_ev_relac\/18421","targetHints":{"allow":["GET"]}}],"collection":[{"href":"https:\/\/fcmanrique.org\/en\/wp-json\/wp\/v2\/fcm_c_ev_relac"}],"about":[{"href":"https:\/\/fcmanrique.org\/en\/wp-json\/wp\/v2\/types\/fcm_c_ev_relac"}],"version-history":[{"count":4,"href":"https:\/\/fcmanrique.org\/en\/wp-json\/wp\/v2\/fcm_c_ev_relac\/18421\/revisions"}],"predecessor-version":[{"id":18450,"href":"https:\/\/fcmanrique.org\/en\/wp-json\/wp\/v2\/fcm_c_ev_relac\/18421\/revisions\/18450"}],"wp:featuredmedia":[{"embeddable":true,"href":"https:\/\/fcmanrique.org\/en\/wp-json\/wp\/v2\/media\/18581"}],"wp:attachment":[{"href":"https:\/\/fcmanrique.org\/en\/wp-json\/wp\/v2\/media?parent=18421"}],"curies":[{"name":"wp","href":"https:\/\/api.w.org\/{rel}","templated":true}]}}

Entrevista a Fernando Gómez Aguilera

<p class="qtranxs-available-languages-message qtranxs-available-languages-message-en">Sorry, this entry is only available in <a href="https://fcmanrique.org/es/wp-json/wp/v2/fcm_c_ev_relac/18421" class="qtranxs-available-language-link qtranxs-available-language-link-es" title="ES">ES</a>.</p><p>Entrevista a Fernando Gómez Aguilera, director de la Fundación César Manrique, por Javier Durán (en La Provincia, 13 abril 2019)</p>
<p>&#8220;El poder ha querido &#8216;afeitar&#8217; a Manrique y desactivarlo&#8221;.</p>
<p><a href="https://fcmanrique.org/wp-content/uploads/fc-manrique-entrevista-fernando-gomez-aguilera.pdf">Leer la entrevista completa a Fernando Gómez Aguilera</a></p>

<p>Sorry, this entry is only available in ES.Entrevista a Fernando Gómez Aguilera, director de la Fundación César Manrique, por Javier Durán (en La Provincia, 13 abril 2019) &#8220;El poder ha querido &#8216;afeitar&#8217; a Manrique y desactivarlo&#8221;. Leer la entrevista completa a Fernando Gómez Aguilera</p>
