{"id":18594,"date":"2019-04-17T15:10:14","date_gmt":"2019-04-17T15:10:14","guid":{"rendered":"https:\/\/fcmanrique.org\/?post_type=fcm_c_ev_relac&#038;p=18594"},"modified":"2019-04-17T15:10:14","modified_gmt":"2019-04-17T15:10:14","slug":"la-fcm-y-fred-olsen-express-colaboran-en-el-centenario","status":"publish","type":"fcm_c_ev_relac","link":"https:\/\/fcmanrique.org\/en\/fcm-c-ev-relac\/la-fcm-y-fred-olsen-express-colaboran-en-el-centenario\/","title":{"rendered":"La FCM y Fred. Olsen Express colaboran en el centenario"},"content":{"rendered":"<p class=\"qtranxs-available-languages-message qtranxs-available-languages-message-en\">Sorry, this entry is only available in <a href=\"https:\/\/fcmanrique.org\/es\/wp-json\/wp\/v2\/fcm_c_ev_relac\/18594\" class=\"qtranxs-available-language-link qtranxs-available-language-link-es\" title=\"ES\">ES<\/a>.<\/p><p><strong>La FCM y Fred. Olsen Express firman un convenio de colaboraci\u00f3n con motivo del centenario de C\u00e9sar Manrique.<\/strong><\/p>\n<p>La Fundaci\u00f3n C\u00e9sar Manrique (FCM) y la naviera Fred. Olsen Express han firmado un acuerdo de colaboraci\u00f3n con el objetivo de difundir la figura y la obra de C\u00e9sar Manrique en el marco del centenario de su nacimiento, que se conmemora entre el 24 de abril de 2019 y el 24 de abril de 2020.<\/p>\n<p>En base a este convenio, Fred. Olsen Express se convierte en la naviera oficial del centenario organizado por la FCM con la puesta en marcha de cerca de una decena de actuaciones. Entre ellas destaca la aplicaci\u00f3n en la proa de sus buques que operan en Lanzarote, el&nbsp;<em>Bonanza Express<\/em>&nbsp;y el&nbsp;<em>Bocayna Express<\/em>, del s\u00edmbolo que representa a la Fundaci\u00f3n al que se le ha a\u00f1adido la firma del artista y el distintivo 100, que marca esta efem\u00e9rides.<\/p>\n<p>&nbsp;<\/p>\n<p><a href=\"https:\/\/fcmanrique.org\/wp-content\/uploads\/fc-manrique-convenio-fred-olsen-2.jpg\"><img loading=\"lazy\" decoding=\"async\" class=\"alignnone size-full wp-image-18185\" src=\"https:\/\/fcmanrique.org\/wp-content\/uploads\/fc-manrique-convenio-fred-olsen-2.jpg\" alt=\"\" width=\"800\" height=\"571\" srcset=\"https:\/\/fcmanrique.org\/wp-content\/uploads\/fc-manrique-convenio-fred-olsen-2.jpg 800w, https:\/\/fcmanrique.org\/wp-content\/uploads\/fc-manrique-convenio-fred-olsen-2-300x214.jpg 300w, https:\/\/fcmanrique.org\/wp-content\/uploads\/fc-manrique-convenio-fred-olsen-2-768x548.jpg 768w, https:\/\/fcmanrique.org\/wp-content\/uploads\/fc-manrique-convenio-fred-olsen-2-289x206.jpg 289w\" sizes=\"auto, (max-width: 800px) 100vw, 800px\" \/><\/a><\/p>\n<p>Adem\u00e1s, en ambos barcos se desarrollar\u00e1n diferentes acciones conmemorativas como el decorado de sus interiores, gracias a la cesi\u00f3n de la Instituci\u00f3n, con reproducciones de los pescados de la serie Fauna Atl\u00e1ntica que pint\u00f3 el artista entre 1984 y 1985.<\/p>\n<p>Gracias a este acuerdo, los pasajeros de la compa\u00f1\u00eda tambi\u00e9n podr\u00e1n tomarse un aperitivo en el bar \u201cC\u00e9sar Manrique\u201d ubicado en el&nbsp;<em>Bonanza Express<\/em>, a la vez que visionan en las pantallas de a bordo v\u00eddeos que difunden el pensamiento, la obra y, en definitiva, la figura de uno de los artistas canarios m\u00e1s influyentes del siglo XX.<\/p>\n<p>Por otra parte,&nbsp; Fred. Olsen Express crear\u00e1 un c\u00f3rner dentro de sus barcos con los productos que la Fundaci\u00f3n, que custodia el legado del artista, ha creado especialmente para esta celebraci\u00f3n. As\u00ed mismo, los miembros de la tripulaci\u00f3n portar\u00e1n un pin conmemorativo de la efem\u00e9ride en su uniforme.<\/p>\n<p>Otra de las acciones que llevar\u00e1n a cabo conjuntamente la FCM y la compa\u00f1\u00eda de transporte mar\u00edtimo ser\u00e1 una exposici\u00f3n compuesta por una serie de im\u00e1genes de la obra pl\u00e1stica y paisaj\u00edstica de C\u00e9sar Manrique.<\/p>\n<p><a href=\"https:\/\/fcmanrique.org\/wp-content\/uploads\/fc-manrique-convenio-fred-olsen-1.jpg\"><img loading=\"lazy\" decoding=\"async\" class=\"alignnone size-full wp-image-18184\" src=\"https:\/\/fcmanrique.org\/wp-content\/uploads\/fc-manrique-convenio-fred-olsen-1.jpg\" alt=\"\" width=\"800\" height=\"536\" srcset=\"https:\/\/fcmanrique.org\/wp-content\/uploads\/fc-manrique-convenio-fred-olsen-1.jpg 800w, https:\/\/fcmanrique.org\/wp-content\/uploads\/fc-manrique-convenio-fred-olsen-1-300x201.jpg 300w, https:\/\/fcmanrique.org\/wp-content\/uploads\/fc-manrique-convenio-fred-olsen-1-768x515.jpg 768w, https:\/\/fcmanrique.org\/wp-content\/uploads\/fc-manrique-convenio-fred-olsen-1-289x194.jpg 289w\" sizes=\"auto, (max-width: 800px) 100vw, 800px\" \/><\/a><\/p>\n<p>Dentro del marco de este acuerdo, adem\u00e1s de difundir el centenario, Fred. Olsen Express pretende colaborar con la log\u00edstica necesaria por parte de la Fundaci\u00f3n, as\u00ed como favorecer los desplazamientos entre las islas para facilitar que los habitantes del Archipi\u00e9lago puedan formar parte y vivir en primera persona un a\u00f1o tan especial.<\/p>\n<p>En la firma de este acuerdo, que tuvo lugar en la sede de la Fundaci\u00f3n, estuvieron presentes el presidente de la misma, Jos\u00e9 Juan Ram\u00edrez, su director Fernando G\u00f3mez Aguilera, as\u00ed como Juan Ignacio Lia\u00f1o, director de flota de la naviera, Lorenzo Spinelli, jefe del departamento comercial, y Marina Gonz\u00e1lez, jefa de marketing.<\/p>","protected":false},"excerpt":{"rendered":"<p>Sorry, this entry is only available in ES.La FCM y Fred. Olsen Express firman un convenio de colaboraci\u00f3n con motivo del centenario de C\u00e9sar Manrique. La Fundaci\u00f3n C\u00e9sar Manrique (FCM) y la naviera Fred. Olsen Express han firmado un acuerdo de colaboraci\u00f3n con el objetivo de difundir la figura y la obra de C\u00e9sar Manrique&#8230; <a href=\"https:\/\/fcmanrique.org\/en\/fcm-c-ev-relac\/la-fcm-y-fred-olsen-express-colaboran-en-el-centenario\/\" class=\"readmore\">Contin\u00faa leyendo \u2192<\/a><\/p>\n","protected":false},"featured_media":18223,"parent":0,"template":"","meta":{"_acf_changed":false,"ngg_post_thumbnail":0,"footnotes":""},"class_list":["post-18594","fcm_c_ev_relac","type-fcm_c_ev_relac","status-publish","has-post-thumbnail","hentry","c_ev_relac_categoria-colaboracion"],"acf":[],"_links":{"self":[{"href":"https:\/\/fcmanrique.org\/en\/wp-json\/wp\/v2\/fcm_c_ev_relac\/18594","targetHints":{"allow":["GET"]}}],"collection":[{"href":"https:\/\/fcmanrique.org\/en\/wp-json\/wp\/v2\/fcm_c_ev_relac"}],"about":[{"href":"https:\/\/fcmanrique.org\/en\/wp-json\/wp\/v2\/types\/fcm_c_ev_relac"}],"version-history":[{"count":1,"href":"https:\/\/fcmanrique.org\/en\/wp-json\/wp\/v2\/fcm_c_ev_relac\/18594\/revisions"}],"predecessor-version":[{"id":18595,"href":"https:\/\/fcmanrique.org\/en\/wp-json\/wp\/v2\/fcm_c_ev_relac\/18594\/revisions\/18595"}],"wp:featuredmedia":[{"embeddable":true,"href":"https:\/\/fcmanrique.org\/en\/wp-json\/wp\/v2\/media\/18223"}],"wp:attachment":[{"href":"https:\/\/fcmanrique.org\/en\/wp-json\/wp\/v2\/media?parent=18594"}],"curies":[{"name":"wp","href":"https:\/\/api.w.org\/{rel}","templated":true}]}}

<p class="qtranxs-available-languages-message qtranxs-available-languages-message-en">Sorry, this entry is only available in <a href="https://fcmanrique.org/es/wp-json/wp/v2/fcm_c_ev_relac/18594" class="qtranxs-available-language-link qtranxs-available-language-link-es" title="ES">ES</a>.</p><p><strong>La FCM y Fred. Olsen Express firman un convenio de colaboración con motivo del centenario de César Manrique.</strong></p>
<p>La Fundación César Manrique (FCM) y la naviera Fred. Olsen Express han firmado un acuerdo de colaboración con el objetivo de difundir la figura y la obra de César Manrique en el marco del centenario de su nacimiento, que se conmemora entre el 24 de abril de 2019 y el 24 de abril de 2020.</p>
<p>En base a este convenio, Fred. Olsen Express se convierte en la naviera oficial del centenario organizado por la FCM con la puesta en marcha de cerca de una decena de actuaciones. Entre ellas destaca la aplicación en la proa de sus buques que operan en Lanzarote, el&nbsp;<em>Bonanza Express</em>&nbsp;y el&nbsp;<em>Bocayna Express</em>, del símbolo que representa a la Fundación al que se le ha añadido la firma del artista y el distintivo 100, que marca esta efemérides.</p>
<p>&nbsp;</p>
<p><a href="https://fcmanrique.org/wp-content/uploads/fc-manrique-convenio-fred-olsen-2.jpg"><img loading="lazy" decoding="async" class="alignnone size-full wp-image-18185" src="https://fcmanrique.org/wp-content/uploads/fc-manrique-convenio-fred-olsen-2.jpg" alt="" width="800" height="571" srcset="https://fcmanrique.org/wp-content/uploads/fc-manrique-convenio-fred-olsen-2.jpg 800w, https://fcmanrique.org/wp-content/uploads/fc-manrique-convenio-fred-olsen-2-300x214.jpg 300w, https://fcmanrique.org/wp-content/uploads/fc-manrique-convenio-fred-olsen-2-768x548.jpg 768w, https://fcmanrique.org/wp-content/uploads/fc-manrique-convenio-fred-olsen-2-289x206.jpg 289w" sizes="auto, (max-width: 800px) 100vw, 800px" /></a></p>
<p>Además, en ambos barcos se desarrollarán diferentes acciones conmemorativas como el decorado de sus interiores, gracias a la cesión de la Institución, con reproducciones de los pescados de la serie Fauna Atlántica que pintó el artista entre 1984 y 1985.</p>
<p>Gracias a este acuerdo, los pasajeros de la compañía también podrán tomarse un aperitivo en el bar “César Manrique” ubicado en el&nbsp;<em>Bonanza Express</em>, a la vez que visionan en las pantallas de a bordo vídeos que difunden el pensamiento, la obra y, en definitiva, la figura de uno de los artistas canarios más influyentes del siglo XX.</p>
<p>Por otra parte,&nbsp; Fred. Olsen Express creará un córner dentro de sus barcos con los productos que la Fundación, que custodia el legado del artista, ha creado especialmente para esta celebración. Así mismo, los miembros de la tripulación portarán un pin conmemorativo de la efeméride en su uniforme.</p>
<p>Otra de las acciones que llevarán a cabo conjuntamente la FCM y la compañía de transporte marítimo será una exposición compuesta por una serie de imágenes de la obra plástica y paisajística de César Manrique.</p>
<p><a href="https://fcmanrique.org/wp-content/uploads/fc-manrique-convenio-fred-olsen-1.jpg"><img loading="lazy" decoding="async" class="alignnone size-full wp-image-18184" src="https://fcmanrique.org/wp-content/uploads/fc-manrique-convenio-fred-olsen-1.jpg" alt="" width="800" height="536" srcset="https://fcmanrique.org/wp-content/uploads/fc-manrique-convenio-fred-olsen-1.jpg 800w, https://fcmanrique.org/wp-content/uploads/fc-manrique-convenio-fred-olsen-1-300x201.jpg 300w, https://fcmanrique.org/wp-content/uploads/fc-manrique-convenio-fred-olsen-1-768x515.jpg 768w, https://fcmanrique.org/wp-content/uploads/fc-manrique-convenio-fred-olsen-1-289x194.jpg 289w" sizes="auto, (max-width: 800px) 100vw, 800px" /></a></p>
<p>Dentro del marco de este acuerdo, además de difundir el centenario, Fred. Olsen Express pretende colaborar con la logística necesaria por parte de la Fundación, así como favorecer los desplazamientos entre las islas para facilitar que los habitantes del Archipiélago puedan formar parte y vivir en primera persona un año tan especial.</p>
<p>En la firma de este acuerdo, que tuvo lugar en la sede de la Fundación, estuvieron presentes el presidente de la misma, José Juan Ramírez, su director Fernando Gómez Aguilera, así como Juan Ignacio Liaño, director de flota de la naviera, Lorenzo Spinelli, jefe del departamento comercial, y Marina González, jefa de marketing.</p>

<p>Sorry, this entry is only available in ES.La FCM y Fred. Olsen Express firman un convenio de colaboración con motivo del centenario de César Manrique. La Fundación César Manrique (FCM) y la naviera Fred. Olsen Express han firmado un acuerdo de colaboración con el objetivo de difundir la figura y la obra de César Manrique&#8230; <a href="https://fcmanrique.org/en/fcm-c-ev-relac/la-fcm-y-fred-olsen-express-colaboran-en-el-centenario/" class="readmore">Continúa leyendo →</a></p>
