{"id":18615,"date":"2019-04-22T14:45:38","date_gmt":"2019-04-22T14:45:38","guid":{"rendered":"https:\/\/fcmanrique.org\/?post_type=fcm_c_ev_relac&#038;p=18615"},"modified":"2019-04-26T11:29:05","modified_gmt":"2019-04-26T11:29:05","slug":"el-pais-cultura-cesar-manrique-cien-anos-de-un-visionario","status":"publish","type":"fcm_c_ev_relac","link":"https:\/\/fcmanrique.org\/en\/fcm-c-ev-relac\/el-pais-cultura-cesar-manrique-cien-anos-de-un-visionario\/","title":{"rendered":"El Pa\u00eds\/Cultura &#8220;C\u00e9sar Manrique: cien a\u00f1os de un visionario&#8221;"},"content":{"rendered":"<p class=\"qtranxs-available-languages-message qtranxs-available-languages-message-en\">Sorry, this entry is only available in <a href=\"https:\/\/fcmanrique.org\/es\/wp-json\/wp\/v2\/fcm_c_ev_relac\/18615\" class=\"qtranxs-available-language-link qtranxs-available-language-link-es\" title=\"ES\">ES<\/a>.<\/p><p>El diario <em>El Pa\u00eds<\/em> publica un art\u00edculo escrito por el periodista, escritor y editor Juan Cruz en la secci\u00f3n de Cultura del 22 de abril.<\/p>\n<p class=\"articulo-subtitulo\"><em>Se cumple un siglo del nacimiento de un creador polifac\u00e9tico, que transform\u00f3 para siempre la isla de Lanzarote con sus intervenciones art\u00edsticas y su lucha contra la depredaci\u00f3n tur\u00edstica<\/em><\/p>\n<p>Leer el art\u00edculo completo: <a href=\"https:\/\/elpais.com\/cultura\/2019\/04\/21\/actualidad\/1555869119_508045.html\" target=\"_blank\" rel=\"noopener noreferrer\">https:\/\/elpais.com\/cultura\/2019\/04\/21\/actualidad\/1555869119_508045.html<\/a><\/p>","protected":false},"excerpt":{"rendered":"<p>Sorry, this entry is only available in ES.El diario El Pa\u00eds publica un art\u00edculo escrito por el periodista, escritor y editor Juan Cruz en la secci\u00f3n de Cultura del 22 de abril. Se cumple un siglo del nacimiento de un creador polifac\u00e9tico, que transform\u00f3 para siempre la isla de Lanzarote con sus intervenciones art\u00edsticas y&#8230; <a href=\"https:\/\/fcmanrique.org\/en\/fcm-c-ev-relac\/el-pais-cultura-cesar-manrique-cien-anos-de-un-visionario\/\" class=\"readmore\">Contin\u00faa leyendo \u2192<\/a><\/p>\n","protected":false},"featured_media":18619,"parent":0,"template":"","meta":{"_acf_changed":false,"ngg_post_thumbnail":0,"footnotes":""},"class_list":["post-18615","fcm_c_ev_relac","type-fcm_c_ev_relac","status-publish","has-post-thumbnail","hentry","c_ev_relac_categoria-prensa-nacional"],"acf":[],"_links":{"self":[{"href":"https:\/\/fcmanrique.org\/en\/wp-json\/wp\/v2\/fcm_c_ev_relac\/18615","targetHints":{"allow":["GET"]}}],"collection":[{"href":"https:\/\/fcmanrique.org\/en\/wp-json\/wp\/v2\/fcm_c_ev_relac"}],"about":[{"href":"https:\/\/fcmanrique.org\/en\/wp-json\/wp\/v2\/types\/fcm_c_ev_relac"}],"version-history":[{"count":2,"href":"https:\/\/fcmanrique.org\/en\/wp-json\/wp\/v2\/fcm_c_ev_relac\/18615\/revisions"}],"predecessor-version":[{"id":18712,"href":"https:\/\/fcmanrique.org\/en\/wp-json\/wp\/v2\/fcm_c_ev_relac\/18615\/revisions\/18712"}],"wp:featuredmedia":[{"embeddable":true,"href":"https:\/\/fcmanrique.org\/en\/wp-json\/wp\/v2\/media\/18619"}],"wp:attachment":[{"href":"https:\/\/fcmanrique.org\/en\/wp-json\/wp\/v2\/media?parent=18615"}],"curies":[{"name":"wp","href":"https:\/\/api.w.org\/{rel}","templated":true}]}}

El País/Cultura &#8220;César Manrique: cien años de un visionario&#8221;

<p class="qtranxs-available-languages-message qtranxs-available-languages-message-en">Sorry, this entry is only available in <a href="https://fcmanrique.org/es/wp-json/wp/v2/fcm_c_ev_relac/18615" class="qtranxs-available-language-link qtranxs-available-language-link-es" title="ES">ES</a>.</p><p>El diario <em>El País</em> publica un artículo escrito por el periodista, escritor y editor Juan Cruz en la sección de Cultura del 22 de abril.</p>
<p class="articulo-subtitulo"><em>Se cumple un siglo del nacimiento de un creador polifacético, que transformó para siempre la isla de Lanzarote con sus intervenciones artísticas y su lucha contra la depredación turística</em></p>
<p>Leer el artículo completo: <a href="https://elpais.com/cultura/2019/04/21/actualidad/1555869119_508045.html" target="_blank" rel="noopener noreferrer">https://elpais.com/cultura/2019/04/21/actualidad/1555869119_508045.html</a></p>

<p>Sorry, this entry is only available in ES.El diario El País publica un artículo escrito por el periodista, escritor y editor Juan Cruz en la sección de Cultura del 22 de abril. Se cumple un siglo del nacimiento de un creador polifacético, que transformó para siempre la isla de Lanzarote con sus intervenciones artísticas y&#8230; <a href="https://fcmanrique.org/en/fcm-c-ev-relac/el-pais-cultura-cesar-manrique-cien-anos-de-un-visionario/" class="readmore">Continúa leyendo →</a></p>
