{"id":18948,"date":"2019-05-09T16:37:15","date_gmt":"2019-05-09T16:37:15","guid":{"rendered":"https:\/\/fcmanrique.org\/?post_type=fcm_c_ev_relac&#038;p=18948"},"modified":"2019-05-22T13:18:17","modified_gmt":"2019-05-22T13:18:17","slug":"fcm-y-bodegas-el-grifo-presentan-el-vino-malvasia-de-cesar","status":"publish","type":"fcm_c_ev_relac","link":"https:\/\/fcmanrique.org\/en\/fcm-c-ev-relac\/fcm-y-bodegas-el-grifo-presentan-el-vino-malvasia-de-cesar\/","title":{"rendered":"La FCM y Bodegas El Grifo presentan el vino &#8220;Malvas\u00eda de C\u00e9sar&#8221;"},"content":{"rendered":"<p class=\"qtranxs-available-languages-message qtranxs-available-languages-message-en\">Sorry, this entry is only available in <a href=\"https:\/\/fcmanrique.org\/es\/wp-json\/wp\/v2\/fcm_c_ev_relac\/18948\" class=\"qtranxs-available-language-link qtranxs-available-language-link-es\" title=\"ES\">ES<\/a>.<\/p><p>La Fundaci\u00f3n C\u00e9sar Manrique (FCM) y Bodegas EL GRIFO presentaron a los medios de comunicaci\u00f3n el martes, 7 de mayo, a las 11:30 horas, en la sede de la FCM, en Taro de Tah\u00edche, el fruto de su acuerdo de colaboraci\u00f3n con motivo del centenario del nacimiento de C\u00e9sar Manrique: la edici\u00f3n especial del vino &#8220;Malvas\u00eda de C\u00e9sar&#8221;.<\/p>\n<p><a href=\"https:\/\/fcmanrique.org\/wp-content\/uploads\/fc-manrique-presentacion-el-grifo4.jpg\"><img loading=\"lazy\" decoding=\"async\" class=\"alignnone size-full wp-image-18950\" src=\"https:\/\/fcmanrique.org\/wp-content\/uploads\/fc-manrique-presentacion-el-grifo4.jpg\" alt=\"\" width=\"920\" height=\"617\" srcset=\"https:\/\/fcmanrique.org\/wp-content\/uploads\/fc-manrique-presentacion-el-grifo4.jpg 920w, https:\/\/fcmanrique.org\/wp-content\/uploads\/fc-manrique-presentacion-el-grifo4-300x201.jpg 300w, https:\/\/fcmanrique.org\/wp-content\/uploads\/fc-manrique-presentacion-el-grifo4-768x515.jpg 768w, https:\/\/fcmanrique.org\/wp-content\/uploads\/fc-manrique-presentacion-el-grifo4-289x194.jpg 289w\" sizes=\"auto, (max-width: 920px) 100vw, 920px\" \/><\/a><\/p>\n<p>Al acto de presentaci\u00f3n asistieron el presidente y el director de la FCM, Jos\u00e9 Juan Ram\u00edrez y Fernando G\u00f3mez Aguilera, junto a Juan Jos\u00e9 y \u00a0Ferm\u00edn Otamendi, propietarios de EL GRIFO. Asimismo un representante de la vidriera Owen- Illinoys explic\u00f3 c\u00f3mo se ha realizado la serigraf\u00eda sobre el cristal de la botella del fragmento del mural <em>Lanzarote<\/em>, que el artista realiz\u00f3 en 1953 para la antigua terminal del Aeropuerto.<\/p>\n<p>La FCM y EL GRIFO han acordado el lanzamiento de una serie limitada de 14.000 botellas numeradas. El vino embotellado es un blanco seco de guarda, 100% Malvas\u00eda Volc\u00e1nica, cosecha 2017, criado sobre l\u00edas durante m\u00e1s de un a\u00f1o. El dise\u00f1o personalizado, ha sido coordinado por JUVASA y resulta muy especial, convirtiendo el envase en un objeto coleccionable.<\/p>\n<p><a href=\"https:\/\/fcmanrique.org\/wp-content\/uploads\/fc-manrique-presentacion-el-grifo3.jpg\"><img loading=\"lazy\" decoding=\"async\" class=\"alignnone size-full wp-image-18951\" src=\"https:\/\/fcmanrique.org\/wp-content\/uploads\/fc-manrique-presentacion-el-grifo3.jpg\" alt=\"\" width=\"920\" height=\"655\" srcset=\"https:\/\/fcmanrique.org\/wp-content\/uploads\/fc-manrique-presentacion-el-grifo3.jpg 920w, https:\/\/fcmanrique.org\/wp-content\/uploads\/fc-manrique-presentacion-el-grifo3-300x214.jpg 300w, https:\/\/fcmanrique.org\/wp-content\/uploads\/fc-manrique-presentacion-el-grifo3-768x547.jpg 768w, https:\/\/fcmanrique.org\/wp-content\/uploads\/fc-manrique-presentacion-el-grifo3-289x206.jpg 289w\" sizes=\"auto, (max-width: 920px) 100vw, 920px\" \/><\/a><\/p>\n<p><a href=\"https:\/\/fcmanrique.org\/wp-content\/uploads\/fc-manrique-presentacion-el-grifo5.jpg\"><img loading=\"lazy\" decoding=\"async\" class=\"alignnone size-full wp-image-18952\" src=\"https:\/\/fcmanrique.org\/wp-content\/uploads\/fc-manrique-presentacion-el-grifo5.jpg\" alt=\"\" width=\"920\" height=\"635\" srcset=\"https:\/\/fcmanrique.org\/wp-content\/uploads\/fc-manrique-presentacion-el-grifo5.jpg 920w, https:\/\/fcmanrique.org\/wp-content\/uploads\/fc-manrique-presentacion-el-grifo5-300x207.jpg 300w, https:\/\/fcmanrique.org\/wp-content\/uploads\/fc-manrique-presentacion-el-grifo5-768x530.jpg 768w, https:\/\/fcmanrique.org\/wp-content\/uploads\/fc-manrique-presentacion-el-grifo5-289x199.jpg 289w\" sizes=\"auto, (max-width: 920px) 100vw, 920px\" \/><\/a><\/p>","protected":false},"excerpt":{"rendered":"<p>Sorry, this entry is only available in ES.La Fundaci\u00f3n C\u00e9sar Manrique (FCM) y Bodegas EL GRIFO presentaron a los medios de comunicaci\u00f3n el martes, 7 de mayo, a las 11:30 horas, en la sede de la FCM, en Taro de Tah\u00edche, el fruto de su acuerdo de colaboraci\u00f3n con motivo del centenario del nacimiento de&#8230; <a href=\"https:\/\/fcmanrique.org\/en\/fcm-c-ev-relac\/fcm-y-bodegas-el-grifo-presentan-el-vino-malvasia-de-cesar\/\" class=\"readmore\">Contin\u00faa leyendo \u2192<\/a><\/p>\n","protected":false},"featured_media":18949,"parent":0,"template":"","meta":{"_acf_changed":false,"ngg_post_thumbnail":0,"footnotes":""},"class_list":["post-18948","fcm_c_ev_relac","type-fcm_c_ev_relac","status-publish","has-post-thumbnail","hentry","c_ev_relac_categoria-presentacion"],"acf":[],"_links":{"self":[{"href":"https:\/\/fcmanrique.org\/en\/wp-json\/wp\/v2\/fcm_c_ev_relac\/18948","targetHints":{"allow":["GET"]}}],"collection":[{"href":"https:\/\/fcmanrique.org\/en\/wp-json\/wp\/v2\/fcm_c_ev_relac"}],"about":[{"href":"https:\/\/fcmanrique.org\/en\/wp-json\/wp\/v2\/types\/fcm_c_ev_relac"}],"version-history":[{"count":3,"href":"https:\/\/fcmanrique.org\/en\/wp-json\/wp\/v2\/fcm_c_ev_relac\/18948\/revisions"}],"predecessor-version":[{"id":19156,"href":"https:\/\/fcmanrique.org\/en\/wp-json\/wp\/v2\/fcm_c_ev_relac\/18948\/revisions\/19156"}],"wp:featuredmedia":[{"embeddable":true,"href":"https:\/\/fcmanrique.org\/en\/wp-json\/wp\/v2\/media\/18949"}],"wp:attachment":[{"href":"https:\/\/fcmanrique.org\/en\/wp-json\/wp\/v2\/media?parent=18948"}],"curies":[{"name":"wp","href":"https:\/\/api.w.org\/{rel}","templated":true}]}}

La FCM y Bodegas El Grifo presentan el vino &#8220;Malvasía de César&#8221;

<p class="qtranxs-available-languages-message qtranxs-available-languages-message-en">Sorry, this entry is only available in <a href="https://fcmanrique.org/es/wp-json/wp/v2/fcm_c_ev_relac/18948" class="qtranxs-available-language-link qtranxs-available-language-link-es" title="ES">ES</a>.</p><p>La Fundación César Manrique (FCM) y Bodegas EL GRIFO presentaron a los medios de comunicación el martes, 7 de mayo, a las 11:30 horas, en la sede de la FCM, en Taro de Tahíche, el fruto de su acuerdo de colaboración con motivo del centenario del nacimiento de César Manrique: la edición especial del vino &#8220;Malvasía de César&#8221;.</p>
<p><a href="https://fcmanrique.org/wp-content/uploads/fc-manrique-presentacion-el-grifo4.jpg"><img loading="lazy" decoding="async" class="alignnone size-full wp-image-18950" src="https://fcmanrique.org/wp-content/uploads/fc-manrique-presentacion-el-grifo4.jpg" alt="" width="920" height="617" srcset="https://fcmanrique.org/wp-content/uploads/fc-manrique-presentacion-el-grifo4.jpg 920w, https://fcmanrique.org/wp-content/uploads/fc-manrique-presentacion-el-grifo4-300x201.jpg 300w, https://fcmanrique.org/wp-content/uploads/fc-manrique-presentacion-el-grifo4-768x515.jpg 768w, https://fcmanrique.org/wp-content/uploads/fc-manrique-presentacion-el-grifo4-289x194.jpg 289w" sizes="auto, (max-width: 920px) 100vw, 920px" /></a></p>
<p>Al acto de presentación asistieron el presidente y el director de la FCM, José Juan Ramírez y Fernando Gómez Aguilera, junto a Juan José y  Fermín Otamendi, propietarios de EL GRIFO. Asimismo un representante de la vidriera Owen- Illinoys explicó cómo se ha realizado la serigrafía sobre el cristal de la botella del fragmento del mural <em>Lanzarote</em>, que el artista realizó en 1953 para la antigua terminal del Aeropuerto.</p>
<p>La FCM y EL GRIFO han acordado el lanzamiento de una serie limitada de 14.000 botellas numeradas. El vino embotellado es un blanco seco de guarda, 100% Malvasía Volcánica, cosecha 2017, criado sobre lías durante más de un año. El diseño personalizado, ha sido coordinado por JUVASA y resulta muy especial, convirtiendo el envase en un objeto coleccionable.</p>
<p><a href="https://fcmanrique.org/wp-content/uploads/fc-manrique-presentacion-el-grifo3.jpg"><img loading="lazy" decoding="async" class="alignnone size-full wp-image-18951" src="https://fcmanrique.org/wp-content/uploads/fc-manrique-presentacion-el-grifo3.jpg" alt="" width="920" height="655" srcset="https://fcmanrique.org/wp-content/uploads/fc-manrique-presentacion-el-grifo3.jpg 920w, https://fcmanrique.org/wp-content/uploads/fc-manrique-presentacion-el-grifo3-300x214.jpg 300w, https://fcmanrique.org/wp-content/uploads/fc-manrique-presentacion-el-grifo3-768x547.jpg 768w, https://fcmanrique.org/wp-content/uploads/fc-manrique-presentacion-el-grifo3-289x206.jpg 289w" sizes="auto, (max-width: 920px) 100vw, 920px" /></a></p>
<p><a href="https://fcmanrique.org/wp-content/uploads/fc-manrique-presentacion-el-grifo5.jpg"><img loading="lazy" decoding="async" class="alignnone size-full wp-image-18952" src="https://fcmanrique.org/wp-content/uploads/fc-manrique-presentacion-el-grifo5.jpg" alt="" width="920" height="635" srcset="https://fcmanrique.org/wp-content/uploads/fc-manrique-presentacion-el-grifo5.jpg 920w, https://fcmanrique.org/wp-content/uploads/fc-manrique-presentacion-el-grifo5-300x207.jpg 300w, https://fcmanrique.org/wp-content/uploads/fc-manrique-presentacion-el-grifo5-768x530.jpg 768w, https://fcmanrique.org/wp-content/uploads/fc-manrique-presentacion-el-grifo5-289x199.jpg 289w" sizes="auto, (max-width: 920px) 100vw, 920px" /></a></p>

<p>Sorry, this entry is only available in ES.La Fundación César Manrique (FCM) y Bodegas EL GRIFO presentaron a los medios de comunicación el martes, 7 de mayo, a las 11:30 horas, en la sede de la FCM, en Taro de Tahíche, el fruto de su acuerdo de colaboración con motivo del centenario del nacimiento de&#8230; <a href="https://fcmanrique.org/en/fcm-c-ev-relac/fcm-y-bodegas-el-grifo-presentan-el-vino-malvasia-de-cesar/" class="readmore">Continúa leyendo →</a></p>
