{"id":19435,"date":"2019-06-03T12:40:59","date_gmt":"2019-06-03T12:40:59","guid":{"rendered":"https:\/\/fcmanrique.org\/?post_type=fcm_c_ev_relac&#038;p=19435"},"modified":"2019-06-03T13:15:38","modified_gmt":"2019-06-03T13:15:38","slug":"ficmec-garachico","status":"publish","type":"fcm_c_ev_relac","link":"https:\/\/fcmanrique.org\/en\/fcm-c-ev-relac\/ficmec-garachico\/","title":{"rendered":"&#8221;Pintando con C\u00e9sar: pr\u00e1ctica de pensamiento visual&#8221;"},"content":{"rendered":"<p class=\"qtranxs-available-languages-message qtranxs-available-languages-message-en\">Sorry, this entry is only available in <a href=\"https:\/\/fcmanrique.org\/es\/wp-json\/wp\/v2\/fcm_c_ev_relac\/19435\" class=\"qtranxs-available-language-link qtranxs-available-language-link-es\" title=\"ES\">ES<\/a>.<\/p><p>Taller escolar celebrado con motivo del Festival de Cine Medioambiental de Canarias (FICMEC) 2019.<\/p>\n<p>Los pasados d\u00edas 27 y 28 de mayo se llevaron a cabo en Garachico (Tenerife) diversos talleres con alumnos de distintos centros de la isla.<\/p>\n<p>Mediante las Estrategias de Pensamiento Visual (VTS) se utilizaron dos ejemplos de pinturas realizadas por C\u00e9sar Manrique, (una figurativa y otra abstracta) como medio para ense\u00f1ar al alumnado a iniciarse en la percepci\u00f3n visual.<\/p>\n<p>Se trabajaron la capacidad de observar y expresar lo que creen que est\u00e1 sucediendo en la representaci\u00f3n pl\u00e1stica con el fin de lograr que el alumno sea finalmente \u201cc\u00f3mplice\u201d de lo que est\u00e1 observando.<\/p>\n<p><strong>Jornada del\u00a0<u>LUNES 27 MAYO<\/u><\/strong>:<\/p>\n<p>MA\u00d1ANA: Taller &#8216;Pintando con C\u00e9sar&#8217;.<\/p>\n<p>TARDE: Visita guiada para alumnos de secundaria a la exposici\u00f3n titulada <em>C\u00e9sar Manrique.<\/em><\/p>\n<p><strong>Jornada del <u>MARTES 28 MAYO:<\/u><\/strong><\/p>\n<p>MA\u00d1ANA: Propuesta de dos sesiones del taller &#8216;Pintando con C\u00e9sar&#8217;\u00a0con el alumnado de primaria.<\/p>\n<p><a href=\"https:\/\/fcmanrique.org\/wp-content\/uploads\/fc-manrique-ficmec-garachico1.jpg\"><img loading=\"lazy\" decoding=\"async\" class=\"alignnone size-full wp-image-19437\" src=\"https:\/\/fcmanrique.org\/wp-content\/uploads\/fc-manrique-ficmec-garachico1.jpg\" alt=\"\" width=\"920\" height=\"690\" srcset=\"https:\/\/fcmanrique.org\/wp-content\/uploads\/fc-manrique-ficmec-garachico1.jpg 920w, https:\/\/fcmanrique.org\/wp-content\/uploads\/fc-manrique-ficmec-garachico1-300x225.jpg 300w, https:\/\/fcmanrique.org\/wp-content\/uploads\/fc-manrique-ficmec-garachico1-768x576.jpg 768w, https:\/\/fcmanrique.org\/wp-content\/uploads\/fc-manrique-ficmec-garachico1-289x217.jpg 289w\" sizes=\"auto, (max-width: 920px) 100vw, 920px\" \/><\/a><\/p>","protected":false},"excerpt":{"rendered":"<p>Sorry, this entry is only available in ES.Taller escolar celebrado con motivo del Festival de Cine Medioambiental de Canarias (FICMEC) 2019. Los pasados d\u00edas 27 y 28 de mayo se llevaron a cabo en Garachico (Tenerife) diversos talleres con alumnos de distintos centros de la isla. Mediante las Estrategias de Pensamiento Visual (VTS) se utilizaron&#8230; <a href=\"https:\/\/fcmanrique.org\/en\/fcm-c-ev-relac\/ficmec-garachico\/\" class=\"readmore\">Contin\u00faa leyendo \u2192<\/a><\/p>\n","protected":false},"featured_media":19436,"parent":0,"template":"","meta":{"_acf_changed":false,"ngg_post_thumbnail":0,"footnotes":""},"class_list":["post-19435","fcm_c_ev_relac","type-fcm_c_ev_relac","status-publish","has-post-thumbnail","hentry","c_ev_relac_categoria-taller"],"acf":[],"_links":{"self":[{"href":"https:\/\/fcmanrique.org\/en\/wp-json\/wp\/v2\/fcm_c_ev_relac\/19435","targetHints":{"allow":["GET"]}}],"collection":[{"href":"https:\/\/fcmanrique.org\/en\/wp-json\/wp\/v2\/fcm_c_ev_relac"}],"about":[{"href":"https:\/\/fcmanrique.org\/en\/wp-json\/wp\/v2\/types\/fcm_c_ev_relac"}],"version-history":[{"count":5,"href":"https:\/\/fcmanrique.org\/en\/wp-json\/wp\/v2\/fcm_c_ev_relac\/19435\/revisions"}],"predecessor-version":[{"id":19472,"href":"https:\/\/fcmanrique.org\/en\/wp-json\/wp\/v2\/fcm_c_ev_relac\/19435\/revisions\/19472"}],"wp:featuredmedia":[{"embeddable":true,"href":"https:\/\/fcmanrique.org\/en\/wp-json\/wp\/v2\/media\/19436"}],"wp:attachment":[{"href":"https:\/\/fcmanrique.org\/en\/wp-json\/wp\/v2\/media?parent=19435"}],"curies":[{"name":"wp","href":"https:\/\/api.w.org\/{rel}","templated":true}]}}

&#8221;Pintando con César: práctica de pensamiento visual&#8221;

<p class="qtranxs-available-languages-message qtranxs-available-languages-message-en">Sorry, this entry is only available in <a href="https://fcmanrique.org/es/wp-json/wp/v2/fcm_c_ev_relac/19435" class="qtranxs-available-language-link qtranxs-available-language-link-es" title="ES">ES</a>.</p><p>Taller escolar celebrado con motivo del Festival de Cine Medioambiental de Canarias (FICMEC) 2019.</p>
<p>Los pasados días 27 y 28 de mayo se llevaron a cabo en Garachico (Tenerife) diversos talleres con alumnos de distintos centros de la isla.</p>
<p>Mediante las Estrategias de Pensamiento Visual (VTS) se utilizaron dos ejemplos de pinturas realizadas por César Manrique, (una figurativa y otra abstracta) como medio para enseñar al alumnado a iniciarse en la percepción visual.</p>
<p>Se trabajaron la capacidad de observar y expresar lo que creen que está sucediendo en la representación plástica con el fin de lograr que el alumno sea finalmente “cómplice” de lo que está observando.</p>
<p><strong>Jornada del <u>LUNES 27 MAYO</u></strong>:</p>
<p>MAÑANA: Taller &#8216;Pintando con César&#8217;.</p>
<p>TARDE: Visita guiada para alumnos de secundaria a la exposición titulada <em>César Manrique.</em></p>
<p><strong>Jornada del <u>MARTES 28 MAYO:</u></strong></p>
<p>MAÑANA: Propuesta de dos sesiones del taller &#8216;Pintando con César&#8217; con el alumnado de primaria.</p>
<p><a href="https://fcmanrique.org/wp-content/uploads/fc-manrique-ficmec-garachico1.jpg"><img loading="lazy" decoding="async" class="alignnone size-full wp-image-19437" src="https://fcmanrique.org/wp-content/uploads/fc-manrique-ficmec-garachico1.jpg" alt="" width="920" height="690" srcset="https://fcmanrique.org/wp-content/uploads/fc-manrique-ficmec-garachico1.jpg 920w, https://fcmanrique.org/wp-content/uploads/fc-manrique-ficmec-garachico1-300x225.jpg 300w, https://fcmanrique.org/wp-content/uploads/fc-manrique-ficmec-garachico1-768x576.jpg 768w, https://fcmanrique.org/wp-content/uploads/fc-manrique-ficmec-garachico1-289x217.jpg 289w" sizes="auto, (max-width: 920px) 100vw, 920px" /></a></p>

<p>Sorry, this entry is only available in ES.Taller escolar celebrado con motivo del Festival de Cine Medioambiental de Canarias (FICMEC) 2019. Los pasados días 27 y 28 de mayo se llevaron a cabo en Garachico (Tenerife) diversos talleres con alumnos de distintos centros de la isla. Mediante las Estrategias de Pensamiento Visual (VTS) se utilizaron&#8230; <a href="https://fcmanrique.org/en/fcm-c-ev-relac/ficmec-garachico/" class="readmore">Continúa leyendo →</a></p>
