{"id":21117,"date":"2019-11-22T14:29:56","date_gmt":"2019-11-22T14:29:56","guid":{"rendered":"https:\/\/fcmanrique.org\/?post_type=fcm_c_ev_relac&#038;p=21117"},"modified":"2019-11-22T15:34:35","modified_gmt":"2019-11-22T15:34:35","slug":"presentacion-camiseta-marathon","status":"publish","type":"fcm_c_ev_relac","link":"https:\/\/fcmanrique.org\/en\/fcm-c-ev-relac\/presentacion-camiseta-marathon\/","title":{"rendered":"La FCM acoge la presentaci\u00f3n de la camiseta de la Font Vella Lanzarote International Marathon"},"content":{"rendered":"<p class=\"qtranxs-available-languages-message qtranxs-available-languages-message-en\">Sorry, this entry is only available in <a href=\"https:\/\/fcmanrique.org\/es\/wp-json\/wp\/v2\/fcm_c_ev_relac\/21117\" class=\"qtranxs-available-language-link qtranxs-available-language-link-es\" title=\"ES\">ES<\/a>.<\/p><p>El pasado viernes 22 de noviembre, se present\u00f3 en las instalaciones de la Fundaci\u00f3n C\u00e9sar Manrique la nueva camiseta que llevar\u00e1n los participantes de la Font Vella International Marathon.<\/p>\n<p>En esta edici\u00f3n, los organizadores han querido rendir homenaje a C\u00e9sar Manrique en el a\u00f1o del centenario de su nacimiento. En la presentaci\u00f3n estuvieron presentes Fernando G\u00f3mez Aguilera, director de la FCM y Juan Carlos Albuixech, director de la Font Vella International Marathon.<\/p>\n<p><a href=\"https:\/\/fcmanrique.org\/wp-content\/uploads\/fc-manrique-presentacion-camiseta-marathon3.jpg\"><img loading=\"lazy\" decoding=\"async\" class=\"alignnone size-full wp-image-21120\" src=\"https:\/\/fcmanrique.org\/wp-content\/uploads\/fc-manrique-presentacion-camiseta-marathon3.jpg\" alt=\"\" width=\"920\" height=\"690\" srcset=\"https:\/\/fcmanrique.org\/wp-content\/uploads\/fc-manrique-presentacion-camiseta-marathon3.jpg 920w, https:\/\/fcmanrique.org\/wp-content\/uploads\/fc-manrique-presentacion-camiseta-marathon3-300x225.jpg 300w, https:\/\/fcmanrique.org\/wp-content\/uploads\/fc-manrique-presentacion-camiseta-marathon3-768x576.jpg 768w, https:\/\/fcmanrique.org\/wp-content\/uploads\/fc-manrique-presentacion-camiseta-marathon3-289x217.jpg 289w\" sizes=\"auto, (max-width: 920px) 100vw, 920px\" \/><\/a><\/p>\n<p>Fernando G\u00f3mez Aguilera destac\u00f3 que &#8221;para la Fundaci\u00f3n C\u00e9sar Manrique es de agradecer que la organizaci\u00f3n haya querido tomar como motivo una obra de C\u00e9sar y que ha tenido una aplicaci\u00f3n espectacular hecha con mucho gusto&#8221;.<\/p>\n<p>Por su parte, Juan Carlos Albuixech agradeci\u00f3 &#8221;la buena predisposici\u00f3n que tuvo la FCM desde el primer momento y su hospitalidad a la hora de organizar este acto conjuntamente&#8221;.<\/p>\n<p><a href=\"https:\/\/fcmanrique.org\/wp-content\/uploads\/fc-manrique-presentacion-camiseta-marathon1.jpg\"><img loading=\"lazy\" decoding=\"async\" class=\"alignnone size-full wp-image-21121\" src=\"https:\/\/fcmanrique.org\/wp-content\/uploads\/fc-manrique-presentacion-camiseta-marathon1.jpg\" alt=\"\" width=\"920\" height=\"690\" srcset=\"https:\/\/fcmanrique.org\/wp-content\/uploads\/fc-manrique-presentacion-camiseta-marathon1.jpg 920w, https:\/\/fcmanrique.org\/wp-content\/uploads\/fc-manrique-presentacion-camiseta-marathon1-300x225.jpg 300w, https:\/\/fcmanrique.org\/wp-content\/uploads\/fc-manrique-presentacion-camiseta-marathon1-768x576.jpg 768w, https:\/\/fcmanrique.org\/wp-content\/uploads\/fc-manrique-presentacion-camiseta-marathon1-289x217.jpg 289w\" sizes=\"auto, (max-width: 920px) 100vw, 920px\" \/><\/a><\/p>","protected":false},"excerpt":{"rendered":"<p>Sorry, this entry is only available in ES.El pasado viernes 22 de noviembre, se present\u00f3 en las instalaciones de la Fundaci\u00f3n C\u00e9sar Manrique la nueva camiseta que llevar\u00e1n los participantes de la Font Vella International Marathon. En esta edici\u00f3n, los organizadores han querido rendir homenaje a C\u00e9sar Manrique en el a\u00f1o del centenario de su&#8230; <a href=\"https:\/\/fcmanrique.org\/en\/fcm-c-ev-relac\/presentacion-camiseta-marathon\/\" class=\"readmore\">Contin\u00faa leyendo \u2192<\/a><\/p>\n","protected":false},"featured_media":21122,"parent":0,"template":"","meta":{"_acf_changed":false,"ngg_post_thumbnail":0,"footnotes":""},"class_list":["post-21117","fcm_c_ev_relac","type-fcm_c_ev_relac","status-publish","has-post-thumbnail","hentry","c_ev_relac_categoria-presentacion"],"acf":[],"_links":{"self":[{"href":"https:\/\/fcmanrique.org\/en\/wp-json\/wp\/v2\/fcm_c_ev_relac\/21117","targetHints":{"allow":["GET"]}}],"collection":[{"href":"https:\/\/fcmanrique.org\/en\/wp-json\/wp\/v2\/fcm_c_ev_relac"}],"about":[{"href":"https:\/\/fcmanrique.org\/en\/wp-json\/wp\/v2\/types\/fcm_c_ev_relac"}],"version-history":[{"count":5,"href":"https:\/\/fcmanrique.org\/en\/wp-json\/wp\/v2\/fcm_c_ev_relac\/21117\/revisions"}],"predecessor-version":[{"id":21140,"href":"https:\/\/fcmanrique.org\/en\/wp-json\/wp\/v2\/fcm_c_ev_relac\/21117\/revisions\/21140"}],"wp:featuredmedia":[{"embeddable":true,"href":"https:\/\/fcmanrique.org\/en\/wp-json\/wp\/v2\/media\/21122"}],"wp:attachment":[{"href":"https:\/\/fcmanrique.org\/en\/wp-json\/wp\/v2\/media?parent=21117"}],"curies":[{"name":"wp","href":"https:\/\/api.w.org\/{rel}","templated":true}]}}

La FCM acoge la presentación de la camiseta de la Font Vella Lanzarote International Marathon

<p class="qtranxs-available-languages-message qtranxs-available-languages-message-en">Sorry, this entry is only available in <a href="https://fcmanrique.org/es/wp-json/wp/v2/fcm_c_ev_relac/21117" class="qtranxs-available-language-link qtranxs-available-language-link-es" title="ES">ES</a>.</p><p>El pasado viernes 22 de noviembre, se presentó en las instalaciones de la Fundación César Manrique la nueva camiseta que llevarán los participantes de la Font Vella International Marathon.</p>
<p>En esta edición, los organizadores han querido rendir homenaje a César Manrique en el año del centenario de su nacimiento. En la presentación estuvieron presentes Fernando Gómez Aguilera, director de la FCM y Juan Carlos Albuixech, director de la Font Vella International Marathon.</p>
<p><a href="https://fcmanrique.org/wp-content/uploads/fc-manrique-presentacion-camiseta-marathon3.jpg"><img loading="lazy" decoding="async" class="alignnone size-full wp-image-21120" src="https://fcmanrique.org/wp-content/uploads/fc-manrique-presentacion-camiseta-marathon3.jpg" alt="" width="920" height="690" srcset="https://fcmanrique.org/wp-content/uploads/fc-manrique-presentacion-camiseta-marathon3.jpg 920w, https://fcmanrique.org/wp-content/uploads/fc-manrique-presentacion-camiseta-marathon3-300x225.jpg 300w, https://fcmanrique.org/wp-content/uploads/fc-manrique-presentacion-camiseta-marathon3-768x576.jpg 768w, https://fcmanrique.org/wp-content/uploads/fc-manrique-presentacion-camiseta-marathon3-289x217.jpg 289w" sizes="auto, (max-width: 920px) 100vw, 920px" /></a></p>
<p>Fernando Gómez Aguilera destacó que &#8221;para la Fundación César Manrique es de agradecer que la organización haya querido tomar como motivo una obra de César y que ha tenido una aplicación espectacular hecha con mucho gusto&#8221;.</p>
<p>Por su parte, Juan Carlos Albuixech agradeció &#8221;la buena predisposición que tuvo la FCM desde el primer momento y su hospitalidad a la hora de organizar este acto conjuntamente&#8221;.</p>
<p><a href="https://fcmanrique.org/wp-content/uploads/fc-manrique-presentacion-camiseta-marathon1.jpg"><img loading="lazy" decoding="async" class="alignnone size-full wp-image-21121" src="https://fcmanrique.org/wp-content/uploads/fc-manrique-presentacion-camiseta-marathon1.jpg" alt="" width="920" height="690" srcset="https://fcmanrique.org/wp-content/uploads/fc-manrique-presentacion-camiseta-marathon1.jpg 920w, https://fcmanrique.org/wp-content/uploads/fc-manrique-presentacion-camiseta-marathon1-300x225.jpg 300w, https://fcmanrique.org/wp-content/uploads/fc-manrique-presentacion-camiseta-marathon1-768x576.jpg 768w, https://fcmanrique.org/wp-content/uploads/fc-manrique-presentacion-camiseta-marathon1-289x217.jpg 289w" sizes="auto, (max-width: 920px) 100vw, 920px" /></a></p>

<p>Sorry, this entry is only available in ES.El pasado viernes 22 de noviembre, se presentó en las instalaciones de la Fundación César Manrique la nueva camiseta que llevarán los participantes de la Font Vella International Marathon. En esta edición, los organizadores han querido rendir homenaje a César Manrique en el año del centenario de su&#8230; <a href="https://fcmanrique.org/en/fcm-c-ev-relac/presentacion-camiseta-marathon/" class="readmore">Continúa leyendo →</a></p>
