{"id":15053,"date":"2018-02-21T11:30:26","date_gmt":"2018-02-21T11:30:26","guid":{"rendered":"https:\/\/fcmanrique.org\/fcm-exposicion\/jardines-de-lausanne\/"},"modified":"2022-11-04T14:09:39","modified_gmt":"2022-11-04T14:09:39","slug":"jardines-de-lausanne","status":"publish","type":"fcm_exposicion","link":"https:\/\/fcmanrique.org\/en\/fcm-exposicion\/jardines-de-lausanne\/","title":{"rendered":"Jardines de Lausanne"},"content":{"rendered":"<p class=\"qtranxs-available-languages-message qtranxs-available-languages-message-en\">Sorry, this entry is only available in <a href=\"https:\/\/fcmanrique.org\/es\/wp-json\/wp\/v2\/fcm_exposicion\/15053\" class=\"qtranxs-available-language-link qtranxs-available-language-link-es\" title=\"ES\">ES<\/a>.<\/p><p>El d\u00eda 28 de junio de 2002, la Fundaci\u00f3n C\u00e9sar Manrique inaugur\u00f3 en su sede de Taro de Tah\u00edche, la exposici\u00f3n <em><strong>Jardines de Lausanne<\/strong><\/em>, en el marco de su l\u00ednea de exposiciones dedicada al Arte P\u00fablico. El acto de inauguraci\u00f3n de la muestra cont\u00f3 con la presencia de la comisaria de la exposici\u00f3n, Lorette Coen, con el presidente de la Association Jardin urbain, Pierre Starobinski, el fot\u00f3grafo Luc Chessex, el director de Actividades Fundacionales de la FCM, Fernando G\u00f3mez Aguilera, y el presidente de la FCM, Jos\u00e9 Juan Ram\u00edrez.<\/p>\n<p>La exposici\u00f3n estaba producida por la Association Jardin urbain y organizada en Lanzarote por la FCM. Jardines de Lausanne recog\u00eda una selecci\u00f3n de los proyectos de jardines desarrollados en Lausanne Jardins\u00b497 y Lausanne Jardins\u00b42000. En dos ocasiones, 1997 y 2000, Lausanne, la ciudad m\u00e1s verde de Suiza, abri\u00f3 sus espacios p\u00fablicos y privados -calles, plazas, tejados, fachadas, solares&#8230;- a la experimentaci\u00f3n y la reflexi\u00f3n sobre la ciudad a trav\u00e9s del jard\u00edn.<\/p>\n<p>Esta iniciativa, organizada con el t\u00edtulo de Lausanne Jardins, se materializ\u00f3 en un concurso de ideas de car\u00e1cter internacional que seleccion\u00f3 a paisajistas, artistas, arquitectos, urbanistas, y otros profesionales para realizar jardines contempor\u00e1neos que ofrecieran otra percepci\u00f3n del espacio urbano. Los lugares de trabajo elegidos para los jardines fueron zonas espec\u00edficas de la ciudad, alejadas del concepto de gran parque protegido, que se ofrecieron directamente para el uso y disfrute de sus habitantes.<\/p>\n<p>Las dos ediciones de Lausanne Jardins se complementaron con distintas actividades: coloquios, conferencias, exposiciones, pel\u00edculas, animaci\u00f3n art\u00edstica y social, y el debate abierto a los ciudadanos, que participaron, adem\u00e1s, con iniciativas paralelas, trabajo voluntario o con creaciones paisaj\u00edsticas espont\u00e1neas. Lausanne Jardins fue tambi\u00e9n, en este sentido, una experiencia de gran nivel participativo.<\/p>\n<p>Lorette Coen, comisaria de la exposici\u00f3n, se preguntaba: &#8220;\u00bfQu\u00e9 es tener conciencia del jard\u00edn? Es la forma de tener en cuenta este \u00e1mbito como forma de expresi\u00f3n, al mismo nivel que la arquitectura, el cine o la escultura, por ejemplo. Como arte del espacio y del tiempo, en el que la planta constituye el vocabulario primordial, arte cuyas formas hist\u00f3ricas son conocidas y que Lausanne Jardins puso en escena con gran variedad de escrituras contempor\u00e1neas&#8221;.<\/p>\n<p>&nbsp;La exposici\u00f3n recibi\u00f3 75.051 visitantes<\/p>","protected":false},"featured_media":16803,"parent":0,"template":"","meta":{"_acf_changed":false,"ngg_post_thumbnail":0,"footnotes":""},"exposicion_linea_discursiva":[52],"class_list":["post-15053","fcm_exposicion","type-fcm_exposicion","status-publish","has-post-thumbnail","hentry","exposicion_linea_discursiva-arte-espacio-publico"],"acf":[],"_links":{"self":[{"href":"https:\/\/fcmanrique.org\/en\/wp-json\/wp\/v2\/fcm_exposicion\/15053","targetHints":{"allow":["GET"]}}],"collection":[{"href":"https:\/\/fcmanrique.org\/en\/wp-json\/wp\/v2\/fcm_exposicion"}],"about":[{"href":"https:\/\/fcmanrique.org\/en\/wp-json\/wp\/v2\/types\/fcm_exposicion"}],"version-history":[{"count":2,"href":"https:\/\/fcmanrique.org\/en\/wp-json\/wp\/v2\/fcm_exposicion\/15053\/revisions"}],"predecessor-version":[{"id":23241,"href":"https:\/\/fcmanrique.org\/en\/wp-json\/wp\/v2\/fcm_exposicion\/15053\/revisions\/23241"}],"wp:featuredmedia":[{"embeddable":true,"href":"https:\/\/fcmanrique.org\/en\/wp-json\/wp\/v2\/media\/16803"}],"wp:attachment":[{"href":"https:\/\/fcmanrique.org\/en\/wp-json\/wp\/v2\/media?parent=15053"}],"wp:term":[{"taxonomy":"exposicion_linea_discursiva","embeddable":true,"href":"https:\/\/fcmanrique.org\/en\/wp-json\/wp\/v2\/exposicion_linea_discursiva?post=15053"}],"curies":[{"name":"wp","href":"https:\/\/api.w.org\/{rel}","templated":true}]}}

<p class="qtranxs-available-languages-message qtranxs-available-languages-message-en">Sorry, this entry is only available in <a href="https://fcmanrique.org/es/wp-json/wp/v2/fcm_exposicion/15053" class="qtranxs-available-language-link qtranxs-available-language-link-es" title="ES">ES</a>.</p><p>El día 28 de junio de 2002, la Fundación César Manrique inauguró en su sede de Taro de Tahíche, la exposición <em><strong>Jardines de Lausanne</strong></em>, en el marco de su línea de exposiciones dedicada al Arte Público. El acto de inauguración de la muestra contó con la presencia de la comisaria de la exposición, Lorette Coen, con el presidente de la Association Jardin urbain, Pierre Starobinski, el fotógrafo Luc Chessex, el director de Actividades Fundacionales de la FCM, Fernando Gómez Aguilera, y el presidente de la FCM, José Juan Ramírez.</p>
<p>La exposición estaba producida por la Association Jardin urbain y organizada en Lanzarote por la FCM. Jardines de Lausanne recogía una selección de los proyectos de jardines desarrollados en Lausanne Jardins´97 y Lausanne Jardins´2000. En dos ocasiones, 1997 y 2000, Lausanne, la ciudad más verde de Suiza, abrió sus espacios públicos y privados -calles, plazas, tejados, fachadas, solares&#8230;- a la experimentación y la reflexión sobre la ciudad a través del jardín.</p>
<p>Esta iniciativa, organizada con el título de Lausanne Jardins, se materializó en un concurso de ideas de carácter internacional que seleccionó a paisajistas, artistas, arquitectos, urbanistas, y otros profesionales para realizar jardines contemporáneos que ofrecieran otra percepción del espacio urbano. Los lugares de trabajo elegidos para los jardines fueron zonas específicas de la ciudad, alejadas del concepto de gran parque protegido, que se ofrecieron directamente para el uso y disfrute de sus habitantes.</p>
<p>Las dos ediciones de Lausanne Jardins se complementaron con distintas actividades: coloquios, conferencias, exposiciones, películas, animación artística y social, y el debate abierto a los ciudadanos, que participaron, además, con iniciativas paralelas, trabajo voluntario o con creaciones paisajísticas espontáneas. Lausanne Jardins fue también, en este sentido, una experiencia de gran nivel participativo.</p>
<p>Lorette Coen, comisaria de la exposición, se preguntaba: &#8220;¿Qué es tener conciencia del jardín? Es la forma de tener en cuenta este ámbito como forma de expresión, al mismo nivel que la arquitectura, el cine o la escultura, por ejemplo. Como arte del espacio y del tiempo, en el que la planta constituye el vocabulario primordial, arte cuyas formas históricas son conocidas y que Lausanne Jardins puso en escena con gran variedad de escrituras contemporáneas&#8221;.</p>
<p>&nbsp;La exposición recibió 75.051 visitantes</p>
