{"id":15117,"date":"2018-02-21T11:31:02","date_gmt":"2018-02-21T11:31:02","guid":{"rendered":"https:\/\/fcmanrique.org\/fcm-exposicion\/cesar-manrique-nueva-york\/"},"modified":"2022-11-04T14:20:57","modified_gmt":"2022-11-04T14:20:57","slug":"cesar-manrique-nueva-york","status":"publish","type":"fcm_exposicion","link":"https:\/\/fcmanrique.org\/en\/fcm-exposicion\/cesar-manrique-nueva-york\/","title":{"rendered":"C\u00e9sar Manrique. Nueva York"},"content":{"rendered":"<p class=\"qtranxs-available-languages-message qtranxs-available-languages-message-en\">Sorry, this entry is only available in <a href=\"https:\/\/fcmanrique.org\/es\/wp-json\/wp\/v2\/fcm_exposicion\/15117\" class=\"qtranxs-available-language-link qtranxs-available-language-link-es\" title=\"ES\">ES<\/a>.<\/p><p><\/p>\n<p class=\"MsoNormal\" style=\"text-align: justify;\"><span style=\"ofont-size: 10pt; ofont-family: Arial;\">La exposici\u00f3n <em><strong>C\u00e9sar Manrique. Nueva York <\/strong><\/em>permaneci\u00f3&nbsp;expuesta entre el 19 de noviembre de 1996 y el 19 de enero de 1997, y sigui\u00f3 a la celebrada el a\u00f1o anterior, C\u00e9sar Manrique. \u00daltima pintura (1992), que se ocup\u00f3 de ense\u00f1ar las obras pertenecientes a los fondos de la FCM realizadas por el artista en el \u00faltimo a\u00f1o de su vida. Se avanz\u00f3 as\u00ed un paso m\u00e1s en el estudio y difusi\u00f3n de la obra del fundador, dando cumplimiento a los fines fundacionales y se prosigui\u00f3 la labor de difundir y dar a conocer los fondos art\u00edsticos y documentales que la FCM custodia y alberga.<\/span><\/p>\n<p class=\"MsoNormal\" style=\"text-align: justify;\"><span style=\"ofont-size: 10pt; ofont-family: Arial;\">La muestra, producida por la FCM, abordaba una etapa central en la vida y en la trayectoria art\u00edstica de C\u00e9sar Manrique comprendida entre 1964, fecha de su primer traslado e instalaci\u00f3n en Nueva York \u2014decisi\u00f3n que adopta tras la muerte de su compa\u00f1era, Pepi G\u00f3mez, en 1963\u2014 y 1968, a\u00f1o de su \u00faltima estancia en la ciudad durante la d\u00e9cada de los setenta \u2014aunque su colaboraci\u00f3n con la galer\u00eda Catherine Viviano se prolongar\u00eda hasta 1970\u2014.<\/span><\/p>\n<p class=\"MsoNormal\" style=\"text-align: justify;\"><span style=\"ofont-size: 10pt; ofont-family: Arial;\">La propuesta expositiva desarrollaba una opci\u00f3n b\u00e1sicamente documental, que inclu\u00eda un apartado espec\u00edfico dedicado a la obra pl\u00e1stica de C\u00e9sar Manrique, con especial atenci\u00f3n a la producida entre 1964 y 1969 \u2014un total de 8 obras\u2014. Se quiso reflejar la bipolaridad territorial y cultural en la que C\u00e9sar Manrique se mueve en esos a\u00f1os y reconstruir los imaginarios de los puntos de origen y destino para, de este modo, contextualizar y explicar no s\u00f3lo su est\u00e9tica, sino las determinaciones que toma respecto a su vida y a su carrera art\u00edstica.<\/span><\/p>\n<p class=\"MsoNormal\" style=\"text-align: justify;\"><span style=\"ofont-size: 10pt; ofont-family: Arial;\">Es en Nueva York donde C\u00e9sar Manrique esboza un conjunto de actuaciones dirigidas a establecer una nueva alternativa econ\u00f3mica y un nuevo rostro para Lanzarote. All\u00ed comenz\u00f3 a intuir un modelo singular y pionero de desarrollo sostenible, que hoy caracteriza a la isla.<\/span><\/p>\n<p><\/p>","protected":false},"featured_media":16786,"parent":0,"template":"","meta":{"_acf_changed":false,"ngg_post_thumbnail":0,"footnotes":""},"exposicion_linea_discursiva":[50],"class_list":["post-15117","fcm_exposicion","type-fcm_exposicion","status-publish","has-post-thumbnail","hentry","exposicion_linea_discursiva-exposiciones-dedicadas-a-manrique"],"acf":[],"_links":{"self":[{"href":"https:\/\/fcmanrique.org\/en\/wp-json\/wp\/v2\/fcm_exposicion\/15117","targetHints":{"allow":["GET"]}}],"collection":[{"href":"https:\/\/fcmanrique.org\/en\/wp-json\/wp\/v2\/fcm_exposicion"}],"about":[{"href":"https:\/\/fcmanrique.org\/en\/wp-json\/wp\/v2\/types\/fcm_exposicion"}],"version-history":[{"count":2,"href":"https:\/\/fcmanrique.org\/en\/wp-json\/wp\/v2\/fcm_exposicion\/15117\/revisions"}],"predecessor-version":[{"id":23248,"href":"https:\/\/fcmanrique.org\/en\/wp-json\/wp\/v2\/fcm_exposicion\/15117\/revisions\/23248"}],"wp:featuredmedia":[{"embeddable":true,"href":"https:\/\/fcmanrique.org\/en\/wp-json\/wp\/v2\/media\/16786"}],"wp:attachment":[{"href":"https:\/\/fcmanrique.org\/en\/wp-json\/wp\/v2\/media?parent=15117"}],"wp:term":[{"taxonomy":"exposicion_linea_discursiva","embeddable":true,"href":"https:\/\/fcmanrique.org\/en\/wp-json\/wp\/v2\/exposicion_linea_discursiva?post=15117"}],"curies":[{"name":"wp","href":"https:\/\/api.w.org\/{rel}","templated":true}]}}

César Manrique. Nueva York

<p class="qtranxs-available-languages-message qtranxs-available-languages-message-en">Sorry, this entry is only available in <a href="https://fcmanrique.org/es/wp-json/wp/v2/fcm_exposicion/15117" class="qtranxs-available-language-link qtranxs-available-language-link-es" title="ES">ES</a>.</p><p></p>
<p class="MsoNormal" style="text-align: justify;"><span style="ofont-size: 10pt; ofont-family: Arial;">La exposición <em><strong>César Manrique. Nueva York </strong></em>permaneció&nbsp;expuesta entre el 19 de noviembre de 1996 y el 19 de enero de 1997, y siguió a la celebrada el año anterior, César Manrique. Última pintura (1992), que se ocupó de enseñar las obras pertenecientes a los fondos de la FCM realizadas por el artista en el último año de su vida. Se avanzó así un paso más en el estudio y difusión de la obra del fundador, dando cumplimiento a los fines fundacionales y se prosiguió la labor de difundir y dar a conocer los fondos artísticos y documentales que la FCM custodia y alberga.</span></p>
<p class="MsoNormal" style="text-align: justify;"><span style="ofont-size: 10pt; ofont-family: Arial;">La muestra, producida por la FCM, abordaba una etapa central en la vida y en la trayectoria artística de César Manrique comprendida entre 1964, fecha de su primer traslado e instalación en Nueva York —decisión que adopta tras la muerte de su compañera, Pepi Gómez, en 1963— y 1968, año de su última estancia en la ciudad durante la década de los setenta —aunque su colaboración con la galería Catherine Viviano se prolongaría hasta 1970—.</span></p>
<p class="MsoNormal" style="text-align: justify;"><span style="ofont-size: 10pt; ofont-family: Arial;">La propuesta expositiva desarrollaba una opción básicamente documental, que incluía un apartado específico dedicado a la obra plástica de César Manrique, con especial atención a la producida entre 1964 y 1969 —un total de 8 obras—. Se quiso reflejar la bipolaridad territorial y cultural en la que César Manrique se mueve en esos años y reconstruir los imaginarios de los puntos de origen y destino para, de este modo, contextualizar y explicar no sólo su estética, sino las determinaciones que toma respecto a su vida y a su carrera artística.</span></p>
<p class="MsoNormal" style="text-align: justify;"><span style="ofont-size: 10pt; ofont-family: Arial;">Es en Nueva York donde César Manrique esboza un conjunto de actuaciones dirigidas a establecer una nueva alternativa económica y un nuevo rostro para Lanzarote. Allí comenzó a intuir un modelo singular y pionero de desarrollo sostenible, que hoy caracteriza a la isla.</span></p>
<p></p>
