{"id":16018,"date":"2002-03-01T00:00:00","date_gmt":"2002-03-01T00:00:00","guid":{"rendered":"https:\/\/fcmanrique.org\/fcm-publicacion\/proyecto-marina-de-arrecife-tres-propuestas-para-pensar-la-ciudad\/"},"modified":"2023-11-29T11:02:39","modified_gmt":"2023-11-29T11:02:39","slug":"proyecto-marina-de-arrecife-tres-propuestas-para-pensar-la-ciudad","status":"publish","type":"fcm_publicacion","link":"https:\/\/fcmanrique.org\/en\/fcm-publicacion\/proyecto-marina-de-arrecife-tres-propuestas-para-pensar-la-ciudad\/","title":{"rendered":"Proyecto Marina de Arrecife. Tres propuestas para pensar la ciudad"},"content":{"rendered":"<p class=\"qtranxs-available-languages-message qtranxs-available-languages-message-en\">Sorry, this entry is only available in <a href=\"https:\/\/fcmanrique.org\/es\/wp-json\/wp\/v2\/fcm_publicacion\/16018\" class=\"qtranxs-available-language-link qtranxs-available-language-link-es\" title=\"ES\">ES<\/a>.<\/p><p><\/p>\n<p class=\"MsoNormal\" style=\"margin-right: -0.1pt; text-align: left;\"><span style=\"ofont-family: Arial;\">El <strong>Proyecto Marina de Arrecife<\/strong> fue presentado en 1998 con motivo del bicentenario de la municipalidad de Arrecife. La FCM puso en marcha dicho proyecto como un modo de colaborar con las instituciones locales a la hora de dise\u00f1ar el litoral de la ciudad, una pieza urbana de extraordinario valor que hasta la fecha se encontraba desatendida por parte de los responsables p\u00fablicos. El contenido de la iniciativa inclu\u00eda, como actividad central, el programa, <strong><em>Tres propuestas para pensar la ciudad<\/em><\/strong>, consistente en el encargo a tres arquitectos de reconocido prestigio internacional, de tres propuestas de actuaci\u00f3n urban\u00edstica en el litoral de la capital, que ser\u00edan mostradas en una exposici\u00f3n y debatidas en unas jornadas de encuentro con los ciudadanos.<\/span><\/p>\n<p class=\"MsoNormal\" style=\"text-align: left;\"><span style=\"ofont-family: Arial;\">El encargo fue realizado a los arquitectos <strong>Carlos Jim\u00e9nez<\/strong>, <strong>Enric Miralles<\/strong> y <strong>Juan Navarro Baldeweg<\/strong> acompa\u00f1ados respectivamente en sus proyectos por los cr\u00edticos <strong>Luis Fern\u00e1ndez-Galiano<\/strong>, <strong>Ignasi de Sol\u00e0-Morales<\/strong> y <strong>Sim\u00f3n March\u00e1n Fiz<\/strong>.<\/span><\/p>\n<p class=\"MsoNormal\" style=\"text-align: left;\"><span style=\"ofont-family: Arial;\">El proyecto se concret\u00f3 en dos aspectos b\u00e1sicos: Interpretaci\u00f3n personal de los grandes problemas que afectan a Arrecife, y presentaci\u00f3n de una propuesta general de reordenaci\u00f3n del litoral, en la que se contemplaran las cuestiones decisivas que afectan a esta \u00e1rea clave de la ciudad: infraestructuras administrativas y culturales, muelle deportivo, nuevas edificaciones, ordenaci\u00f3n del tr\u00e1fico, aparcamientos p\u00fablicos, zonas de ocio p\u00fablico, comunicaci\u00f3n del muelle comercial con el n\u00facleo capitalino, tratamiento del perfil mar\u00edtimo, peatonalizaci\u00f3n de calles en el casco hist\u00f3rico y tratamiento del patrimonio hist\u00f3rico arquitect\u00f3nico.<\/span><\/p>\n<p class=\"MsoNormal\" style=\"text-align: left;\"><span style=\"ofont-family: Arial;\">La exposici\u00f3n se inaugur\u00f3 el 17 de noviembre de 1998 en Arrecife en un local expresamente adecuado por la FCM. Los proyectos de Carlos Jim\u00e9nez, Enric Miralles y Juan Navarro Baldeweg se mostraron en tres salas individuales, dedicando otras dos a exponer en im\u00e1genes fotogr\u00e1ficas y soportes audiovisuales la fisonom\u00eda hist\u00f3rica y actual de Arrecife. <\/span><\/p>\n<p class=\"MsoNormal\" style=\"text-align: left;\"><span style=\"ofont-family: Arial;\">Se recogen en esta publicaci\u00f3n textos e im\u00e1genes de los proyectos desarrollados, que constituyen una iniciativa orientada a propiciar la reflexi\u00f3n y el debate p\u00fablico sobre c\u00f3mo abordar la transformaci\u00f3n del entorno urbano de manera cualificada y participativa.<\/span><\/p>\n<p><\/p>","protected":false},"featured_media":16019,"parent":0,"template":"","meta":{"_acf_changed":false,"ngg_post_thumbnail":0,"footnotes":""},"publicacion_coleccion":[76],"class_list":["post-16018","fcm_publicacion","type-fcm_publicacion","status-publish","has-post-thumbnail","hentry","publicacion_coleccion-catalogos-exposiciones-temporales"],"acf":[],"_links":{"self":[{"href":"https:\/\/fcmanrique.org\/en\/wp-json\/wp\/v2\/fcm_publicacion\/16018","targetHints":{"allow":["GET"]}}],"collection":[{"href":"https:\/\/fcmanrique.org\/en\/wp-json\/wp\/v2\/fcm_publicacion"}],"about":[{"href":"https:\/\/fcmanrique.org\/en\/wp-json\/wp\/v2\/types\/fcm_publicacion"}],"version-history":[{"count":1,"href":"https:\/\/fcmanrique.org\/en\/wp-json\/wp\/v2\/fcm_publicacion\/16018\/revisions"}],"predecessor-version":[{"id":24698,"href":"https:\/\/fcmanrique.org\/en\/wp-json\/wp\/v2\/fcm_publicacion\/16018\/revisions\/24698"}],"wp:featuredmedia":[{"embeddable":true,"href":"https:\/\/fcmanrique.org\/en\/wp-json\/wp\/v2\/media\/16019"}],"wp:attachment":[{"href":"https:\/\/fcmanrique.org\/en\/wp-json\/wp\/v2\/media?parent=16018"}],"wp:term":[{"taxonomy":"publicacion_coleccion","embeddable":true,"href":"https:\/\/fcmanrique.org\/en\/wp-json\/wp\/v2\/publicacion_coleccion?post=16018"}],"curies":[{"name":"wp","href":"https:\/\/api.w.org\/{rel}","templated":true}]}}

<p class="qtranxs-available-languages-message qtranxs-available-languages-message-en">Sorry, this entry is only available in <a href="https://fcmanrique.org/es/wp-json/wp/v2/fcm_publicacion/16018" class="qtranxs-available-language-link qtranxs-available-language-link-es" title="ES">ES</a>.</p><p></p>
<p class="MsoNormal" style="margin-right: -0.1pt; text-align: left;"><span style="ofont-family: Arial;">El <strong>Proyecto Marina de Arrecife</strong> fue presentado en 1998 con motivo del bicentenario de la municipalidad de Arrecife. La FCM puso en marcha dicho proyecto como un modo de colaborar con las instituciones locales a la hora de diseñar el litoral de la ciudad, una pieza urbana de extraordinario valor que hasta la fecha se encontraba desatendida por parte de los responsables públicos. El contenido de la iniciativa incluía, como actividad central, el programa, <strong><em>Tres propuestas para pensar la ciudad</em></strong>, consistente en el encargo a tres arquitectos de reconocido prestigio internacional, de tres propuestas de actuación urbanística en el litoral de la capital, que serían mostradas en una exposición y debatidas en unas jornadas de encuentro con los ciudadanos.</span></p>
<p class="MsoNormal" style="text-align: left;"><span style="ofont-family: Arial;">El encargo fue realizado a los arquitectos <strong>Carlos Jiménez</strong>, <strong>Enric Miralles</strong> y <strong>Juan Navarro Baldeweg</strong> acompañados respectivamente en sus proyectos por los críticos <strong>Luis Fernández-Galiano</strong>, <strong>Ignasi de Solà-Morales</strong> y <strong>Simón Marchán Fiz</strong>.</span></p>
<p class="MsoNormal" style="text-align: left;"><span style="ofont-family: Arial;">El proyecto se concretó en dos aspectos básicos: Interpretación personal de los grandes problemas que afectan a Arrecife, y presentación de una propuesta general de reordenación del litoral, en la que se contemplaran las cuestiones decisivas que afectan a esta área clave de la ciudad: infraestructuras administrativas y culturales, muelle deportivo, nuevas edificaciones, ordenación del tráfico, aparcamientos públicos, zonas de ocio público, comunicación del muelle comercial con el núcleo capitalino, tratamiento del perfil marítimo, peatonalización de calles en el casco histórico y tratamiento del patrimonio histórico arquitectónico.</span></p>
<p class="MsoNormal" style="text-align: left;"><span style="ofont-family: Arial;">La exposición se inauguró el 17 de noviembre de 1998 en Arrecife en un local expresamente adecuado por la FCM. Los proyectos de Carlos Jiménez, Enric Miralles y Juan Navarro Baldeweg se mostraron en tres salas individuales, dedicando otras dos a exponer en imágenes fotográficas y soportes audiovisuales la fisonomía histórica y actual de Arrecife. </span></p>
<p class="MsoNormal" style="text-align: left;"><span style="ofont-family: Arial;">Se recogen en esta publicación textos e imágenes de los proyectos desarrollados, que constituyen una iniciativa orientada a propiciar la reflexión y el debate público sobre cómo abordar la transformación del entorno urbano de manera cualificada y participativa.</span></p>
<p></p>
