{"id":16139,"date":"2006-01-20T00:00:00","date_gmt":"2006-01-20T00:00:00","guid":{"rendered":"https:\/\/fcmanrique.org\/fcm-publicacion\/pensamiento-critico-en-el-nuevo-arte-latinoamericano\/"},"modified":"2023-11-23T09:59:16","modified_gmt":"2023-11-23T09:59:16","slug":"pensamiento-critico-en-el-nuevo-arte-latinoamericano","status":"publish","type":"fcm_publicacion","link":"https:\/\/fcmanrique.org\/en\/fcm-publicacion\/pensamiento-critico-en-el-nuevo-arte-latinoamericano\/","title":{"rendered":"Pensamiento cr\u00edtico en el nuevo arte latinoamericano"},"content":{"rendered":"<p class=\"qtranxs-available-languages-message qtranxs-available-languages-message-en\">Sorry, this entry is only available in <a href=\"https:\/\/fcmanrique.org\/es\/wp-json\/wp\/v2\/fcm_publicacion\/16139\" class=\"qtranxs-available-language-link qtranxs-available-language-link-es\" title=\"ES\">ES<\/a>.<\/p><p><!-- [if gte mso 10]>\n\n\n\n<style>\n \/* Style Definitions *\/<br \/> table.MsoNormalTable<br \/>\t{mso-style-name:\"Tabla normal\";<br \/>\tmso-style-parent:\"\";<br \/>\t\"Times New Roman\";}<br \/><\/style>\n\n<![endif]--><\/p>\n<p><!-- [if gte mso 10]>\n\n\n\n<style>\n \/* Style Definitions *\/<br \/> table.MsoNormalTable<br \/>\t{mso-style-name:\"Tabla normal\";<br \/>\tmso-style-parent:\"\";<br \/>\t\"Times New Roman\";}<br \/><\/style>\n\n<![endif]--><\/p>\n<p><span style=\"ofont-size: 10pt;\">Hay un argumento latinoamericano que dice que el circo de la Modernidad todav\u00eda no ha incluido la periferia en su debate. Si es as\u00ed, la presente recopilaci\u00f3n de textos cr\u00edticos espec\u00edficamente latinoamericanos, escritos a partir de los a\u00f1os noventa, contribuir\u00e1, en una peque\u00f1a parte, a este campo en expansi\u00f3n. Dicho argumento, sin embargo, tiene poco sentido para quienes pensamos que, a lo largo de estas dos d\u00e9cadas, el cuerpo de ensayos cr\u00edticos procedente de Latinoam\u00e9rica ha constituido la relectura m\u00e1s importante, tanto de la modernidad como de la posmodernidad, articuladas estas por el pensamiento europeo y norteamericano.<\/span><\/p>\n<p><strong><em><span style=\"ofont-size: 10pt;\">Pensamiento cr\u00edtico en el nuevo arte latinoamericano<\/span><\/em><\/strong><span style=\"ofont-size: 10pt;\"> es el n\u00famero 4 de la colecci\u00f3n Ensayo y contiene una introducci\u00f3n de su <strong>editor, Kevin Power<\/strong>, adem\u00e1s de <strong>23 ensayos<\/strong>, en castellano y en ingl\u00e9s, de Lupe \u00c1lvarez, Gustavo Buntinx, Rosina Cazali, Christopher Cozier, Ticio Escobar, Magaly Espinosa Delgado, Agnaldo Farias, Juan Flores, Jes\u00fas Fuenmayor, Ivo Mesquita, Marcelo E. Pacheco, Justo Pastor Mellado, Annie Paul, Gabriel Peluffo, Virginia P\u00e9rez Ratton, Pedro Querejazu, Jos\u00e9 Roca, Osvaldo S\u00e1nchez, Margarita S\u00e1nchez Prieto, Guillermo Santamarina, Ana Tiscornia, Tonel [Antonio Eligio Fern\u00e1ndez] y de V\u00edctor Zamudio-Taylor.<\/span><\/p>\n<p>&nbsp;<\/p>","protected":false},"featured_media":16140,"parent":0,"template":"","meta":{"_acf_changed":false,"ngg_post_thumbnail":0,"footnotes":""},"publicacion_coleccion":[60],"class_list":["post-16139","fcm_publicacion","type-fcm_publicacion","status-publish","has-post-thumbnail","hentry","publicacion_coleccion-ensayo"],"acf":[],"_links":{"self":[{"href":"https:\/\/fcmanrique.org\/en\/wp-json\/wp\/v2\/fcm_publicacion\/16139","targetHints":{"allow":["GET"]}}],"collection":[{"href":"https:\/\/fcmanrique.org\/en\/wp-json\/wp\/v2\/fcm_publicacion"}],"about":[{"href":"https:\/\/fcmanrique.org\/en\/wp-json\/wp\/v2\/types\/fcm_publicacion"}],"version-history":[{"count":2,"href":"https:\/\/fcmanrique.org\/en\/wp-json\/wp\/v2\/fcm_publicacion\/16139\/revisions"}],"predecessor-version":[{"id":24496,"href":"https:\/\/fcmanrique.org\/en\/wp-json\/wp\/v2\/fcm_publicacion\/16139\/revisions\/24496"}],"wp:featuredmedia":[{"embeddable":true,"href":"https:\/\/fcmanrique.org\/en\/wp-json\/wp\/v2\/media\/16140"}],"wp:attachment":[{"href":"https:\/\/fcmanrique.org\/en\/wp-json\/wp\/v2\/media?parent=16139"}],"wp:term":[{"taxonomy":"publicacion_coleccion","embeddable":true,"href":"https:\/\/fcmanrique.org\/en\/wp-json\/wp\/v2\/publicacion_coleccion?post=16139"}],"curies":[{"name":"wp","href":"https:\/\/api.w.org\/{rel}","templated":true}]}}

Pensamiento crítico en el nuevo arte latinoamericano

<p class="qtranxs-available-languages-message qtranxs-available-languages-message-en">Sorry, this entry is only available in <a href="https://fcmanrique.org/es/wp-json/wp/v2/fcm_publicacion/16139" class="qtranxs-available-language-link qtranxs-available-language-link-es" title="ES">ES</a>.</p><p><!-- [if gte mso 10]>



<style>
 /* Style Definitions */<br /> table.MsoNormalTable<br />	{mso-style-name:"Tabla normal";<br />	mso-style-parent:"";<br />	"Times New Roman";}<br /></style>

<![endif]--></p>
<p><!-- [if gte mso 10]>



<style>
 /* Style Definitions */<br /> table.MsoNormalTable<br />	{mso-style-name:"Tabla normal";<br />	mso-style-parent:"";<br />	"Times New Roman";}<br /></style>

<![endif]--></p>
<p><span style="ofont-size: 10pt;">Hay un argumento latinoamericano que dice que el circo de la Modernidad todavía no ha incluido la periferia en su debate. Si es así, la presente recopilación de textos críticos específicamente latinoamericanos, escritos a partir de los años noventa, contribuirá, en una pequeña parte, a este campo en expansión. Dicho argumento, sin embargo, tiene poco sentido para quienes pensamos que, a lo largo de estas dos décadas, el cuerpo de ensayos críticos procedente de Latinoamérica ha constituido la relectura más importante, tanto de la modernidad como de la posmodernidad, articuladas estas por el pensamiento europeo y norteamericano.</span></p>
<p><strong><em><span style="ofont-size: 10pt;">Pensamiento crítico en el nuevo arte latinoamericano</span></em></strong><span style="ofont-size: 10pt;"> es el número 4 de la colección Ensayo y contiene una introducción de su <strong>editor, Kevin Power</strong>, además de <strong>23 ensayos</strong>, en castellano y en inglés, de Lupe Álvarez, Gustavo Buntinx, Rosina Cazali, Christopher Cozier, Ticio Escobar, Magaly Espinosa Delgado, Agnaldo Farias, Juan Flores, Jesús Fuenmayor, Ivo Mesquita, Marcelo E. Pacheco, Justo Pastor Mellado, Annie Paul, Gabriel Peluffo, Virginia Pérez Ratton, Pedro Querejazu, José Roca, Osvaldo Sánchez, Margarita Sánchez Prieto, Guillermo Santamarina, Ana Tiscornia, Tonel [Antonio Eligio Fernández] y de Víctor Zamudio-Taylor.</span></p>
<p>&nbsp;</p>
