{"id":16142,"date":"2003-09-30T00:00:00","date_gmt":"2003-09-30T00:00:00","guid":{"rendered":"https:\/\/fcmanrique.org\/fcm-publicacion\/ciudadania-ciudadanos-y-democracia-representativa\/"},"modified":"2023-11-23T11:13:53","modified_gmt":"2023-11-23T11:13:53","slug":"ciudadania-ciudadanos-y-democracia-representativa","status":"publish","type":"fcm_publicacion","link":"https:\/\/fcmanrique.org\/en\/fcm-publicacion\/ciudadania-ciudadanos-y-democracia-representativa\/","title":{"rendered":"Ciudadan\u00eda, ciudadanos y democracia representativa"},"content":{"rendered":"<p class=\"qtranxs-available-languages-message qtranxs-available-languages-message-en\">Sorry, this entry is only available in <a href=\"https:\/\/fcmanrique.org\/es\/wp-json\/wp\/v2\/fcm_publicacion\/16142\" class=\"qtranxs-available-language-link qtranxs-available-language-link-es\" title=\"ES\">ES<\/a>.<\/p><p><\/p>\n<p class=\"MsoNormal\" style=\"margin-right: -0.1pt; text-align: justify;\"><span style=\"ofont-family: Arial;\">La FCM se aproxima con esta publicaci\u00f3n al debate sobre la crisis del modelo de democracia actual y la necesidad de plantear propuestas para su renovaci\u00f3n que tengan la participaci\u00f3n ciudadana como eje motor del cambio. La democracia participativa se revela como el modelo que puede luchar contra el fen\u00f3meno de la globalizaci\u00f3n, haciendo de los ciudadanos sujetos de sus derechos, elementos activos en los procesos de gesti\u00f3n y decisi\u00f3n, part\u00edcipes en la creaci\u00f3n de un nuevo modelo de sociedad m\u00e1s justo, con menos desigualdades y m\u00e1s sostenible.<\/span><\/p>\n<p class=\"MsoNormal\" style=\"text-align: justify;\"><strong><em><span style=\"ofont-family: Arial;\">Ciudadan\u00eda, ciudadanos y democracia participativa<\/span><\/em><\/strong><span style=\"ofont-family: Arial;\">, recoge las <strong>ponencias del curso<\/strong> que, con el mismo t\u00edtulo, se celebr\u00f3 en la FCM en el mes de octubre de 2002: <em>Ciudadan\u00eda y espacio p\u00fablico: participaci\u00f3n o segregaci\u00f3n<\/em>, de Agust\u00edn Hern\u00e1ndez Aja; <em>Coraje C\u00edvico<\/em>, de Manuel Saravia; <em>Crisis de la democracia representativa, movimientos sociales y alternativas<\/em>, de Jaime Pastor; <em>Movimientos sociales y nuevas estrategias de poder civil en la era de la globalizaci\u00f3n<\/em>, de Enrique Venegas; <em>Desarrollo local y nueva cultura pol\u00edtica frente a la globalizaci\u00f3n<\/em>, de Julio Alguacil; <em>Econom\u00eda solidaria y democracia econ\u00f3mica<\/em>, de Antonio Gonz\u00e1lez Vi\u00e9itez; <em>La gesti\u00f3n compartida como territorio de la ciudadan\u00eda<\/em> y <em>\u00bfPueden volar los elefantes? (La gesti\u00f3n compartida como f\u00f3rmula de dinamizaci\u00f3n social)<\/em>, de Jos\u00e9 Vicente Barcia; <em>Los presupuestos participativos: el caso de C\u00f3rdoba<\/em>, de Elo\u00edsa Acosta; y <em>Metodolog\u00eda y pr\u00e1cticas transformadoras. El Plan Comunitario de Trinitat Nova<\/em>, de \u00d3scar Rebollo.<\/span><\/p>\n<p><span style=\"ofont-size: 10pt; ofont-family: Arial;\">Con esta publicaci\u00f3n la FCM profundiza en la reflexi\u00f3n sobre la influencia de la participaci\u00f3n ciudadana en la renovaci\u00f3n del presente modelo de sociedad, y c\u00f3mo este papel es especialmente importante en lo que concierne a la gesti\u00f3n y organizaci\u00f3n del urbanismo y el territorio.<\/span><\/p>","protected":false},"featured_media":16143,"parent":0,"template":"","meta":{"_acf_changed":false,"ngg_post_thumbnail":0,"footnotes":""},"publicacion_coleccion":[60],"class_list":["post-16142","fcm_publicacion","type-fcm_publicacion","status-publish","has-post-thumbnail","hentry","publicacion_coleccion-ensayo"],"acf":[],"_links":{"self":[{"href":"https:\/\/fcmanrique.org\/en\/wp-json\/wp\/v2\/fcm_publicacion\/16142","targetHints":{"allow":["GET"]}}],"collection":[{"href":"https:\/\/fcmanrique.org\/en\/wp-json\/wp\/v2\/fcm_publicacion"}],"about":[{"href":"https:\/\/fcmanrique.org\/en\/wp-json\/wp\/v2\/types\/fcm_publicacion"}],"version-history":[{"count":2,"href":"https:\/\/fcmanrique.org\/en\/wp-json\/wp\/v2\/fcm_publicacion\/16142\/revisions"}],"predecessor-version":[{"id":24521,"href":"https:\/\/fcmanrique.org\/en\/wp-json\/wp\/v2\/fcm_publicacion\/16142\/revisions\/24521"}],"wp:featuredmedia":[{"embeddable":true,"href":"https:\/\/fcmanrique.org\/en\/wp-json\/wp\/v2\/media\/16143"}],"wp:attachment":[{"href":"https:\/\/fcmanrique.org\/en\/wp-json\/wp\/v2\/media?parent=16142"}],"wp:term":[{"taxonomy":"publicacion_coleccion","embeddable":true,"href":"https:\/\/fcmanrique.org\/en\/wp-json\/wp\/v2\/publicacion_coleccion?post=16142"}],"curies":[{"name":"wp","href":"https:\/\/api.w.org\/{rel}","templated":true}]}}

Ciudadanía, ciudadanos y democracia representativa

<p class="qtranxs-available-languages-message qtranxs-available-languages-message-en">Sorry, this entry is only available in <a href="https://fcmanrique.org/es/wp-json/wp/v2/fcm_publicacion/16142" class="qtranxs-available-language-link qtranxs-available-language-link-es" title="ES">ES</a>.</p><p></p>
<p class="MsoNormal" style="margin-right: -0.1pt; text-align: justify;"><span style="ofont-family: Arial;">La FCM se aproxima con esta publicación al debate sobre la crisis del modelo de democracia actual y la necesidad de plantear propuestas para su renovación que tengan la participación ciudadana como eje motor del cambio. La democracia participativa se revela como el modelo que puede luchar contra el fenómeno de la globalización, haciendo de los ciudadanos sujetos de sus derechos, elementos activos en los procesos de gestión y decisión, partícipes en la creación de un nuevo modelo de sociedad más justo, con menos desigualdades y más sostenible.</span></p>
<p class="MsoNormal" style="text-align: justify;"><strong><em><span style="ofont-family: Arial;">Ciudadanía, ciudadanos y democracia participativa</span></em></strong><span style="ofont-family: Arial;">, recoge las <strong>ponencias del curso</strong> que, con el mismo título, se celebró en la FCM en el mes de octubre de 2002: <em>Ciudadanía y espacio público: participación o segregación</em>, de Agustín Hernández Aja; <em>Coraje Cívico</em>, de Manuel Saravia; <em>Crisis de la democracia representativa, movimientos sociales y alternativas</em>, de Jaime Pastor; <em>Movimientos sociales y nuevas estrategias de poder civil en la era de la globalización</em>, de Enrique Venegas; <em>Desarrollo local y nueva cultura política frente a la globalización</em>, de Julio Alguacil; <em>Economía solidaria y democracia económica</em>, de Antonio González Viéitez; <em>La gestión compartida como territorio de la ciudadanía</em> y <em>¿Pueden volar los elefantes? (La gestión compartida como fórmula de dinamización social)</em>, de José Vicente Barcia; <em>Los presupuestos participativos: el caso de Córdoba</em>, de Eloísa Acosta; y <em>Metodología y prácticas transformadoras. El Plan Comunitario de Trinitat Nova</em>, de Óscar Rebollo.</span></p>
<p><span style="ofont-size: 10pt; ofont-family: Arial;">Con esta publicación la FCM profundiza en la reflexión sobre la influencia de la participación ciudadana en la renovación del presente modelo de sociedad, y cómo este papel es especialmente importante en lo que concierne a la gestión y organización del urbanismo y el territorio.</span></p>
