{"id":24526,"date":"2023-11-23T11:18:18","date_gmt":"2023-11-23T11:18:18","guid":{"rendered":"https:\/\/fcmanrique.org\/?post_type=fcm_publicacion&#038;p=24526"},"modified":"2025-04-22T09:40:58","modified_gmt":"2025-04-22T09:40:58","slug":"juan-alfredo-y-jose-luis-olcina","status":"publish","type":"fcm_publicacion","link":"https:\/\/fcmanrique.org\/en\/fcm-publicacion\/juan-alfredo-y-jose-luis-olcina\/","title":{"rendered":"Juan Alfredo y Jos\u00e9 Luis Olcina. Obra con C\u00e9sar Manrique"},"content":{"rendered":"<p class=\"qtranxs-available-languages-message qtranxs-available-languages-message-en\">Sorry, this entry is only available in <a href=\"https:\/\/fcmanrique.org\/es\/wp-json\/wp\/v2\/fcm_publicacion\/24526\" class=\"qtranxs-available-language-link qtranxs-available-language-link-es\" title=\"ES\">ES<\/a>.<\/p><p>En este libro Mario Alberto Perdomo deja constancia de la relaci\u00f3n profesional entre los ingenieros Juan Alfredo Amig\u00f3 y Jos\u00e9 Luis Olcina \u2013que han desarrollado su carrera en Tenerife\u2013 y el artista lanzarote\u00f1o C\u00e9sar Manrique, iniciada con el emblem\u00e1tico proyecto Costa Marti\u00e1nez (Puerto de la Cruz) a finales de los a\u00f1os sesenta del siglo pasado. Olcina y Amig\u00f3 colaboraron con Manrique a lo largo de veinticinco a\u00f1os, en un recorrido que abarca desde las distintas etapas en la construcci\u00f3n de las piscinas y el Lago de Marti\u00e1nez hasta diferentes proyectos posteriores compartidos dentro y fuera de las islas Canarias: Playa Jard\u00edn (Puerto de la Cruz), Parque Mar\u00edtimo C\u00e9sar Manrique (Santa Cruz de Tenerife), Parque Mar\u00edtimo del Mediterr\u00e1neo (Ceuta)\u2026 Algunas de estas intervenciones, las \u00faltimas, fueron finalizadas sin la presencia fundamental de Manrique a pie de obra por su inesperada muerte. El v\u00ednculo creado entre los tres protagonistas de esta publicaci\u00f3n no fue solo de \u00edndole laboral, sino que se ampli\u00f3 a la esfera privada, compartiendo viajes y estancias en Lanzarote y Tenerife.<\/p>\n<p><strong>Juan Alfredo Amig\u00f3 Bethencourt<\/strong> (santacrucero nacido accidentalmente en Valladolid, 1938) es ingeniero de Caminos, Canales y Puertos. Curs\u00f3 sus estudios en la Escuela T\u00e9cnica Superior de Ingenieros de Caminos de Madrid. Trabaj\u00f3 como ingeniero colaborador en la Jefatura de Carreteras de Santa Cruz de Tenerife, donde intervino en la redacci\u00f3n y direcci\u00f3n de diferentes proyectos de carreteras. Previo concurso, en 1969, fue nombrado ingeniero jefe de la Oficina T\u00e9cnica de la Empresa Municipal de Aguas de Santa Cruz de Tenerife (Emmasa), de la que fue director gerente desde 1985 hasta su jubilaci\u00f3n en 2004. Fue consejero de varias empresas p\u00fablicas y privadas, y miembro del Comit\u00e9 Directivo Nacional de la Sociedad Espa\u00f1ola de Abastecimiento de Aguas y del Consejo Social de la ciudad de Santa Cruz de Tenerife, siendo nombrado presidente de la Comisi\u00f3n de Capitalidad y \u00c1rea Metropolitana. Es patrono de la Fundaci\u00f3n C\u00e9sar Manrique desde 1992.<\/p>\n<p><strong>Jos\u00e9 Luis Olcina Alemany<\/strong> (Alcoy, 1940) termin\u00f3 su carrera de Ingeniero de Caminos, Canales y Puertos con el t\u00edtulo de Doctor en 1964, a\u00f1o en el que se incorpor\u00f3 a la Junta Administrativa de Santa Cruz de Tenerife, pasando posteriormente a la Jefatura Provincial de Carreteras de Santa Cruz de Tenerife. Entre 1984 y 1993 trabaj\u00f3 en la Consejer\u00eda de Obras P\u00fablicas del Gobierno de Canarias, fecha en que pidi\u00f3 la excedencia para el desempe\u00f1o privado de la actividad profesional. Fue responsable t\u00e9cnico de numerosos proyectos de carreteras en las islas de Tenerife, La Palma y El Hierro (autopista del Sur TF-1, acondicionamiento de la carretera entre Santa Cruz de La Palma y Los Llanos de Aridane, carretera entre Valverde y puerto de La Estaca\u2026). Es patrono de la Fundaci\u00f3n C\u00e9sar Manrique desde 1992.<\/p>\n<p>Ambos constituyeron la sociedad Amig\u00f3 y Olcina Ingenieros, SL, para el ejercicio libre de la profesi\u00f3n y acometieron juntos diversos proyectos en una fruct\u00edfera carrera profesional compartida.<\/p>\n<p><strong>Mario Alberto Perdomo Aparicio<\/strong> (Arrecife, 1959) es economista. Fue cofundador de la Asociaci\u00f3n Cultural y Ecologista El Guincho (Lanzarote) a finales de los a\u00f1os ochenta del siglo pasado. Entre 1988 y 1990 dirigi\u00f3 el Departamento de Cultura del Cabildo de Lanzarote. Ha ejercido el periodismo en distintos medios locales y regionales. Su \u00e1mbito de preocupaciones se centra en la ordenaci\u00f3n urban\u00edstica y territorial, el medio ambiente y las externalidades de la econom\u00eda, los espacios urbanos, la cultura en sentido amplio y la comunicaci\u00f3n. Es patrono de la Fundaci\u00f3n C\u00e9sar Manrique desde 1990. Entre sus \u00faltimos trabajos editoriales se encuentra el libro Luis Morales Padr\u00f3n (Colecci\u00f3n Islas de memoria, Fundaci\u00f3n C\u00e9sar Manrique, Lanzarote, 2017) as\u00ed como uno de los textos del cat\u00e1logo de la exposici\u00f3n Memorias de agua titulado \u00abManuel D\u00edaz Rijo, cr\u00f3nica del agua desalada en Lanzarote\u00bb (Cabildo de Lanzarote, Lanzarote, 2018). Colabor\u00f3 en el cat\u00e1logo de la exposici\u00f3n Universo Manrique (Centro Atl\u00e1ntico de Arte Moderno, Las Palmas de Gran Canaria, 2019) con textos sobre el proceso de realizaci\u00f3n de la obra p\u00fablica de C\u00e9sar Manrique en Lanzarote.<\/p>\n<p>(La publicaci\u00f3n de este libro ha recibido una subvenci\u00f3n nominada de la Direcci\u00f3n General de Patrimonio Cultural del Gobierno de Canarias &#8211; 2022)<\/p>","protected":false},"featured_media":24565,"parent":0,"template":"","meta":{"_acf_changed":false,"ngg_post_thumbnail":0,"footnotes":""},"publicacion_coleccion":[67],"class_list":["post-24526","fcm_publicacion","type-fcm_publicacion","status-publish","has-post-thumbnail","hentry","publicacion_coleccion-torcusa"],"acf":[],"_links":{"self":[{"href":"https:\/\/fcmanrique.org\/en\/wp-json\/wp\/v2\/fcm_publicacion\/24526","targetHints":{"allow":["GET"]}}],"collection":[{"href":"https:\/\/fcmanrique.org\/en\/wp-json\/wp\/v2\/fcm_publicacion"}],"about":[{"href":"https:\/\/fcmanrique.org\/en\/wp-json\/wp\/v2\/types\/fcm_publicacion"}],"version-history":[{"count":10,"href":"https:\/\/fcmanrique.org\/en\/wp-json\/wp\/v2\/fcm_publicacion\/24526\/revisions"}],"predecessor-version":[{"id":25548,"href":"https:\/\/fcmanrique.org\/en\/wp-json\/wp\/v2\/fcm_publicacion\/24526\/revisions\/25548"}],"wp:featuredmedia":[{"embeddable":true,"href":"https:\/\/fcmanrique.org\/en\/wp-json\/wp\/v2\/media\/24565"}],"wp:attachment":[{"href":"https:\/\/fcmanrique.org\/en\/wp-json\/wp\/v2\/media?parent=24526"}],"wp:term":[{"taxonomy":"publicacion_coleccion","embeddable":true,"href":"https:\/\/fcmanrique.org\/en\/wp-json\/wp\/v2\/publicacion_coleccion?post=24526"}],"curies":[{"name":"wp","href":"https:\/\/api.w.org\/{rel}","templated":true}]}}

Juan Alfredo y José Luis Olcina. Obra con César Manrique

<p class="qtranxs-available-languages-message qtranxs-available-languages-message-en">Sorry, this entry is only available in <a href="https://fcmanrique.org/es/wp-json/wp/v2/fcm_publicacion/24526" class="qtranxs-available-language-link qtranxs-available-language-link-es" title="ES">ES</a>.</p><p>En este libro Mario Alberto Perdomo deja constancia de la relación profesional entre los ingenieros Juan Alfredo Amigó y José Luis Olcina –que han desarrollado su carrera en Tenerife– y el artista lanzaroteño César Manrique, iniciada con el emblemático proyecto Costa Martiánez (Puerto de la Cruz) a finales de los años sesenta del siglo pasado. Olcina y Amigó colaboraron con Manrique a lo largo de veinticinco años, en un recorrido que abarca desde las distintas etapas en la construcción de las piscinas y el Lago de Martiánez hasta diferentes proyectos posteriores compartidos dentro y fuera de las islas Canarias: Playa Jardín (Puerto de la Cruz), Parque Marítimo César Manrique (Santa Cruz de Tenerife), Parque Marítimo del Mediterráneo (Ceuta)… Algunas de estas intervenciones, las últimas, fueron finalizadas sin la presencia fundamental de Manrique a pie de obra por su inesperada muerte. El vínculo creado entre los tres protagonistas de esta publicación no fue solo de índole laboral, sino que se amplió a la esfera privada, compartiendo viajes y estancias en Lanzarote y Tenerife.</p>
<p><strong>Juan Alfredo Amigó Bethencourt</strong> (santacrucero nacido accidentalmente en Valladolid, 1938) es ingeniero de Caminos, Canales y Puertos. Cursó sus estudios en la Escuela Técnica Superior de Ingenieros de Caminos de Madrid. Trabajó como ingeniero colaborador en la Jefatura de Carreteras de Santa Cruz de Tenerife, donde intervino en la redacción y dirección de diferentes proyectos de carreteras. Previo concurso, en 1969, fue nombrado ingeniero jefe de la Oficina Técnica de la Empresa Municipal de Aguas de Santa Cruz de Tenerife (Emmasa), de la que fue director gerente desde 1985 hasta su jubilación en 2004. Fue consejero de varias empresas públicas y privadas, y miembro del Comité Directivo Nacional de la Sociedad Española de Abastecimiento de Aguas y del Consejo Social de la ciudad de Santa Cruz de Tenerife, siendo nombrado presidente de la Comisión de Capitalidad y Área Metropolitana. Es patrono de la Fundación César Manrique desde 1992.</p>
<p><strong>José Luis Olcina Alemany</strong> (Alcoy, 1940) terminó su carrera de Ingeniero de Caminos, Canales y Puertos con el título de Doctor en 1964, año en el que se incorporó a la Junta Administrativa de Santa Cruz de Tenerife, pasando posteriormente a la Jefatura Provincial de Carreteras de Santa Cruz de Tenerife. Entre 1984 y 1993 trabajó en la Consejería de Obras Públicas del Gobierno de Canarias, fecha en que pidió la excedencia para el desempeño privado de la actividad profesional. Fue responsable técnico de numerosos proyectos de carreteras en las islas de Tenerife, La Palma y El Hierro (autopista del Sur TF-1, acondicionamiento de la carretera entre Santa Cruz de La Palma y Los Llanos de Aridane, carretera entre Valverde y puerto de La Estaca…). Es patrono de la Fundación César Manrique desde 1992.</p>
<p>Ambos constituyeron la sociedad Amigó y Olcina Ingenieros, SL, para el ejercicio libre de la profesión y acometieron juntos diversos proyectos en una fructífera carrera profesional compartida.</p>
<p><strong>Mario Alberto Perdomo Aparicio</strong> (Arrecife, 1959) es economista. Fue cofundador de la Asociación Cultural y Ecologista El Guincho (Lanzarote) a finales de los años ochenta del siglo pasado. Entre 1988 y 1990 dirigió el Departamento de Cultura del Cabildo de Lanzarote. Ha ejercido el periodismo en distintos medios locales y regionales. Su ámbito de preocupaciones se centra en la ordenación urbanística y territorial, el medio ambiente y las externalidades de la economía, los espacios urbanos, la cultura en sentido amplio y la comunicación. Es patrono de la Fundación César Manrique desde 1990. Entre sus últimos trabajos editoriales se encuentra el libro Luis Morales Padrón (Colección Islas de memoria, Fundación César Manrique, Lanzarote, 2017) así como uno de los textos del catálogo de la exposición Memorias de agua titulado «Manuel Díaz Rijo, crónica del agua desalada en Lanzarote» (Cabildo de Lanzarote, Lanzarote, 2018). Colaboró en el catálogo de la exposición Universo Manrique (Centro Atlántico de Arte Moderno, Las Palmas de Gran Canaria, 2019) con textos sobre el proceso de realización de la obra pública de César Manrique en Lanzarote.</p>
<p>(La publicación de este libro ha recibido una subvención nominada de la Dirección General de Patrimonio Cultural del Gobierno de Canarias &#8211; 2022)</p>
