{"id":19806,"date":"2019-06-27T17:00:44","date_gmt":"2019-06-27T17:00:44","guid":{"rendered":"https:\/\/fcmanrique.org\/?post_type=fcm_video&#038;p=19806"},"modified":"2023-06-15T18:09:19","modified_gmt":"2023-06-15T18:09:19","slug":"curso-ante-el-antropoceno-cuando-la-humanidad-desborda-los-limites-biofisicos-del-planeta-27-de-junio","status":"publish","type":"fcm_video","link":"https:\/\/fcmanrique.org\/en\/fcm-video\/curso-ante-el-antropoceno-cuando-la-humanidad-desborda-los-limites-biofisicos-del-planeta-27-de-junio\/","title":{"rendered":"Ante el Antropoceno. \u00abCiudades y territorios para la vida\u00bb (Parte 1)"},"content":{"rendered":"<p class=\"qtranxs-available-languages-message qtranxs-available-languages-message-en\">Sorry, this entry is only available in <a href=\"https:\/\/fcmanrique.org\/es\/wp-json\/wp\/v2\/fcm_video\/19806\" class=\"qtranxs-available-language-link qtranxs-available-language-link-es\" title=\"ES\">ES<\/a>.<\/p><p><strong><em>Ante el Antropoceno. Cuando la humanidad desborda los l\u00edmites biof\u00edsicos del planeta<\/em><\/strong><\/p>\n<p><strong>Jueves, 27: <em>Ciudades y territorios para la vida.<\/em><\/strong> Ponentes: Claire Roumet, \u00cd\u00f1igo Losada, Fernando Prats. Mesa redonda moderada por Federico Aguilera Klink.<\/p>\n<p><em>\u201cLa transici\u00f3n hacia un mundo con l\u00edmites: oportunidades para revitalizar la democracia y la econom\u00eda local\u201d.<\/em><\/p>\n<p><strong>Claire Roumet<\/strong> es directora de <em>Energy Cities<\/em> desde 2014, la Asociaci\u00f3n Europea de Autoridades Locales para la Transici\u00f3n Energ\u00e9tica. Fue secretaria general de <em>Housing Europe<\/em>, una federaci\u00f3n de proveedores de vivienda social, p\u00fablica y cooperativa, que gestiona 25 millones de viviendas sociales en toda Europa.<\/p>\n<p>Roumet es, adem\u00e1s, experta en derechos de la mujer y econom\u00eda social. Trabaj\u00f3 para el Lobby de mujeres europeas y la ONG \u201cparaguas\u201d de la Uni\u00f3n Europea para los derechos de la mujer, es experta de la Comisio\u0301n Europea en un programa piloto destinado a desarrollar la economi\u0301a social.<\/p>\n<p><em>\u201cEl cabio clim\u00e1tico y sus implicaciones en la costa canaria\u201d.<\/em><\/p>\n<p><strong>I\u00f1igo Losada<\/strong> es catedr\u00e1tico de Ingenier\u00eda de Costas de la Universidad de Cantabria y Director de Investigaci\u00f3n del Instituto de Hidr\u00e1ulica Ambiental, del que fue fundador y primer Director.<\/p>\n<p>En la Universidad de Cantabria ha simultaneado su actividad docente con la investigaci\u00f3n y la transferencia de conocimiento en: din\u00e1mica costera y su vinculaci\u00f3n con los riesgos y la protecci\u00f3n de la costa; cambio clim\u00e1tico y energ\u00edas renovables marinas.<\/p>\n<p>Losada ha recibido el Premio Nacional de Medio Ambiente, el Premio de Medio Ambiente del Gobierno de Cantabria y el Premio Internacional Augusto Gonz\u00e1lez.<\/p>\n<p><strong>Leer la cr\u00f3nica del tercer d\u00eda del curso:&nbsp;<\/strong><a href=\"https:\/\/fcmanrique.org\/fcm-c-acti-celebrada\/antropoceno-03\/?lang=es\">https:\/\/fcmanrique.org\/fcm-c-acti-celebrada\/antropoceno-03\/?lang=es<\/a><\/p>\n<p><strong>M\u00e1s informaci\u00f3n:&nbsp;<\/strong><a href=\"https:\/\/fcmanrique.org\/wp-content\/uploads\/fc-manrique-programa-antropoceno.pdf\">Nota de prensa<\/a><\/p>","protected":false},"featured_media":23633,"parent":0,"template":"","meta":{"_acf_changed":false,"ngg_post_thumbnail":0,"footnotes":""},"video_coleccion":[136],"class_list":["post-19806","fcm_video","type-fcm_video","status-publish","has-post-thumbnail","hentry","video_coleccion-curso"],"acf":[],"_links":{"self":[{"href":"https:\/\/fcmanrique.org\/en\/wp-json\/wp\/v2\/fcm_video\/19806","targetHints":{"allow":["GET"]}}],"collection":[{"href":"https:\/\/fcmanrique.org\/en\/wp-json\/wp\/v2\/fcm_video"}],"about":[{"href":"https:\/\/fcmanrique.org\/en\/wp-json\/wp\/v2\/types\/fcm_video"}],"version-history":[{"count":11,"href":"https:\/\/fcmanrique.org\/en\/wp-json\/wp\/v2\/fcm_video\/19806\/revisions"}],"predecessor-version":[{"id":23639,"href":"https:\/\/fcmanrique.org\/en\/wp-json\/wp\/v2\/fcm_video\/19806\/revisions\/23639"}],"wp:featuredmedia":[{"embeddable":true,"href":"https:\/\/fcmanrique.org\/en\/wp-json\/wp\/v2\/media\/23633"}],"wp:attachment":[{"href":"https:\/\/fcmanrique.org\/en\/wp-json\/wp\/v2\/media?parent=19806"}],"wp:term":[{"taxonomy":"video_coleccion","embeddable":true,"href":"https:\/\/fcmanrique.org\/en\/wp-json\/wp\/v2\/video_coleccion?post=19806"}],"curies":[{"name":"wp","href":"https:\/\/api.w.org\/{rel}","templated":true}]}}

<p class="qtranxs-available-languages-message qtranxs-available-languages-message-en">Sorry, this entry is only available in <a href="https://fcmanrique.org/es/wp-json/wp/v2/fcm_video/19806" class="qtranxs-available-language-link qtranxs-available-language-link-es" title="ES">ES</a>.</p><p><strong><em>Ante el Antropoceno. Cuando la humanidad desborda los límites biofísicos del planeta</em></strong></p>
<p><strong>Jueves, 27: <em>Ciudades y territorios para la vida.</em></strong> Ponentes: Claire Roumet, Íñigo Losada, Fernando Prats. Mesa redonda moderada por Federico Aguilera Klink.</p>
<p><em>“La transición hacia un mundo con límites: oportunidades para revitalizar la democracia y la economía local”.</em></p>
<p><strong>Claire Roumet</strong> es directora de <em>Energy Cities</em> desde 2014, la Asociación Europea de Autoridades Locales para la Transición Energética. Fue secretaria general de <em>Housing Europe</em>, una federación de proveedores de vivienda social, pública y cooperativa, que gestiona 25 millones de viviendas sociales en toda Europa.</p>
<p>Roumet es, además, experta en derechos de la mujer y economía social. Trabajó para el Lobby de mujeres europeas y la ONG “paraguas” de la Unión Europea para los derechos de la mujer, es experta de la Comisión Europea en un programa piloto destinado a desarrollar la economía social.</p>
<p><em>“El cabio climático y sus implicaciones en la costa canaria”.</em></p>
<p><strong>Iñigo Losada</strong> es catedrático de Ingeniería de Costas de la Universidad de Cantabria y Director de Investigación del Instituto de Hidráulica Ambiental, del que fue fundador y primer Director.</p>
<p>En la Universidad de Cantabria ha simultaneado su actividad docente con la investigación y la transferencia de conocimiento en: dinámica costera y su vinculación con los riesgos y la protección de la costa; cambio climático y energías renovables marinas.</p>
<p>Losada ha recibido el Premio Nacional de Medio Ambiente, el Premio de Medio Ambiente del Gobierno de Cantabria y el Premio Internacional Augusto González.</p>
<p><strong>Leer la crónica del tercer día del curso:&nbsp;</strong><a href="https://fcmanrique.org/fcm-c-acti-celebrada/antropoceno-03/?lang=es">https://fcmanrique.org/fcm-c-acti-celebrada/antropoceno-03/?lang=es</a></p>
<p><strong>Más información:&nbsp;</strong><a href="https://fcmanrique.org/wp-content/uploads/fc-manrique-programa-antropoceno.pdf">Nota de prensa</a></p>
