{"id":20460,"date":"2019-10-01T19:00:31","date_gmt":"2019-10-01T19:00:31","guid":{"rendered":"https:\/\/fcmanrique.org\/?post_type=fcm_video&#038;p=20460"},"modified":"2023-06-15T18:09:18","modified_gmt":"2023-06-15T18:09:18","slug":"conferencia-manuel-rivas-1-octubre","status":"publish","type":"fcm_video","link":"https:\/\/fcmanrique.org\/en\/fcm-video\/conferencia-manuel-rivas-1-octubre\/","title":{"rendered":"Manuel Rivas. \u00abLa boca de la literatura\u00bb"},"content":{"rendered":"<p class=\"qtranxs-available-languages-message qtranxs-available-languages-message-en\">Sorry, this entry is only available in <a href=\"https:\/\/fcmanrique.org\/es\/wp-json\/wp\/v2\/fcm_video\/20460\" class=\"qtranxs-available-language-link qtranxs-available-language-link-es\" title=\"ES\">ES<\/a>.<\/p><p><strong>Ciclo. El autor y su obra<\/strong><\/p>\n<p>La Fundaci\u00f3n C\u00e9sar Manrique (FCM) acogi\u00f3 la conferencia titulada <em>La boca de la literatura<\/em>, impartida por el escritor Manuel Rivas. Esta actividad se enmarca dentro de la programaci\u00f3n de actividades del centenario del nacimiento de C\u00e9sar Manrique que la instituci\u00f3n que lleva su nombre celebrar\u00e1 hasta el pr\u00f3ximo 24 de abril de 2020.<\/p>\n<p>Esta conferencia se incluye dentro del ciclo<em> El autor y su obra. Encuentros con<\/em><br \/>\n<em>creadores<\/em>, en el que han participado, entre otros, Jos\u00e9 Saramago, Alberto Campo Baeza, Carmen Mart\u00edn Gaite, Jos\u00e9 \u00c1ngel Valente, Susan Sontag, Juan Goytisolo, Eduardo Galeano, G\u00fcnter Grass, \u00c1ngeles Mastretta, Eduardo Mendoza o Rosa Montero.<\/p>\n<p><strong>Manuel Rivas<\/strong> es narrador, poeta y periodista. Se licenci\u00f3 en Ciencias de la Informaci\u00f3n en la universidad Complutense de Madrid. Ha trabajado en prensa, radio y televisi\u00f3n. Recibi\u00f3 el premio Nacional de Narrativa por su libro de relatos \u201c\u00bfQu\u00e9 me quieres, amor?\u201d, que inspir\u00f3 la pel\u00edcula \u201cLa lengua de las mariposas\u201d.<\/p>\n<p><strong>Leer la cr\u00f3nica de la conferencia:&nbsp;<\/strong><a href=\"https:\/\/fcmanrique.org\/fcm-c-acti-celebrada\/manuel-rivas\/?lang=es\">https:\/\/fcmanrique.org\/fcm-c-acti-celebrada\/manuel-rivas\/?lang=es<\/a><\/p>\n<p><strong>M\u00e1s informaci\u00f3n:&nbsp;<\/strong><a href=\"https:\/\/fcmanrique.org\/wp-content\/uploads\/fc-manrique-conferencia-manuel-rivas.pdf\">Nota de prensa<\/a><\/p>","protected":false},"featured_media":23651,"parent":0,"template":"","meta":{"_acf_changed":false,"ngg_post_thumbnail":0,"footnotes":""},"video_coleccion":[97],"class_list":["post-20460","fcm_video","type-fcm_video","status-publish","has-post-thumbnail","hentry","video_coleccion-conferencia"],"acf":[],"_links":{"self":[{"href":"https:\/\/fcmanrique.org\/en\/wp-json\/wp\/v2\/fcm_video\/20460","targetHints":{"allow":["GET"]}}],"collection":[{"href":"https:\/\/fcmanrique.org\/en\/wp-json\/wp\/v2\/fcm_video"}],"about":[{"href":"https:\/\/fcmanrique.org\/en\/wp-json\/wp\/v2\/types\/fcm_video"}],"version-history":[{"count":10,"href":"https:\/\/fcmanrique.org\/en\/wp-json\/wp\/v2\/fcm_video\/20460\/revisions"}],"predecessor-version":[{"id":23575,"href":"https:\/\/fcmanrique.org\/en\/wp-json\/wp\/v2\/fcm_video\/20460\/revisions\/23575"}],"wp:featuredmedia":[{"embeddable":true,"href":"https:\/\/fcmanrique.org\/en\/wp-json\/wp\/v2\/media\/23651"}],"wp:attachment":[{"href":"https:\/\/fcmanrique.org\/en\/wp-json\/wp\/v2\/media?parent=20460"}],"wp:term":[{"taxonomy":"video_coleccion","embeddable":true,"href":"https:\/\/fcmanrique.org\/en\/wp-json\/wp\/v2\/video_coleccion?post=20460"}],"curies":[{"name":"wp","href":"https:\/\/api.w.org\/{rel}","templated":true}]}}

<p class="qtranxs-available-languages-message qtranxs-available-languages-message-en">Sorry, this entry is only available in <a href="https://fcmanrique.org/es/wp-json/wp/v2/fcm_video/20460" class="qtranxs-available-language-link qtranxs-available-language-link-es" title="ES">ES</a>.</p><p><strong>Ciclo. El autor y su obra</strong></p>
<p>La Fundación César Manrique (FCM) acogió la conferencia titulada <em>La boca de la literatura</em>, impartida por el escritor Manuel Rivas. Esta actividad se enmarca dentro de la programación de actividades del centenario del nacimiento de César Manrique que la institución que lleva su nombre celebrará hasta el próximo 24 de abril de 2020.</p>
<p>Esta conferencia se incluye dentro del ciclo<em> El autor y su obra. Encuentros con</em><br />
<em>creadores</em>, en el que han participado, entre otros, José Saramago, Alberto Campo Baeza, Carmen Martín Gaite, José Ángel Valente, Susan Sontag, Juan Goytisolo, Eduardo Galeano, Günter Grass, Ángeles Mastretta, Eduardo Mendoza o Rosa Montero.</p>
<p><strong>Manuel Rivas</strong> es narrador, poeta y periodista. Se licenció en Ciencias de la Información en la universidad Complutense de Madrid. Ha trabajado en prensa, radio y televisión. Recibió el premio Nacional de Narrativa por su libro de relatos “¿Qué me quieres, amor?”, que inspiró la película “La lengua de las mariposas”.</p>
<p><strong>Leer la crónica de la conferencia:&nbsp;</strong><a href="https://fcmanrique.org/fcm-c-acti-celebrada/manuel-rivas/?lang=es">https://fcmanrique.org/fcm-c-acti-celebrada/manuel-rivas/?lang=es</a></p>
<p><strong>Más información:&nbsp;</strong><a href="https://fcmanrique.org/wp-content/uploads/fc-manrique-conferencia-manuel-rivas.pdf">Nota de prensa</a></p>
