{"id":20535,"date":"2019-10-03T09:37:20","date_gmt":"2019-10-03T09:37:20","guid":{"rendered":"https:\/\/fcmanrique.org\/?post_type=fcm_video&#038;p=20535"},"modified":"2023-06-15T18:09:18","modified_gmt":"2023-06-15T18:09:18","slug":"conferencia-de-simon-marchan-el-embellecimiento-de-una-isla-la-obra-de-arte-total-en-cesar-manrique-3-octubre","status":"publish","type":"fcm_video","link":"https:\/\/fcmanrique.org\/en\/fcm-video\/conferencia-de-simon-marchan-el-embellecimiento-de-una-isla-la-obra-de-arte-total-en-cesar-manrique-3-octubre\/","title":{"rendered":"Sim\u00f3n March\u00e1n. \u00abEl embellecimiento de una isla: la obra de arte total en C\u00e9sar Manrique\u00bb"},"content":{"rendered":"<p class=\"qtranxs-available-languages-message qtranxs-available-languages-message-en\">Sorry, this entry is only available in <a href=\"https:\/\/fcmanrique.org\/es\/wp-json\/wp\/v2\/fcm_video\/20535\" class=\"qtranxs-available-language-link qtranxs-available-language-link-es\" title=\"ES\">ES<\/a>.<\/p><p><strong>Ciclo de conferencias. C\u00e9sar Manrique y sus contextos<\/strong><\/p>\n<p>La conferencia titulada <em>El embellecimiento de una isla: la obra de arte total en C\u00e9sar Manrique<\/em>, impartida por Sim\u00f3n March\u00e1n, una de las personalidades m\u00e1s reconocidas e influyentes de nuestro pa\u00eds en el campo del arte. Esta actividad se enmarca dentro de la programaci\u00f3n del centenario del nacimiento del artista<br \/>\nque la instituci\u00f3n que lleva su nombre celebrar\u00e1 hasta el 24 de abril de 2020.<\/p>\n<p><strong>Sim\u00f3n March\u00e1n<\/strong> es catedr\u00e1tico em\u00e9rito de Est\u00e9tica y Teor\u00eda de las Artes en la Facultad de Filosof\u00eda (UNED, Madrid). Desde 2007, es adem\u00e1s Acad\u00e9mico de N\u00famero de la Real Academia de Bellas Artes de San Fernando.<br \/>\nAnteriormente, fue Profesor de Teor\u00eda de las Artes e Historia de Arte Contempor\u00e1neo en la Facultad de Geograf\u00eda e Historia (Universidades Complutense y Aut\u00f3noma, Madrid), Profesor Titular de Est\u00e9tica y Composici\u00f3n en la Escuela T\u00e9cnica Superior (ETS) de Arquitectura de Madrid, Catedr\u00e1tico de la misma materia bajo la misma denominaci\u00f3n o&nbsp; de Est\u00e9tica y Teor\u00eda de las Artes en las ETS de Arquitectura de Las Palmas y Valladolid, as\u00ed como Director del Departamento de Teor\u00eda e Historia de la Arquitectura y Decano en ambas Facultades.<\/p>\n<p><strong>Leer la cr\u00f3nica de la conferencia:<\/strong>&nbsp;<a href=\"https:\/\/fcmanrique.org\/fcm-c-acti-celebrada\/simon-marchan\/?lang=es\">https:\/\/fcmanrique.org\/fcm-c-acti-celebrada\/simon-marchan\/?lang=es<\/a><\/p>\n<p><strong>M\u00e1s informaci\u00f3n:&nbsp;<\/strong><a href=\"https:\/\/fcmanrique.org\/wp-content\/uploads\/fc-manrique-conferencia-simon-marchan.pdf\" target=\"_blank\" rel=\"noopener noreferrer\">Nota de prensa<\/a><\/p>","protected":false},"featured_media":23652,"parent":0,"template":"","meta":{"_acf_changed":false,"ngg_post_thumbnail":0,"footnotes":""},"video_coleccion":[97],"class_list":["post-20535","fcm_video","type-fcm_video","status-publish","has-post-thumbnail","hentry","video_coleccion-conferencia"],"acf":[],"_links":{"self":[{"href":"https:\/\/fcmanrique.org\/en\/wp-json\/wp\/v2\/fcm_video\/20535","targetHints":{"allow":["GET"]}}],"collection":[{"href":"https:\/\/fcmanrique.org\/en\/wp-json\/wp\/v2\/fcm_video"}],"about":[{"href":"https:\/\/fcmanrique.org\/en\/wp-json\/wp\/v2\/types\/fcm_video"}],"version-history":[{"count":14,"href":"https:\/\/fcmanrique.org\/en\/wp-json\/wp\/v2\/fcm_video\/20535\/revisions"}],"predecessor-version":[{"id":23577,"href":"https:\/\/fcmanrique.org\/en\/wp-json\/wp\/v2\/fcm_video\/20535\/revisions\/23577"}],"wp:featuredmedia":[{"embeddable":true,"href":"https:\/\/fcmanrique.org\/en\/wp-json\/wp\/v2\/media\/23652"}],"wp:attachment":[{"href":"https:\/\/fcmanrique.org\/en\/wp-json\/wp\/v2\/media?parent=20535"}],"wp:term":[{"taxonomy":"video_coleccion","embeddable":true,"href":"https:\/\/fcmanrique.org\/en\/wp-json\/wp\/v2\/video_coleccion?post=20535"}],"curies":[{"name":"wp","href":"https:\/\/api.w.org\/{rel}","templated":true}]}}

Simón Marchán. «El embellecimiento de una isla: la obra de arte total en César Manrique»

<p class="qtranxs-available-languages-message qtranxs-available-languages-message-en">Sorry, this entry is only available in <a href="https://fcmanrique.org/es/wp-json/wp/v2/fcm_video/20535" class="qtranxs-available-language-link qtranxs-available-language-link-es" title="ES">ES</a>.</p><p><strong>Ciclo de conferencias. César Manrique y sus contextos</strong></p>
<p>La conferencia titulada <em>El embellecimiento de una isla: la obra de arte total en César Manrique</em>, impartida por Simón Marchán, una de las personalidades más reconocidas e influyentes de nuestro país en el campo del arte. Esta actividad se enmarca dentro de la programación del centenario del nacimiento del artista<br />
que la institución que lleva su nombre celebrará hasta el 24 de abril de 2020.</p>
<p><strong>Simón Marchán</strong> es catedrático emérito de Estética y Teoría de las Artes en la Facultad de Filosofía (UNED, Madrid). Desde 2007, es además Académico de Número de la Real Academia de Bellas Artes de San Fernando.<br />
Anteriormente, fue Profesor de Teoría de las Artes e Historia de Arte Contemporáneo en la Facultad de Geografía e Historia (Universidades Complutense y Autónoma, Madrid), Profesor Titular de Estética y Composición en la Escuela Técnica Superior (ETS) de Arquitectura de Madrid, Catedrático de la misma materia bajo la misma denominación o&nbsp; de Estética y Teoría de las Artes en las ETS de Arquitectura de Las Palmas y Valladolid, así como Director del Departamento de Teoría e Historia de la Arquitectura y Decano en ambas Facultades.</p>
<p><strong>Leer la crónica de la conferencia:</strong>&nbsp;<a href="https://fcmanrique.org/fcm-c-acti-celebrada/simon-marchan/?lang=es">https://fcmanrique.org/fcm-c-acti-celebrada/simon-marchan/?lang=es</a></p>
<p><strong>Más información:&nbsp;</strong><a href="https://fcmanrique.org/wp-content/uploads/fc-manrique-conferencia-simon-marchan.pdf" target="_blank" rel="noopener noreferrer">Nota de prensa</a></p>
