{"id":20835,"date":"2019-11-11T19:00:57","date_gmt":"2019-11-11T19:00:57","guid":{"rendered":"https:\/\/fcmanrique.org\/?post_type=fcm_video&#038;p=20835"},"modified":"2023-06-15T18:09:18","modified_gmt":"2023-06-15T18:09:18","slug":"conversacion-inaki-gabilondo-y-juan-ignacio-cirac-revolucion-tecnologica-y-computacion-cuantica-hacia-donde-vamos-11-noviembre","status":"publish","type":"fcm_video","link":"https:\/\/fcmanrique.org\/en\/fcm-video\/conversacion-inaki-gabilondo-y-juan-ignacio-cirac-revolucion-tecnologica-y-computacion-cuantica-hacia-donde-vamos-11-noviembre\/","title":{"rendered":"I\u00f1aki Gabilondo y Juan Ignacio Cirac. \u00abRevoluci\u00f3n tecnol\u00f3gica y computaci\u00f3n cu\u00e1ntica: \u00bfHacia d\u00f3nde vamos?\u00bb"},"content":{"rendered":"<p class=\"qtranxs-available-languages-message qtranxs-available-languages-message-en\">Sorry, this entry is only available in <a href=\"https:\/\/fcmanrique.org\/es\/wp-json\/wp\/v2\/fcm_video\/20835\" class=\"qtranxs-available-language-link qtranxs-available-language-link-es\" title=\"ES\">ES<\/a>.<\/p><p><strong>Ciclo. Cuatro conversaciones de futuro<\/strong><\/p>\n<p>I\u00f1aki Gabilondo conversar\u00e1 a lo largo del Centenario con pensadores, f\u00edsicos y geoestrategas.<\/p>\n<p><strong>I\u00f1aki Gabilondo<\/strong>&nbsp;es periodista, con una experiencia de m\u00e1s de cuarenta a\u00f1os en el sector audiovisual, y una referencia indiscutible del periodismo de nuestro pa\u00eds, particularmente desde que cre\u00f3 y dirigi\u00f3 durante veinte a\u00f1os el programa \u201cHoy por hoy\u201d de la Cadena SER,&nbsp; convertido en el programa m\u00e1s escuchado de la historia de la radio con m\u00e1s de 3.300.000 oyentes diarios. En 1981 abandon\u00f3 la SER y se pas\u00f3 a RTVE como director de los Servicios Informativos de Televisi\u00f3n Espa\u00f1ola. En esa etapa vivi\u00f3 el intento de golpe de Estado 23-F, una situaci\u00f3n excepcional de la que se deriv\u00f3 su debut como presentador del Telediario de noche.<\/p>\n<p><strong>Juan Ignacio Cirac<\/strong> es f\u00edsico, experto en computaci\u00f3n cu\u00e1ntica y sus aplicaciones en el campo de la informaci\u00f3n. Su l\u00ednea de investigaci\u00f3n se centra en la teor\u00eda cu\u00e1ntica de la informaci\u00f3n. A su juicio, el ordenador cu\u00e1ntico revolucionar\u00e1 el mundo de la informaci\u00f3n en el sentido m\u00e1s amplio, lo que har\u00e1 posible una comunicaci\u00f3n m\u00e1s eficaz y una mayor seguridad en el tratamiento y transmisi\u00f3n de datos.<\/p>\n<p><strong>Leer la cr\u00f3nica de la conferencia:<\/strong> <a href=\"https:\/\/fcmanrique.org\/fcm-c-acti-celebrada\/gabilondo-y-cirac\/?lang=es\">https:\/\/fcmanrique.org\/fcm-c-acti-celebrada\/gabilondo-y-cirac\/?lang=es<\/a><\/p>\n<p><strong>M\u00e1s informaci\u00f3n: <\/strong><a href=\"https:\/\/fcmanrique.org\/wp-content\/uploads\/fc-manrique-conversacion-i-gabilondo-i-cirac.pdf\">Nota de prensa<\/a><\/p>","protected":false},"featured_media":23643,"parent":0,"template":"","meta":{"_acf_changed":false,"ngg_post_thumbnail":0,"footnotes":""},"video_coleccion":[127],"class_list":["post-20835","fcm_video","type-fcm_video","status-publish","has-post-thumbnail","hentry","video_coleccion-conversacion"],"acf":[],"_links":{"self":[{"href":"https:\/\/fcmanrique.org\/en\/wp-json\/wp\/v2\/fcm_video\/20835","targetHints":{"allow":["GET"]}}],"collection":[{"href":"https:\/\/fcmanrique.org\/en\/wp-json\/wp\/v2\/fcm_video"}],"about":[{"href":"https:\/\/fcmanrique.org\/en\/wp-json\/wp\/v2\/types\/fcm_video"}],"version-history":[{"count":11,"href":"https:\/\/fcmanrique.org\/en\/wp-json\/wp\/v2\/fcm_video\/20835\/revisions"}],"predecessor-version":[{"id":23584,"href":"https:\/\/fcmanrique.org\/en\/wp-json\/wp\/v2\/fcm_video\/20835\/revisions\/23584"}],"wp:featuredmedia":[{"embeddable":true,"href":"https:\/\/fcmanrique.org\/en\/wp-json\/wp\/v2\/media\/23643"}],"wp:attachment":[{"href":"https:\/\/fcmanrique.org\/en\/wp-json\/wp\/v2\/media?parent=20835"}],"wp:term":[{"taxonomy":"video_coleccion","embeddable":true,"href":"https:\/\/fcmanrique.org\/en\/wp-json\/wp\/v2\/video_coleccion?post=20835"}],"curies":[{"name":"wp","href":"https:\/\/api.w.org\/{rel}","templated":true}]}}

Iñaki Gabilondo y Juan Ignacio Cirac. «Revolución tecnológica y computación cuántica: ¿Hacia dónde vamos?»

<p class="qtranxs-available-languages-message qtranxs-available-languages-message-en">Sorry, this entry is only available in <a href="https://fcmanrique.org/es/wp-json/wp/v2/fcm_video/20835" class="qtranxs-available-language-link qtranxs-available-language-link-es" title="ES">ES</a>.</p><p><strong>Ciclo. Cuatro conversaciones de futuro</strong></p>
<p>Iñaki Gabilondo conversará a lo largo del Centenario con pensadores, físicos y geoestrategas.</p>
<p><strong>Iñaki Gabilondo</strong>&nbsp;es periodista, con una experiencia de más de cuarenta años en el sector audiovisual, y una referencia indiscutible del periodismo de nuestro país, particularmente desde que creó y dirigió durante veinte años el programa “Hoy por hoy” de la Cadena SER,&nbsp; convertido en el programa más escuchado de la historia de la radio con más de 3.300.000 oyentes diarios. En 1981 abandonó la SER y se pasó a RTVE como director de los Servicios Informativos de Televisión Española. En esa etapa vivió el intento de golpe de Estado 23-F, una situación excepcional de la que se derivó su debut como presentador del Telediario de noche.</p>
<p><strong>Juan Ignacio Cirac</strong> es físico, experto en computación cuántica y sus aplicaciones en el campo de la información. Su línea de investigación se centra en la teoría cuántica de la información. A su juicio, el ordenador cuántico revolucionará el mundo de la información en el sentido más amplio, lo que hará posible una comunicación más eficaz y una mayor seguridad en el tratamiento y transmisión de datos.</p>
<p><strong>Leer la crónica de la conferencia:</strong> <a href="https://fcmanrique.org/fcm-c-acti-celebrada/gabilondo-y-cirac/?lang=es">https://fcmanrique.org/fcm-c-acti-celebrada/gabilondo-y-cirac/?lang=es</a></p>
<p><strong>Más información: </strong><a href="https://fcmanrique.org/wp-content/uploads/fc-manrique-conversacion-i-gabilondo-i-cirac.pdf">Nota de prensa</a></p>
