{"id":26456,"date":"2025-03-24T08:44:27","date_gmt":"2025-03-24T08:44:27","guid":{"rendered":"https:\/\/fcmanrique.org\/?post_type=fcm_video&#038;p=26456"},"modified":"2025-04-01T13:21:44","modified_gmt":"2025-04-01T13:21:44","slug":"secreto-y-pasion-de-la-literatura","status":"publish","type":"fcm_video","link":"https:\/\/fcmanrique.org\/en\/fcm-video\/secreto-y-pasion-de-la-literatura\/","title":{"rendered":"Presentaci\u00f3n del libro \u00abSecreto y pasi\u00f3n de la literatura\u00bb de Juan Cruz Ruiz"},"content":{"rendered":"<p class=\"qtranxs-available-languages-message qtranxs-available-languages-message-en\">Sorry, this entry is only available in <a href=\"https:\/\/fcmanrique.org\/es\/wp-json\/wp\/v2\/fcm_video\/26456\" class=\"qtranxs-available-language-link qtranxs-available-language-link-es\" title=\"ES\">ES<\/a>.<\/p><p><strong>Presentaci\u00f3n. Libro<\/strong><\/p>\n<p>La Fundaci\u00f3n C\u00e9sar Manrique (FCM) present\u00f3 el pasado jueves 27 de marzo de 2025, el \u00faltimo libro del periodista y escritor Juan Cruz Ruiz titulado <em>Secreto y pasi\u00f3n de la literatura<\/em>. <em>Los escritores en primera persona, de Borges a Almudena Grandes<\/em>, editado por Tusquets. En el acto, que tuvo lugar en la sala Jos\u00e9 Saramago (La Plazuela, Arrecife), tambi\u00e9n estuvo presente la periodista Eva Cruz para conversar sobre la obra con el autor. Adem\u00e1s, fue transmitido en directo a trav\u00e9s de la web y el canal de Youtube de la FCM.<\/p>\n<p><em>Secreto y pasi\u00f3n de la literatura<\/em> es una semblanza de una larga serie de autores imprescindibles en la narrativa hispanoamericana de las \u00faltimas d\u00e9cadas. A lo largo de los a\u00f1os, Juan Cruz pudo conocerlos, tratarlos y entrevistarlos en repetidas ocasiones, lo que le ha permitido trazar este espl\u00e9ndido atlas de la vida literaria y del mundo editorial en lengua espa\u00f1ola.<\/p>\n<p><strong>Cr\u00f3nica de la conferencia:<\/strong> <a href=\"https:\/\/fcmanrique.org\/fcm-actividad\/eva-ruiz-parece-un-libro-sobre-escritores-pero-es-sobre-la-amistad\/?cpg=0\" target=\"_blank\" rel=\"noopener\">Cr\u00f3nica<\/a><\/p>\n<p><strong>M\u00e1s informaci\u00f3n: <\/strong><a href=\"https:\/\/fcmanrique.org\/wp-content\/uploads\/fcmanrique-nota-de-prensa-presentacion-nuevo-libro-juan-cruz.pdf\" target=\"_blank\" rel=\"noopener\">Nota de prensa<\/a><\/p>","protected":false},"featured_media":26611,"parent":0,"template":"","meta":{"_acf_changed":false,"ngg_post_thumbnail":0,"footnotes":""},"video_coleccion":[],"class_list":["post-26456","fcm_video","type-fcm_video","status-publish","has-post-thumbnail","hentry"],"acf":[],"_links":{"self":[{"href":"https:\/\/fcmanrique.org\/en\/wp-json\/wp\/v2\/fcm_video\/26456","targetHints":{"allow":["GET"]}}],"collection":[{"href":"https:\/\/fcmanrique.org\/en\/wp-json\/wp\/v2\/fcm_video"}],"about":[{"href":"https:\/\/fcmanrique.org\/en\/wp-json\/wp\/v2\/types\/fcm_video"}],"version-history":[{"count":23,"href":"https:\/\/fcmanrique.org\/en\/wp-json\/wp\/v2\/fcm_video\/26456\/revisions"}],"predecessor-version":[{"id":26615,"href":"https:\/\/fcmanrique.org\/en\/wp-json\/wp\/v2\/fcm_video\/26456\/revisions\/26615"}],"wp:featuredmedia":[{"embeddable":true,"href":"https:\/\/fcmanrique.org\/en\/wp-json\/wp\/v2\/media\/26611"}],"wp:attachment":[{"href":"https:\/\/fcmanrique.org\/en\/wp-json\/wp\/v2\/media?parent=26456"}],"wp:term":[{"taxonomy":"video_coleccion","embeddable":true,"href":"https:\/\/fcmanrique.org\/en\/wp-json\/wp\/v2\/video_coleccion?post=26456"}],"curies":[{"name":"wp","href":"https:\/\/api.w.org\/{rel}","templated":true}]}}

Presentación del libro «Secreto y pasión de la literatura» de Juan Cruz Ruiz

<p class="qtranxs-available-languages-message qtranxs-available-languages-message-en">Sorry, this entry is only available in <a href="https://fcmanrique.org/es/wp-json/wp/v2/fcm_video/26456" class="qtranxs-available-language-link qtranxs-available-language-link-es" title="ES">ES</a>.</p><p><strong>Presentación. Libro</strong></p>
<p>La Fundación César Manrique (FCM) presentó el pasado jueves 27 de marzo de 2025, el último libro del periodista y escritor Juan Cruz Ruiz titulado <em>Secreto y pasión de la literatura</em>. <em>Los escritores en primera persona, de Borges a Almudena Grandes</em>, editado por Tusquets. En el acto, que tuvo lugar en la sala José Saramago (La Plazuela, Arrecife), también estuvo presente la periodista Eva Cruz para conversar sobre la obra con el autor. Además, fue transmitido en directo a través de la web y el canal de Youtube de la FCM.</p>
<p><em>Secreto y pasión de la literatura</em> es una semblanza de una larga serie de autores imprescindibles en la narrativa hispanoamericana de las últimas décadas. A lo largo de los años, Juan Cruz pudo conocerlos, tratarlos y entrevistarlos en repetidas ocasiones, lo que le ha permitido trazar este espléndido atlas de la vida literaria y del mundo editorial en lengua española.</p>
<p><strong>Crónica de la conferencia:</strong> <a href="https://fcmanrique.org/fcm-actividad/eva-ruiz-parece-un-libro-sobre-escritores-pero-es-sobre-la-amistad/?cpg=0" target="_blank" rel="noopener">Crónica</a></p>
<p><strong>Más información: </strong><a href="https://fcmanrique.org/wp-content/uploads/fcmanrique-nota-de-prensa-presentacion-nuevo-libro-juan-cruz.pdf" target="_blank" rel="noopener">Nota de prensa</a></p>
