{"id":27144,"date":"2025-05-08T19:30:11","date_gmt":"2025-05-08T19:30:11","guid":{"rendered":"https:\/\/fcmanrique.org\/?post_type=fcm_video&#038;p=27144"},"modified":"2025-10-18T20:18:59","modified_gmt":"2025-10-18T20:18:59","slug":"activismo","status":"publish","type":"fcm_video","link":"https:\/\/fcmanrique.org\/en\/fcm-video\/activismo\/","title":{"rendered":"Palabra y compromiso: Al poder se le incomoda. C\u00e9sar Manrique. Activismo"},"content":{"rendered":"<p class=\"qtranxs-available-languages-message qtranxs-available-languages-message-en\">Sorry, this entry is only available in <a href=\"https:\/\/fcmanrique.org\/es\/wp-json\/wp\/v2\/fcm_video\/27144\" class=\"qtranxs-available-language-link qtranxs-available-language-link-es\" title=\"ES\">ES<\/a>.<\/p><p><strong>Presentaci\u00f3n libro<\/strong><\/p>\n<p>La Fundaci\u00f3n C\u00e9sar Manrique (FCM) present\u00f3 el libro-cat\u00e1logo titulado<em> Palabra y compromiso: Al poder se le incomoda<\/em>. <em>C\u00e9sar Manrique. ACTIVISMO, <\/em>el jueves 8 de mayo de 2025, en la Sala Jos\u00e9 Saramago (La Plazuela, Arrecife). En el marco del acto de presentaci\u00f3n, se celebr\u00f3 una mesa redonda en torno a la masificaci\u00f3n tur\u00edstica y sus consecuencias, en la que intervinieron Jaime Coello (director de la Fundaci\u00f3n Telesforo Bravo- Juan Coello, naturalista, gestor, divulgador y activista ambiental), Alfredo D\u00edaz (responsable del Departamento Pedag\u00f3gico de la FCM), Irma Ferrer (abogada), Natalia G. Vargas (periodista de Canarias Ahora especializada en migraciones y derechos humanos) y Felipe Ravina (documentalista y graduado en Ciencias del Mar). La mesa fue moderada por los periodistas Andrea Dom\u00ednguez y Sa\u00fal Garc\u00eda.<\/p>\n<p><strong>Cr\u00f3nica de la conferencia:<\/strong> <a href=\"https:\/\/fcmanrique.org\/fcm-actividad\/gomez-aguilera-las-islas-necesitan-refundar-un-modelo-de-futuro-anclado-en-la-cultura-de-los-limites\/?cpg=1\" target=\"_blank\" rel=\"noopener\">Cr\u00f3nica<\/a><\/p>\n<p><strong>M\u00e1s informaci\u00f3n:<\/strong>&nbsp;<a href=\"https:\/\/fcmanrique.org\/wp-content\/uploads\/np-05.25.-Presentacion-libro-Cesar-Manrique.-ACTIVISMO.pdf\" target=\"_blank\" rel=\"noopener\">Nota de prensa<\/a><\/p>","protected":false},"featured_media":27152,"parent":0,"template":"","meta":{"_acf_changed":false,"ngg_post_thumbnail":0,"footnotes":""},"video_coleccion":[145],"class_list":["post-27144","fcm_video","type-fcm_video","status-publish","has-post-thumbnail","hentry","video_coleccion-presentacion-libro"],"acf":[],"_links":{"self":[{"href":"https:\/\/fcmanrique.org\/en\/wp-json\/wp\/v2\/fcm_video\/27144","targetHints":{"allow":["GET"]}}],"collection":[{"href":"https:\/\/fcmanrique.org\/en\/wp-json\/wp\/v2\/fcm_video"}],"about":[{"href":"https:\/\/fcmanrique.org\/en\/wp-json\/wp\/v2\/types\/fcm_video"}],"version-history":[{"count":12,"href":"https:\/\/fcmanrique.org\/en\/wp-json\/wp\/v2\/fcm_video\/27144\/revisions"}],"predecessor-version":[{"id":27149,"href":"https:\/\/fcmanrique.org\/en\/wp-json\/wp\/v2\/fcm_video\/27144\/revisions\/27149"}],"wp:featuredmedia":[{"embeddable":true,"href":"https:\/\/fcmanrique.org\/en\/wp-json\/wp\/v2\/media\/27152"}],"wp:attachment":[{"href":"https:\/\/fcmanrique.org\/en\/wp-json\/wp\/v2\/media?parent=27144"}],"wp:term":[{"taxonomy":"video_coleccion","embeddable":true,"href":"https:\/\/fcmanrique.org\/en\/wp-json\/wp\/v2\/video_coleccion?post=27144"}],"curies":[{"name":"wp","href":"https:\/\/api.w.org\/{rel}","templated":true}]}}

Palabra y compromiso: Al poder se le incomoda. César Manrique. Activismo

<p class="qtranxs-available-languages-message qtranxs-available-languages-message-en">Sorry, this entry is only available in <a href="https://fcmanrique.org/es/wp-json/wp/v2/fcm_video/27144" class="qtranxs-available-language-link qtranxs-available-language-link-es" title="ES">ES</a>.</p><p><strong>Presentación libro</strong></p>
<p>La Fundación César Manrique (FCM) presentó el libro-catálogo titulado<em> Palabra y compromiso: Al poder se le incomoda</em>. <em>César Manrique. ACTIVISMO, </em>el jueves 8 de mayo de 2025, en la Sala José Saramago (La Plazuela, Arrecife). En el marco del acto de presentación, se celebró una mesa redonda en torno a la masificación turística y sus consecuencias, en la que intervinieron Jaime Coello (director de la Fundación Telesforo Bravo- Juan Coello, naturalista, gestor, divulgador y activista ambiental), Alfredo Díaz (responsable del Departamento Pedagógico de la FCM), Irma Ferrer (abogada), Natalia G. Vargas (periodista de Canarias Ahora especializada en migraciones y derechos humanos) y Felipe Ravina (documentalista y graduado en Ciencias del Mar). La mesa fue moderada por los periodistas Andrea Domínguez y Saúl García.</p>
<p><strong>Crónica de la conferencia:</strong> <a href="https://fcmanrique.org/fcm-actividad/gomez-aguilera-las-islas-necesitan-refundar-un-modelo-de-futuro-anclado-en-la-cultura-de-los-limites/?cpg=1" target="_blank" rel="noopener">Crónica</a></p>
<p><strong>Más información:</strong>&nbsp;<a href="https://fcmanrique.org/wp-content/uploads/np-05.25.-Presentacion-libro-Cesar-Manrique.-ACTIVISMO.pdf" target="_blank" rel="noopener">Nota de prensa</a></p>
