{"id":136,"date":"2015-09-14T13:36:41","date_gmt":"2015-09-14T13:36:41","guid":{"rendered":"https:\/\/fcmanrique.org\/w2015\/?page_id=136"},"modified":"2024-11-29T14:26:52","modified_gmt":"2024-11-29T14:26:52","slug":"departamentos","status":"publish","type":"page","link":"https:\/\/fcmanrique.org\/en\/la-fundacion\/institucion\/departamentos\/","title":{"rendered":"Departments"},"content":{"rendered":"<p><\/p>\n<div class=\"seccion-dividida-principal\">\n<h1>Departments<\/h1>\n<p>&nbsp;<br \/>\n FCM&#8217;s activities revolve primarily around projects in the fields of art, the environment and cultural reflection. Much of the institution\u2019s energies are devoted to conserving, researching and enhancing public awareness of C\u00e9sar Manrique\u2019s oeuvre.<\/p>\n<p>Its management is divided into three areas: Art, Culture and Environment; Administration and Human Resources; and Technical Services and Maintenance.<\/p>\n<p>The Art, Culture and Environment area activities are organised by its six departments.<\/p>\n<h1>Department of Conservation and Plastic Arts<\/h1>\n<p><div id=\"attachment_272\" class=\"wp-caption alignnone\" style=\"max-width: 610px;\"><a href=\"https:\/\/fcmanrique.org\/wp-content\/uploads\/fundacion-cesar-manrique-departamento-de-conservacion-artes-plasticas.jpg\"><img loading=\"lazy\" decoding=\"async\" src=\"https:\/\/fcmanrique.org\/wp-content\/uploads\/fundacion-cesar-manrique-departamento-de-conservacion-artes-plasticas.jpg\" alt=\"Fundacion C\u00e9sar Manrique. Departamento de Conservaci\u00f3n y Artes Pl\u00e1sticas\" width=\"600\" height=\"401\" class=\"size-full wp-image-272\" srcset=\"https:\/\/fcmanrique.org\/wp-content\/uploads\/fundacion-cesar-manrique-departamento-de-conservacion-artes-plasticas.jpg 600w, https:\/\/fcmanrique.org\/wp-content\/uploads\/fundacion-cesar-manrique-departamento-de-conservacion-artes-plasticas-300x201.jpg 300w\" sizes=\"auto, (max-width: 600px) 100vw, 600px\" \/><\/a><p class=\"wp-caption-text\">Dep\u00f3sito de la FCM<\/p><\/div><br \/>\nThis department conducts museum-specific tasks, conserves and disseminates C\u00e9sar Manrique\u2019s oeuvre, runs the temporary exhibit programme and collaborates with other institutions in the area of the plastic arts.<br \/>\n&nbsp;<br \/>\n&nbsp;<\/p>\n<h1>Land Management and Environment Department<\/h1>\n<p><div id=\"attachment_279\" class=\"wp-caption alignnone\" style=\"max-width: 610px;\"><img loading=\"lazy\" decoding=\"async\" src=\"https:\/\/fcmanrique.org\/wp-content\/uploads\/fundacion-cesar-manrique-leo-bassi-salvar-geria.jpg\" alt=\"Fundacion C\u00e9sar Manrique. Departamento de Territorio y Medio Ambiente\" width=\"600\" height=\"401\" class=\"size-full wp-image-279\" srcset=\"https:\/\/fcmanrique.org\/wp-content\/uploads\/fundacion-cesar-manrique-leo-bassi-salvar-geria.jpg 600w, https:\/\/fcmanrique.org\/wp-content\/uploads\/fundacion-cesar-manrique-leo-bassi-salvar-geria-300x201.jpg 300w\" sizes=\"auto, (max-width: 600px) 100vw, 600px\" \/><p class=\"wp-caption-text\">Leo Bassi. Campa\u00f1a Salvar La Geria<br \/><\/p><\/div><br \/>\nThis department defines FCM\u2019s public positions on land management and environmental issues. It also engages in FCM\u2019s environmental- and land management-related educational activity.<\/p>\n<p>It delivers courses on the environment, formulates environmental write-ups, seeks authorised legal opinion and files appeals in public information proceedings. It participates actively in island forums on nature and land management.<br \/>\n&nbsp;<br \/>\n&nbsp;<\/p>\n<h1>Cultural Programmes Department<\/h1>\n<p>&nbsp;<br \/>\n<img loading=\"lazy\" decoding=\"async\" src=\"https:\/\/fcmanrique.org\/wp-content\/uploads\/fundacion-cesar-manrique-departamento-programas-culturales.jpg\" alt=\"Fundacion C\u00e9sar Manrique. Departamento de Programas Culturales\" width=\"600\" height=\"401\" class=\"alignnone size-full wp-image-276\" srcset=\"https:\/\/fcmanrique.org\/wp-content\/uploads\/fundacion-cesar-manrique-departamento-programas-culturales.jpg 600w, https:\/\/fcmanrique.org\/wp-content\/uploads\/fundacion-cesar-manrique-departamento-programas-culturales-300x201.jpg 300w\" sizes=\"auto, (max-width: 600px) 100vw, 600px\" \/><\/p>\n<p>This department programmes the institution\u2019s cultural activities. It organises conference series, seminars, debates, round tables, workshops and courses on public space, landscape, culture and critical thinking.<br \/>\n&nbsp;<br \/>\n&nbsp;<\/p>\n<h1>Education Department<\/h1>\n<p><div id=\"attachment_277\" class=\"wp-caption alignnone\" style=\"max-width: 610px;\"><img loading=\"lazy\" decoding=\"async\" src=\"https:\/\/fcmanrique.org\/wp-content\/uploads\/fundacion-cesar-manrique-departamento-pedagogico.jpg\" alt=\"Fundacion C\u00e9sar Manrique. Departamento Pedag\u00f3gico\" width=\"600\" height=\"401\" class=\"size-full wp-image-277\" srcset=\"https:\/\/fcmanrique.org\/wp-content\/uploads\/fundacion-cesar-manrique-departamento-pedagogico.jpg 600w, https:\/\/fcmanrique.org\/wp-content\/uploads\/fundacion-cesar-manrique-departamento-pedagogico-300x201.jpg 300w\" sizes=\"auto, (max-width: 600px) 100vw, 600px\" \/><p class=\"wp-caption-text\">Trabajos durante la exposici\u00f3n Washington Barcala<\/p><\/div><br \/>\nThe Education Department is a bridge running between FCM&#8217;s museum and environmental activities and its museum visitors. One of its main objectives is to interest the school-age population in contemporary art and the specificity of its materials and language, as well as to heighten children\u2019s sensitivity through direct contact with plastic art.<\/p>\n<p>It also aims to facilitate educators\u2019 work by furnishing them with teaching materials. It furthers encounters, reflection and analysis to empower and infuse vim into an approach to education that favours new social behaviour toward nature.  Another of its focuses is the enhancement of public awareness of C\u00e9sar Manrique\u2019s oeuvre and approach to the environment.<br \/>\n&nbsp;<br \/>\n&nbsp;<\/p>\n<h1>Publications Service<\/h1>\n<p>&nbsp;<br \/>\n<img loading=\"lazy\" decoding=\"async\" src=\"https:\/\/fcmanrique.org\/wp-content\/uploads\/fundacion-cesar-manrique-publicaciones.jpg\" alt=\"Fundacion C\u00e9sar Manrique. Servicio de Publicaciones\" width=\"600\" height=\"401\" class=\"alignnone size-full wp-image-275\" srcset=\"https:\/\/fcmanrique.org\/wp-content\/uploads\/fundacion-cesar-manrique-publicaciones.jpg 600w, https:\/\/fcmanrique.org\/wp-content\/uploads\/fundacion-cesar-manrique-publicaciones-300x201.jpg 300w\" sizes=\"auto, (max-width: 600px) 100vw, 600px\" \/><\/p>\n<p>Fundaci\u00f3n C\u00e9sar Manrique. Publications <\/p>\n<p>Pursuant to FCM&#8217;s plastic, environmental and cultural objectives, the Publications Service implements an editorial policy associated with the institution\u2018s aims and activities.<br \/>\n&nbsp;<br \/>\n&nbsp;<\/p>\n<h1>Library And Archives Department<\/h1>\n<p><div id=\"attachment_278\" class=\"wp-caption alignnone\" style=\"max-width: 610px;\"><img loading=\"lazy\" decoding=\"async\" src=\"https:\/\/fcmanrique.org\/wp-content\/uploads\/fundacion-cesar-manrique-departamento-archivo-biblioteca.jpg\" alt=\"Fundacion C\u00e9sar Manrique. Departamento de Archivo - Biblioteca\" width=\"600\" height=\"401\" class=\"size-full wp-image-278\" srcset=\"https:\/\/fcmanrique.org\/wp-content\/uploads\/fundacion-cesar-manrique-departamento-archivo-biblioteca.jpg 600w, https:\/\/fcmanrique.org\/wp-content\/uploads\/fundacion-cesar-manrique-departamento-archivo-biblioteca-300x201.jpg 300w\" sizes=\"auto, (max-width: 600px) 100vw, 600px\" \/><p class=\"wp-caption-text\">Biblioteca de la FCM<\/p><\/div><br \/>\nThis department catalogues the foundation\u2019s bibliographic, graphic and audio-visual collections. It also implements a document acquisitions policy in support of FCM&#8217;s areas of specialisation. It participates in a publications exchange programme with other libraries, publishers and institutions.<\/p>\n<p>Lastly, it is responsible for the library specialising in contemporary art and the environment, the art-nature-public art document centre and the foundation\u2019s library and archives dealing specifically with C\u00e9sar Manrique.<\/p>\n<\/div>\n<div class=\"seccion-dividida-secundaria\">\n<div class='submenu-secundario'><li><a href='https:\/\/fcmanrique.org\/en\/la-fundacion\/institucion\/' class='boton inactive'>Institution<\/a><\/li><li><a href='https:\/\/fcmanrique.org\/en\/la-fundacion\/institucion\/naturaleza-y-objetivos\/' class='boton inactive'>Nature and objectives<\/a><\/li><li><a href='https:\/\/fcmanrique.org\/en\/la-fundacion\/institucion\/espacios\/' class='boton inactive'>Premises<\/a><\/li><\/div>\n<\/div>\n<p>&nbsp;<\/p>","protected":false},"excerpt":{"rendered":"<p>Departments &nbsp; FCM&#8217;s activities revolve primarily around projects in the fields of art, the environment and cultural reflection. Much of the institution\u2019s energies are devoted to conserving, researching and enhancing public awareness of C\u00e9sar Manrique\u2019s oeuvre. Its management is divided into three areas: Art, Culture and Environment; Administration and Human Resources; and Technical Services and&#8230; <a href=\"https:\/\/fcmanrique.org\/en\/la-fundacion\/institucion\/departamentos\/\" class=\"readmore\">Contin\u00faa leyendo \u2192<\/a><\/p>\n","protected":false},"author":1,"featured_media":0,"parent":22,"menu_order":2,"comment_status":"closed","ping_status":"closed","template":"","meta":{"_acf_changed":false,"ngg_post_thumbnail":0,"footnotes":""},"class_list":["post-136","page","type-page","status-publish","hentry"],"acf":[],"_links":{"self":[{"href":"https:\/\/fcmanrique.org\/en\/wp-json\/wp\/v2\/pages\/136","targetHints":{"allow":["GET"]}}],"collection":[{"href":"https:\/\/fcmanrique.org\/en\/wp-json\/wp\/v2\/pages"}],"about":[{"href":"https:\/\/fcmanrique.org\/en\/wp-json\/wp\/v2\/types\/page"}],"author":[{"embeddable":true,"href":"https:\/\/fcmanrique.org\/en\/wp-json\/wp\/v2\/users\/1"}],"replies":[{"embeddable":true,"href":"https:\/\/fcmanrique.org\/en\/wp-json\/wp\/v2\/comments?post=136"}],"version-history":[{"count":18,"href":"https:\/\/fcmanrique.org\/en\/wp-json\/wp\/v2\/pages\/136\/revisions"}],"predecessor-version":[{"id":26319,"href":"https:\/\/fcmanrique.org\/en\/wp-json\/wp\/v2\/pages\/136\/revisions\/26319"}],"up":[{"embeddable":true,"href":"https:\/\/fcmanrique.org\/en\/wp-json\/wp\/v2\/pages\/22"}],"wp:attachment":[{"href":"https:\/\/fcmanrique.org\/en\/wp-json\/wp\/v2\/media?parent=136"}],"curies":[{"name":"wp","href":"https:\/\/api.w.org\/{rel}","templated":true}]}}

<p></p>
<div class="seccion-dividida-principal">
<h1>Departments</h1>
<p>&nbsp;<br />
 FCM&#8217;s activities revolve primarily around projects in the fields of art, the environment and cultural reflection. Much of the institution’s energies are devoted to conserving, researching and enhancing public awareness of César Manrique’s oeuvre.</p>
<p>Its management is divided into three areas: Art, Culture and Environment; Administration and Human Resources; and Technical Services and Maintenance.</p>
<p>The Art, Culture and Environment area activities are organised by its six departments.</p>
<h1>Department of Conservation and Plastic Arts</h1>
<p><div id="attachment_272" class="wp-caption alignnone" style="max-width: 610px;"><a href="https://fcmanrique.org/wp-content/uploads/fundacion-cesar-manrique-departamento-de-conservacion-artes-plasticas.jpg"><img loading="lazy" decoding="async" src="https://fcmanrique.org/wp-content/uploads/fundacion-cesar-manrique-departamento-de-conservacion-artes-plasticas.jpg" alt="Fundacion César Manrique. Departamento de Conservación y Artes Plásticas" width="600" height="401" class="size-full wp-image-272" srcset="https://fcmanrique.org/wp-content/uploads/fundacion-cesar-manrique-departamento-de-conservacion-artes-plasticas.jpg 600w, https://fcmanrique.org/wp-content/uploads/fundacion-cesar-manrique-departamento-de-conservacion-artes-plasticas-300x201.jpg 300w" sizes="auto, (max-width: 600px) 100vw, 600px" /></a><p class="wp-caption-text">Depósito de la FCM</p></div><br />
This department conducts museum-specific tasks, conserves and disseminates César Manrique’s oeuvre, runs the temporary exhibit programme and collaborates with other institutions in the area of the plastic arts.<br />
&nbsp;<br />
&nbsp;</p>
<h1>Land Management and Environment Department</h1>
<p><div id="attachment_279" class="wp-caption alignnone" style="max-width: 610px;"><img loading="lazy" decoding="async" src="https://fcmanrique.org/wp-content/uploads/fundacion-cesar-manrique-leo-bassi-salvar-geria.jpg" alt="Fundacion César Manrique. Departamento de Territorio y Medio Ambiente" width="600" height="401" class="size-full wp-image-279" srcset="https://fcmanrique.org/wp-content/uploads/fundacion-cesar-manrique-leo-bassi-salvar-geria.jpg 600w, https://fcmanrique.org/wp-content/uploads/fundacion-cesar-manrique-leo-bassi-salvar-geria-300x201.jpg 300w" sizes="auto, (max-width: 600px) 100vw, 600px" /><p class="wp-caption-text">Leo Bassi. Campaña Salvar La Geria<br /></p></div><br />
This department defines FCM’s public positions on land management and environmental issues. It also engages in FCM’s environmental- and land management-related educational activity.</p>
<p>It delivers courses on the environment, formulates environmental write-ups, seeks authorised legal opinion and files appeals in public information proceedings. It participates actively in island forums on nature and land management.<br />
&nbsp;<br />
&nbsp;</p>
<h1>Cultural Programmes Department</h1>
<p>&nbsp;<br />
<img loading="lazy" decoding="async" src="https://fcmanrique.org/wp-content/uploads/fundacion-cesar-manrique-departamento-programas-culturales.jpg" alt="Fundacion César Manrique. Departamento de Programas Culturales" width="600" height="401" class="alignnone size-full wp-image-276" srcset="https://fcmanrique.org/wp-content/uploads/fundacion-cesar-manrique-departamento-programas-culturales.jpg 600w, https://fcmanrique.org/wp-content/uploads/fundacion-cesar-manrique-departamento-programas-culturales-300x201.jpg 300w" sizes="auto, (max-width: 600px) 100vw, 600px" /></p>
<p>This department programmes the institution’s cultural activities. It organises conference series, seminars, debates, round tables, workshops and courses on public space, landscape, culture and critical thinking.<br />
&nbsp;<br />
&nbsp;</p>
<h1>Education Department</h1>
<p><div id="attachment_277" class="wp-caption alignnone" style="max-width: 610px;"><img loading="lazy" decoding="async" src="https://fcmanrique.org/wp-content/uploads/fundacion-cesar-manrique-departamento-pedagogico.jpg" alt="Fundacion César Manrique. Departamento Pedagógico" width="600" height="401" class="size-full wp-image-277" srcset="https://fcmanrique.org/wp-content/uploads/fundacion-cesar-manrique-departamento-pedagogico.jpg 600w, https://fcmanrique.org/wp-content/uploads/fundacion-cesar-manrique-departamento-pedagogico-300x201.jpg 300w" sizes="auto, (max-width: 600px) 100vw, 600px" /><p class="wp-caption-text">Trabajos durante la exposición Washington Barcala</p></div><br />
The Education Department is a bridge running between FCM&#8217;s museum and environmental activities and its museum visitors. One of its main objectives is to interest the school-age population in contemporary art and the specificity of its materials and language, as well as to heighten children’s sensitivity through direct contact with plastic art.</p>
<p>It also aims to facilitate educators’ work by furnishing them with teaching materials. It furthers encounters, reflection and analysis to empower and infuse vim into an approach to education that favours new social behaviour toward nature.  Another of its focuses is the enhancement of public awareness of César Manrique’s oeuvre and approach to the environment.<br />
&nbsp;<br />
&nbsp;</p>
<h1>Publications Service</h1>
<p>&nbsp;<br />
<img loading="lazy" decoding="async" src="https://fcmanrique.org/wp-content/uploads/fundacion-cesar-manrique-publicaciones.jpg" alt="Fundacion César Manrique. Servicio de Publicaciones" width="600" height="401" class="alignnone size-full wp-image-275" srcset="https://fcmanrique.org/wp-content/uploads/fundacion-cesar-manrique-publicaciones.jpg 600w, https://fcmanrique.org/wp-content/uploads/fundacion-cesar-manrique-publicaciones-300x201.jpg 300w" sizes="auto, (max-width: 600px) 100vw, 600px" /></p>
<p>Fundación César Manrique. Publications </p>
<p>Pursuant to FCM&#8217;s plastic, environmental and cultural objectives, the Publications Service implements an editorial policy associated with the institution‘s aims and activities.<br />
&nbsp;<br />
&nbsp;</p>
<h1>Library And Archives Department</h1>
<p><div id="attachment_278" class="wp-caption alignnone" style="max-width: 610px;"><img loading="lazy" decoding="async" src="https://fcmanrique.org/wp-content/uploads/fundacion-cesar-manrique-departamento-archivo-biblioteca.jpg" alt="Fundacion César Manrique. Departamento de Archivo - Biblioteca" width="600" height="401" class="size-full wp-image-278" srcset="https://fcmanrique.org/wp-content/uploads/fundacion-cesar-manrique-departamento-archivo-biblioteca.jpg 600w, https://fcmanrique.org/wp-content/uploads/fundacion-cesar-manrique-departamento-archivo-biblioteca-300x201.jpg 300w" sizes="auto, (max-width: 600px) 100vw, 600px" /><p class="wp-caption-text">Biblioteca de la FCM</p></div><br />
This department catalogues the foundation’s bibliographic, graphic and audio-visual collections. It also implements a document acquisitions policy in support of FCM&#8217;s areas of specialisation. It participates in a publications exchange programme with other libraries, publishers and institutions.</p>
<p>Lastly, it is responsible for the library specialising in contemporary art and the environment, the art-nature-public art document centre and the foundation’s library and archives dealing specifically with César Manrique.</p>
</div>
<div class="seccion-dividida-secundaria">
<div class='submenu-secundario'><li><a href='https://fcmanrique.org/en/la-fundacion/institucion/' class='boton inactive'>Institution</a></li><li><a href='https://fcmanrique.org/en/la-fundacion/institucion/naturaleza-y-objetivos/' class='boton inactive'>Nature and objectives</a></li><li><a href='https://fcmanrique.org/en/la-fundacion/institucion/espacios/' class='boton inactive'>Premises</a></li></div>
</div>
<p>&nbsp;</p>

<p>Departments &nbsp; FCM&#8217;s activities revolve primarily around projects in the fields of art, the environment and cultural reflection. Much of the institution’s energies are devoted to conserving, researching and enhancing public awareness of César Manrique’s oeuvre. Its management is divided into three areas: Art, Culture and Environment; Administration and Human Resources; and Technical Services and&#8230; <a href="https://fcmanrique.org/en/la-fundacion/institucion/departamentos/" class="readmore">Continúa leyendo →</a></p>
