{"id":138,"date":"2015-09-14T13:37:07","date_gmt":"2015-09-14T13:37:07","guid":{"rendered":"https:\/\/fcmanrique.org\/w2015\/?page_id=138"},"modified":"2016-08-30T12:07:28","modified_gmt":"2016-08-30T12:07:28","slug":"espacios","status":"publish","type":"page","link":"https:\/\/fcmanrique.org\/en\/la-fundacion\/institucion\/espacios\/","title":{"rendered":"Premises"},"content":{"rendered":"<p><\/p>\n<div class=\"seccion-dividida-principal\">\n<h1>Fundaci\u00f3n C\u00e9sar Manrique (headquarters)<\/h1>\n<p>&nbsp;<br \/>\n<img loading=\"lazy\" decoding=\"async\" src=\"https:\/\/fcmanrique.org\/wp-content\/uploads\/fundacion-cesar-manrique-sede.jpg\" alt=\"Fundacion C\u00e9sar Manrique. Sede\" width=\"600\" height=\"402\" class=\"alignnone size-full wp-image-335\" srcset=\"https:\/\/fcmanrique.org\/wp-content\/uploads\/fundacion-cesar-manrique-sede.jpg 600w, https:\/\/fcmanrique.org\/wp-content\/uploads\/fundacion-cesar-manrique-sede-300x201.jpg 300w\" sizes=\"auto, (max-width: 600px) 100vw, 600px\" \/><\/p>\n<p>The complex that presently constitutes Fundaci\u00f3n C\u00e9sar Manrique\u2019s HQ was once the artist\u2019s home (now a museum open to visitors), with its service quarters and a garage, all sited at Taro de Tah\u00edche. These areas were recycled by the artist himself to house the museum and its administrative and service infrastructures.<\/p>\n<p>The foundation\u2019s main offices are located  alongside the museum in the former service quarters, reconditioned prior to the creation of FCM.<\/p>\n<p>The building\u2019s 340 m\u00b2 accommodate the reception and administration areas, library, executive suite and FCM\u2019s Conservation, Land Management and Environment, Culture, Communication and Education Departments.  <\/p>\n<p>The office is open to the public Monday through Friday from 8:30 AM to 3:30 PM.<\/p>\n<p>Telephone: +34 928 84 31 38<\/p>\n<p>The service area (bar and shop) occupy the former garage.<\/p>\n<h1>C\u00e9sar Manrique\u2019s Museum and Home at Har\u00eda<\/h1>\n<p>&nbsp;<br \/>\n<img loading=\"lazy\" decoding=\"async\" src=\"https:\/\/fcmanrique.org\/wp-content\/uploads\/fundacion-cesar-manrique-casa-haria.jpg\" alt=\"Fundacion C\u00e9sar Manrique. Casa Har\u00eda\" width=\"600\" height=\"401\" class=\"alignnone size-full wp-image-248\" srcset=\"https:\/\/fcmanrique.org\/wp-content\/uploads\/fundacion-cesar-manrique-casa-haria.jpg 600w, https:\/\/fcmanrique.org\/wp-content\/uploads\/fundacion-cesar-manrique-casa-haria-300x201.jpg 300w\" sizes=\"auto, (max-width: 600px) 100vw, 600px\" \/><\/p>\n<p>In 1988, C\u00e9sar Manrique moved from Taro de Tah\u00edche to Har\u00eda. There he built a home over the ruins of a former rural manor located on an estate measuring 11 261 m\u00b2, reconditioned and remodelled by the artist in keeping with the island\u2019s vernacular architecture. He kept some walls and materials, but true to his hybrid approach, he also included a few modern elements, such as a bathroom, in which he applied his original vision of that functional space along the lines of ideas implemented at Taro de Tah\u00edche.<\/p>\n<p>With its square floor plan surrounded by a generously sized palm grove, the house originally had two inner courtyards, a balcony, three bedrooms, two bathrooms, two small sitting rooms, a kitchen and a living room with a stone hearth. Manrique used stone and wood profusely as his core materials.<\/p>\n<p>The typology, space and personality of this second home differ substantially from the atmosphere prevailing at Taro de Tah\u00edche. More private, cosier and conventional, set in a former palm grove, the Har\u00eda home stands as proof of the artist\u2019s personality in its good taste, allusions to traditional architecture and subtle interaction with the historic and natural environment, eschewing any dramatic effect. He recycled materials and used objects devoid of context, exhibited merely for their aesthetic value.<\/p>\n<p>He also annexed an apartment to the main building for his service personnel. The enlargement undertaken in 1992 was left unfinished upon his death.<\/p>\n<p>The estate had two structures detached from the main building: a garage and a large, half-buried studio. <\/p>\n<h1>Residence and studio<\/h1>\n<p>&nbsp;<br \/>\n<img loading=\"lazy\" decoding=\"async\" src=\"https:\/\/fcmanrique.org\/wp-content\/uploads\/fundacion-cesar-manrique-residencia-taller.jpg\" alt=\"Fundacion C\u00e9sar Manrique. Residencia Taller\" width=\"600\" height=\"401\" class=\"alignnone size-full wp-image-250\" srcset=\"https:\/\/fcmanrique.org\/wp-content\/uploads\/fundacion-cesar-manrique-residencia-taller.jpg 600w, https:\/\/fcmanrique.org\/wp-content\/uploads\/fundacion-cesar-manrique-residencia-taller-300x201.jpg 300w\" sizes=\"auto, (max-width: 600px) 100vw, 600px\" \/><\/p>\n<p>Pursuant to its policy of enhancing the institution\u2019s infrastructure, FCM has purchased an estate and respective manor house adjacent to its headquarters. The house, which will be refurbished, has been enlarged with a new-build structure intended as a studio. The complex will serve as a workspace for artists and creators participating in FCM\u2019s Resident Artists programme. The studio will also be used for educational and cultural purposes to supplement the foundation\u2019s present facilities.<\/p>\n<p>The 434 m\u00b2 studio, authored by Palerm &#038; Tabares de Nava architects, has been carefully designed to harmonise with the specific nature of the site. <\/p>\n<h1>Jos\u00e9 Saramago Hall (Arrecife)<\/h1>\n<p>&nbsp;<br \/>\n<img loading=\"lazy\" decoding=\"async\" src=\"https:\/\/fcmanrique.org\/wp-content\/uploads\/fundacion-cesar-manrique-sala-jose-saramago1.jpg\" alt=\"Fundacion C\u00e9sar Manrique. Sala Jos\u00e9 Saramago\" width=\"600\" height=\"401\" class=\"alignnone size-full wp-image-242\" srcset=\"https:\/\/fcmanrique.org\/wp-content\/uploads\/fundacion-cesar-manrique-sala-jose-saramago1.jpg 600w, https:\/\/fcmanrique.org\/wp-content\/uploads\/fundacion-cesar-manrique-sala-jose-saramago1-300x201.jpg 300w\" sizes=\"auto, (max-width: 600px) 100vw, 600px\" \/><\/p>\n<p>Jos\u00e9 Saramago Hall is sited at Plaza de la Constituci\u00f3n in Arrecife, capital city of Lanzarote. This building houses a C\u00e9sar Manrique reading and research area and rooms for cultural activities and encounters. <\/p>\n<p>Its 205 m\u00b2 are fitted with environmental control as well as audio, visual and lighting services.<\/p>\n<p>It opened on 24 November 2007 on the occasion of the exhibition \u2018Jos\u00e9 Saramago: the consistency of dreams\u2019, attended by Jos\u00e9 Saramago in person as well as Spain\u2019s erstwhile Minister of Culture, C\u00e9sar Antonio Molina.<\/p>\n<p>Jos\u00e9 Saramago Hall was designed by architect Luis D\u00edaz Feria.<\/p>\n<\/div>\n<div class=\"seccion-dividida-secundaria\">\n<div class='submenu-secundario'><li><a href='https:\/\/fcmanrique.org\/en\/la-fundacion\/institucion\/' class='boton inactive'>Institution<\/a><\/li><li><a href='https:\/\/fcmanrique.org\/en\/la-fundacion\/institucion\/naturaleza-y-objetivos\/' class='boton inactive'>Nature and objectives<\/a><\/li><li><a href='https:\/\/fcmanrique.org\/en\/la-fundacion\/institucion\/departamentos\/' class='boton inactive'>Departments<\/a><\/li><\/div>\n<\/div>\n<p>&nbsp;<\/p>","protected":false},"excerpt":{"rendered":"<p>Fundaci\u00f3n C\u00e9sar Manrique (headquarters) &nbsp; The complex that presently constitutes Fundaci\u00f3n C\u00e9sar Manrique\u2019s HQ was once the artist\u2019s home (now a museum open to visitors), with its service quarters and a garage, all sited at Taro de Tah\u00edche. These areas were recycled by the artist himself to house the museum and its administrative and service&#8230; <a href=\"https:\/\/fcmanrique.org\/en\/la-fundacion\/institucion\/espacios\/\" class=\"readmore\">Contin\u00faa leyendo \u2192<\/a><\/p>\n","protected":false},"author":1,"featured_media":0,"parent":22,"menu_order":3,"comment_status":"closed","ping_status":"closed","template":"","meta":{"_acf_changed":false,"ngg_post_thumbnail":0,"footnotes":""},"class_list":["post-138","page","type-page","status-publish","hentry"],"acf":[],"_links":{"self":[{"href":"https:\/\/fcmanrique.org\/en\/wp-json\/wp\/v2\/pages\/138","targetHints":{"allow":["GET"]}}],"collection":[{"href":"https:\/\/fcmanrique.org\/en\/wp-json\/wp\/v2\/pages"}],"about":[{"href":"https:\/\/fcmanrique.org\/en\/wp-json\/wp\/v2\/types\/page"}],"author":[{"embeddable":true,"href":"https:\/\/fcmanrique.org\/en\/wp-json\/wp\/v2\/users\/1"}],"replies":[{"embeddable":true,"href":"https:\/\/fcmanrique.org\/en\/wp-json\/wp\/v2\/comments?post=138"}],"version-history":[{"count":14,"href":"https:\/\/fcmanrique.org\/en\/wp-json\/wp\/v2\/pages\/138\/revisions"}],"predecessor-version":[{"id":522,"href":"https:\/\/fcmanrique.org\/en\/wp-json\/wp\/v2\/pages\/138\/revisions\/522"}],"up":[{"embeddable":true,"href":"https:\/\/fcmanrique.org\/en\/wp-json\/wp\/v2\/pages\/22"}],"wp:attachment":[{"href":"https:\/\/fcmanrique.org\/en\/wp-json\/wp\/v2\/media?parent=138"}],"curies":[{"name":"wp","href":"https:\/\/api.w.org\/{rel}","templated":true}]}}

<p></p>
<div class="seccion-dividida-principal">
<h1>Fundación César Manrique (headquarters)</h1>
<p>&nbsp;<br />
<img loading="lazy" decoding="async" src="https://fcmanrique.org/wp-content/uploads/fundacion-cesar-manrique-sede.jpg" alt="Fundacion César Manrique. Sede" width="600" height="402" class="alignnone size-full wp-image-335" srcset="https://fcmanrique.org/wp-content/uploads/fundacion-cesar-manrique-sede.jpg 600w, https://fcmanrique.org/wp-content/uploads/fundacion-cesar-manrique-sede-300x201.jpg 300w" sizes="auto, (max-width: 600px) 100vw, 600px" /></p>
<p>The complex that presently constitutes Fundación César Manrique’s HQ was once the artist’s home (now a museum open to visitors), with its service quarters and a garage, all sited at Taro de Tahíche. These areas were recycled by the artist himself to house the museum and its administrative and service infrastructures.</p>
<p>The foundation’s main offices are located  alongside the museum in the former service quarters, reconditioned prior to the creation of FCM.</p>
<p>The building’s 340 m² accommodate the reception and administration areas, library, executive suite and FCM’s Conservation, Land Management and Environment, Culture, Communication and Education Departments.  </p>
<p>The office is open to the public Monday through Friday from 8:30 AM to 3:30 PM.</p>
<p>Telephone: +34 928 84 31 38</p>
<p>The service area (bar and shop) occupy the former garage.</p>
<h1>César Manrique’s Museum and Home at Haría</h1>
<p>&nbsp;<br />
<img loading="lazy" decoding="async" src="https://fcmanrique.org/wp-content/uploads/fundacion-cesar-manrique-casa-haria.jpg" alt="Fundacion César Manrique. Casa Haría" width="600" height="401" class="alignnone size-full wp-image-248" srcset="https://fcmanrique.org/wp-content/uploads/fundacion-cesar-manrique-casa-haria.jpg 600w, https://fcmanrique.org/wp-content/uploads/fundacion-cesar-manrique-casa-haria-300x201.jpg 300w" sizes="auto, (max-width: 600px) 100vw, 600px" /></p>
<p>In 1988, César Manrique moved from Taro de Tahíche to Haría. There he built a home over the ruins of a former rural manor located on an estate measuring 11 261 m², reconditioned and remodelled by the artist in keeping with the island’s vernacular architecture. He kept some walls and materials, but true to his hybrid approach, he also included a few modern elements, such as a bathroom, in which he applied his original vision of that functional space along the lines of ideas implemented at Taro de Tahíche.</p>
<p>With its square floor plan surrounded by a generously sized palm grove, the house originally had two inner courtyards, a balcony, three bedrooms, two bathrooms, two small sitting rooms, a kitchen and a living room with a stone hearth. Manrique used stone and wood profusely as his core materials.</p>
<p>The typology, space and personality of this second home differ substantially from the atmosphere prevailing at Taro de Tahíche. More private, cosier and conventional, set in a former palm grove, the Haría home stands as proof of the artist’s personality in its good taste, allusions to traditional architecture and subtle interaction with the historic and natural environment, eschewing any dramatic effect. He recycled materials and used objects devoid of context, exhibited merely for their aesthetic value.</p>
<p>He also annexed an apartment to the main building for his service personnel. The enlargement undertaken in 1992 was left unfinished upon his death.</p>
<p>The estate had two structures detached from the main building: a garage and a large, half-buried studio. </p>
<h1>Residence and studio</h1>
<p>&nbsp;<br />
<img loading="lazy" decoding="async" src="https://fcmanrique.org/wp-content/uploads/fundacion-cesar-manrique-residencia-taller.jpg" alt="Fundacion César Manrique. Residencia Taller" width="600" height="401" class="alignnone size-full wp-image-250" srcset="https://fcmanrique.org/wp-content/uploads/fundacion-cesar-manrique-residencia-taller.jpg 600w, https://fcmanrique.org/wp-content/uploads/fundacion-cesar-manrique-residencia-taller-300x201.jpg 300w" sizes="auto, (max-width: 600px) 100vw, 600px" /></p>
<p>Pursuant to its policy of enhancing the institution’s infrastructure, FCM has purchased an estate and respective manor house adjacent to its headquarters. The house, which will be refurbished, has been enlarged with a new-build structure intended as a studio. The complex will serve as a workspace for artists and creators participating in FCM’s Resident Artists programme. The studio will also be used for educational and cultural purposes to supplement the foundation’s present facilities.</p>
<p>The 434 m² studio, authored by Palerm &#038; Tabares de Nava architects, has been carefully designed to harmonise with the specific nature of the site. </p>
<h1>José Saramago Hall (Arrecife)</h1>
<p>&nbsp;<br />
<img loading="lazy" decoding="async" src="https://fcmanrique.org/wp-content/uploads/fundacion-cesar-manrique-sala-jose-saramago1.jpg" alt="Fundacion César Manrique. Sala José Saramago" width="600" height="401" class="alignnone size-full wp-image-242" srcset="https://fcmanrique.org/wp-content/uploads/fundacion-cesar-manrique-sala-jose-saramago1.jpg 600w, https://fcmanrique.org/wp-content/uploads/fundacion-cesar-manrique-sala-jose-saramago1-300x201.jpg 300w" sizes="auto, (max-width: 600px) 100vw, 600px" /></p>
<p>José Saramago Hall is sited at Plaza de la Constitución in Arrecife, capital city of Lanzarote. This building houses a César Manrique reading and research area and rooms for cultural activities and encounters. </p>
<p>Its 205 m² are fitted with environmental control as well as audio, visual and lighting services.</p>
<p>It opened on 24 November 2007 on the occasion of the exhibition ‘José Saramago: the consistency of dreams’, attended by José Saramago in person as well as Spain’s erstwhile Minister of Culture, César Antonio Molina.</p>
<p>José Saramago Hall was designed by architect Luis Díaz Feria.</p>
</div>
<div class="seccion-dividida-secundaria">
<div class='submenu-secundario'><li><a href='https://fcmanrique.org/en/la-fundacion/institucion/' class='boton inactive'>Institution</a></li><li><a href='https://fcmanrique.org/en/la-fundacion/institucion/naturaleza-y-objetivos/' class='boton inactive'>Nature and objectives</a></li><li><a href='https://fcmanrique.org/en/la-fundacion/institucion/departamentos/' class='boton inactive'>Departments</a></li></div>
</div>
<p>&nbsp;</p>

<p>Fundación César Manrique (headquarters) &nbsp; The complex that presently constitutes Fundación César Manrique’s HQ was once the artist’s home (now a museum open to visitors), with its service quarters and a garage, all sited at Taro de Tahíche. These areas were recycled by the artist himself to house the museum and its administrative and service&#8230; <a href="https://fcmanrique.org/en/la-fundacion/institucion/espacios/" class="readmore">Continúa leyendo →</a></p>
