{"id":13955,"date":"2005-10-06T00:00:00","date_gmt":"2005-10-06T00:00:00","guid":{"rendered":"https:\/\/fcmanrique.org\/fcm-actividad\/planes-de-movilidad-sostenible\/"},"modified":"2023-11-29T15:18:25","modified_gmt":"2023-11-29T15:18:25","slug":"planes-de-movilidad-sostenible","status":"publish","type":"fcm_actividad","link":"https:\/\/fcmanrique.org\/fr\/fcm-actividad\/planes-de-movilidad-sostenible\/","title":{"rendered":"Taller \u00abPlanes de movilidad sostenible\u00bb"},"content":{"rendered":"<p class=\"qtranxs-available-languages-message qtranxs-available-languages-message-fr\">D\u00e9sol\u00e9, cet article est seulement disponible en <a href=\"https:\/\/fcmanrique.org\/es\/wp-json\/wp\/v2\/fcm_actividad\/13955\" class=\"qtranxs-available-language-link qtranxs-available-language-link-es\" title=\"ES\">ES<\/a>.<\/p><p><\/p>\n<p class=\"MsoNormal\" style=\"text-align: left;\"><span style=\"ofont-family: Arial;\">Los d\u00edas 6 y 7 de octubre de 2005, se celebr\u00f3 el taller <strong><em>Planes de movilidad sostenible<\/em><\/strong>, impartido por Manuel Herce, doctor Ingeniero de Caminos, licenciado en ciencias pol\u00edticas y, en la actualidad, director del Departamento de Transporte y Territorio de la Universidad Polit\u00e9cnica de Barcelona.<\/span><\/p>\n<p class=\"MsoNormal\" style=\"text-align: left;\"><span style=\"ofont-family: Arial; color: black;\"><strong>Manuel Herce<\/strong> ha sido director de urbanismo del \u00c1rea Metropolitana de Barcelona, director del \u00d3rgano de construcci\u00f3n de la Villa Ol\u00edmpica de Barcelona, miembro del grupo rector de la plataforma log\u00edstica puerto-aeropuerto de Barcelona, y asesor de los ayuntamientos de R\u00edo de Janeiro, Bogot\u00e1, Barcelona, Cartagena de Indias, Tegucigalpa, Monterrey y Lima. Ha redactado y dirigido media docena de planes de ordenaci\u00f3n y un centenar de obras urbanas. Es autor de varios libros, Premio Nacional de Urbanismo 1980, y en la actualidad asesor de movilidad de varios municipios e instituciones catalanas.<\/span><\/p>\n<p class=\"MsoNormal\" style=\"text-align: left;\"><span style=\"ofont-family: Arial;\">El taller <em>Planes de movilidad sostenible<\/em> const\u00f3 de cuatro sesiones. Se dividi\u00f3 en una parte te\u00f3rica en la que se trataron, entre otros, los siguientes temas: las formas de movilidad y su cuant\u00eda seg\u00fan tama\u00f1os de poblaci\u00f3n; la movilidad como respuesta a la oferta de sistemas de transporte; la l\u00f3gica de la denominada movilidad sostenible; y aplicaci\u00f3n de las medidas de movilidad. En la parte pr\u00e1ctica, se expusieron ejemplos de diversos planes de movilidad sostenible en municipios espa\u00f1oles. Al final de cada jornada tuvo lugar un debate entre los asistentes.<\/span><\/p>\n<p class=\"MsoNormal\" style=\"text-align: left;\"><span style=\"ofont-family: Arial;\">Manuel Herce denunci\u00f3 la dif\u00edcil sostenibilidad de un sistema que supone un derroche de energ\u00eda y conlleva una ocupaci\u00f3n indiscriminada del territorio, como consecuencia de la extensi\u00f3n de la plusval\u00eda urbana a lo largo de carreteras, lo que ha llevado a replantearse no solo el modo en que se enfoca la movilidad sino tambi\u00e9n las t\u00e9cnicas de respuesta a su creciente demanda.<\/span><\/p>\n<p><\/p>","protected":false},"featured_media":24757,"parent":0,"template":"","meta":{"_acf_changed":false,"ngg_post_thumbnail":0,"footnotes":""},"actividad_tipo":[35],"actividad_lugar":[46],"actividad_departamento":[29],"actividad_ciclo":[],"class_list":["post-13955","fcm_actividad","type-fcm_actividad","status-publish","has-post-thumbnail","hentry","actividad_tipo-cursos-y-talleres","actividad_lugar-lugar-fcm","actividad_departamento-departamento-de-territorio-y-medio-ambiente"],"acf":[],"_links":{"self":[{"href":"https:\/\/fcmanrique.org\/fr\/wp-json\/wp\/v2\/fcm_actividad\/13955","targetHints":{"allow":["GET"]}}],"collection":[{"href":"https:\/\/fcmanrique.org\/fr\/wp-json\/wp\/v2\/fcm_actividad"}],"about":[{"href":"https:\/\/fcmanrique.org\/fr\/wp-json\/wp\/v2\/types\/fcm_actividad"}],"version-history":[{"count":2,"href":"https:\/\/fcmanrique.org\/fr\/wp-json\/wp\/v2\/fcm_actividad\/13955\/revisions"}],"predecessor-version":[{"id":24759,"href":"https:\/\/fcmanrique.org\/fr\/wp-json\/wp\/v2\/fcm_actividad\/13955\/revisions\/24759"}],"wp:featuredmedia":[{"embeddable":true,"href":"https:\/\/fcmanrique.org\/fr\/wp-json\/wp\/v2\/media\/24757"}],"wp:attachment":[{"href":"https:\/\/fcmanrique.org\/fr\/wp-json\/wp\/v2\/media?parent=13955"}],"wp:term":[{"taxonomy":"actividad_tipo","embeddable":true,"href":"https:\/\/fcmanrique.org\/fr\/wp-json\/wp\/v2\/actividad_tipo?post=13955"},{"taxonomy":"actividad_lugar","embeddable":true,"href":"https:\/\/fcmanrique.org\/fr\/wp-json\/wp\/v2\/actividad_lugar?post=13955"},{"taxonomy":"actividad_departamento","embeddable":true,"href":"https:\/\/fcmanrique.org\/fr\/wp-json\/wp\/v2\/actividad_departamento?post=13955"},{"taxonomy":"actividad_ciclo","embeddable":true,"href":"https:\/\/fcmanrique.org\/fr\/wp-json\/wp\/v2\/actividad_ciclo?post=13955"}],"curies":[{"name":"wp","href":"https:\/\/api.w.org\/{rel}","templated":true}]}}

<p class="qtranxs-available-languages-message qtranxs-available-languages-message-fr">Désolé, cet article est seulement disponible en <a href="https://fcmanrique.org/es/wp-json/wp/v2/fcm_actividad/13955" class="qtranxs-available-language-link qtranxs-available-language-link-es" title="ES">ES</a>.</p><p></p>
<p class="MsoNormal" style="text-align: left;"><span style="ofont-family: Arial;">Los días 6 y 7 de octubre de 2005, se celebró el taller <strong><em>Planes de movilidad sostenible</em></strong>, impartido por Manuel Herce, doctor Ingeniero de Caminos, licenciado en ciencias políticas y, en la actualidad, director del Departamento de Transporte y Territorio de la Universidad Politécnica de Barcelona.</span></p>
<p class="MsoNormal" style="text-align: left;"><span style="ofont-family: Arial; color: black;"><strong>Manuel Herce</strong> ha sido director de urbanismo del Área Metropolitana de Barcelona, director del Órgano de construcción de la Villa Olímpica de Barcelona, miembro del grupo rector de la plataforma logística puerto-aeropuerto de Barcelona, y asesor de los ayuntamientos de Río de Janeiro, Bogotá, Barcelona, Cartagena de Indias, Tegucigalpa, Monterrey y Lima. Ha redactado y dirigido media docena de planes de ordenación y un centenar de obras urbanas. Es autor de varios libros, Premio Nacional de Urbanismo 1980, y en la actualidad asesor de movilidad de varios municipios e instituciones catalanas.</span></p>
<p class="MsoNormal" style="text-align: left;"><span style="ofont-family: Arial;">El taller <em>Planes de movilidad sostenible</em> constó de cuatro sesiones. Se dividió en una parte teórica en la que se trataron, entre otros, los siguientes temas: las formas de movilidad y su cuantía según tamaños de población; la movilidad como respuesta a la oferta de sistemas de transporte; la lógica de la denominada movilidad sostenible; y aplicación de las medidas de movilidad. En la parte práctica, se expusieron ejemplos de diversos planes de movilidad sostenible en municipios españoles. Al final de cada jornada tuvo lugar un debate entre los asistentes.</span></p>
<p class="MsoNormal" style="text-align: left;"><span style="ofont-family: Arial;">Manuel Herce denunció la difícil sostenibilidad de un sistema que supone un derroche de energía y conlleva una ocupación indiscriminada del territorio, como consecuencia de la extensión de la plusvalía urbana a lo largo de carreteras, lo que ha llevado a replantearse no solo el modo en que se enfoca la movilidad sino también las técnicas de respuesta a su creciente demanda.</span></p>
<p></p>
