{"id":14035,"date":"2000-03-29T00:00:00","date_gmt":"2000-03-29T00:00:00","guid":{"rendered":"https:\/\/fcmanrique.org\/fcm-actividad\/alegaciones-al-pupa\/"},"modified":"2024-10-04T12:12:00","modified_gmt":"2024-10-04T12:12:00","slug":"alegaciones-al-pupa","status":"publish","type":"fcm_actividad","link":"https:\/\/fcmanrique.org\/fr\/fcm-actividad\/alegaciones-al-pupa\/","title":{"rendered":"Alegaciones al Plan de Utilizaci\u00f3n de los Espacios Portuarios (PUPA)"},"content":{"rendered":"<p class=\"qtranxs-available-languages-message qtranxs-available-languages-message-fr\">D\u00e9sol\u00e9, cet article est seulement disponible en <a href=\"https:\/\/fcmanrique.org\/es\/wp-json\/wp\/v2\/fcm_actividad\/14035\" class=\"qtranxs-available-language-link qtranxs-available-language-link-es\" title=\"ES\">ES<\/a>.<\/p><p>El 29 de marzo de 2000, la FCM, durante el periodo de informaci\u00f3n p\u00fablica, present\u00f3 alegaciones al Plan de Utilizaci\u00f3n de los Espacios Portuarios de Arrecife (PUPA), aprobado por el Consejo de Administraci\u00f3n Portuaria de Las Palmas.<\/p>\n<p>Las alegaciones expresaban que el Plan aprobado no reconoc\u00eda que una buena parte&nbsp; del litoral de Arrecife constituye un bien patrimonial hist\u00f3rico y que los redactores del PUPA incurren en un grave error al estimar usos y proyectar tr\u00e1ficos futuros a partir de una concepci\u00f3n exponencial del crecimiento de Lanzarote. Este proceso parece traslucir intenciones privatizadoras del suelo y usos comerciales, con cuya habilitaci\u00f3n se deteriora notablemente tanto el car\u00e1cter p\u00fablico que debe tener la zona como sus valores naturales, paisaj\u00edsticos e hist\u00f3ricos. Por lo tanto, la FCM solicit\u00f3 la retirada del PUPA y la redacci\u00f3n de un Plan alternativo que delimite su zona atendiendo&nbsp; a usos portuarios justificados y renunciando a cualquier voluntad urban\u00edstica&nbsp; en el frente litoral de Arrecife, fomentando un proceso participativo que acompa\u00f1e a su nueva redacci\u00f3n. Y, en cualquier caso, desafectando la zona comprendida entre el islote del Franc\u00e9s y el islote de La Fermina.<\/p>\n<p><strong>Documento completo:<\/strong> <a class=\"materiales-obj\" href=\"\/recursos\/actividad\/alegaciones PUPA.pdf\">Alegaciones FCM al PUPA<\/a><\/p>","protected":false},"featured_media":26059,"parent":0,"template":"","meta":{"_acf_changed":false,"ngg_post_thumbnail":0,"footnotes":""},"actividad_tipo":[39],"actividad_lugar":[46],"actividad_departamento":[29],"actividad_ciclo":[],"class_list":["post-14035","fcm_actividad","type-fcm_actividad","status-publish","has-post-thumbnail","hentry","actividad_tipo-informes-y-alegaciones","actividad_lugar-lugar-fcm","actividad_departamento-departamento-de-territorio-y-medio-ambiente"],"acf":[],"_links":{"self":[{"href":"https:\/\/fcmanrique.org\/fr\/wp-json\/wp\/v2\/fcm_actividad\/14035","targetHints":{"allow":["GET"]}}],"collection":[{"href":"https:\/\/fcmanrique.org\/fr\/wp-json\/wp\/v2\/fcm_actividad"}],"about":[{"href":"https:\/\/fcmanrique.org\/fr\/wp-json\/wp\/v2\/types\/fcm_actividad"}],"version-history":[{"count":3,"href":"https:\/\/fcmanrique.org\/fr\/wp-json\/wp\/v2\/fcm_actividad\/14035\/revisions"}],"predecessor-version":[{"id":25956,"href":"https:\/\/fcmanrique.org\/fr\/wp-json\/wp\/v2\/fcm_actividad\/14035\/revisions\/25956"}],"wp:featuredmedia":[{"embeddable":true,"href":"https:\/\/fcmanrique.org\/fr\/wp-json\/wp\/v2\/media\/26059"}],"wp:attachment":[{"href":"https:\/\/fcmanrique.org\/fr\/wp-json\/wp\/v2\/media?parent=14035"}],"wp:term":[{"taxonomy":"actividad_tipo","embeddable":true,"href":"https:\/\/fcmanrique.org\/fr\/wp-json\/wp\/v2\/actividad_tipo?post=14035"},{"taxonomy":"actividad_lugar","embeddable":true,"href":"https:\/\/fcmanrique.org\/fr\/wp-json\/wp\/v2\/actividad_lugar?post=14035"},{"taxonomy":"actividad_departamento","embeddable":true,"href":"https:\/\/fcmanrique.org\/fr\/wp-json\/wp\/v2\/actividad_departamento?post=14035"},{"taxonomy":"actividad_ciclo","embeddable":true,"href":"https:\/\/fcmanrique.org\/fr\/wp-json\/wp\/v2\/actividad_ciclo?post=14035"}],"curies":[{"name":"wp","href":"https:\/\/api.w.org\/{rel}","templated":true}]}}

Alegaciones al Plan de Utilización de los Espacios Portuarios (PUPA)

<p class="qtranxs-available-languages-message qtranxs-available-languages-message-fr">Désolé, cet article est seulement disponible en <a href="https://fcmanrique.org/es/wp-json/wp/v2/fcm_actividad/14035" class="qtranxs-available-language-link qtranxs-available-language-link-es" title="ES">ES</a>.</p><p>El 29 de marzo de 2000, la FCM, durante el periodo de información pública, presentó alegaciones al Plan de Utilización de los Espacios Portuarios de Arrecife (PUPA), aprobado por el Consejo de Administración Portuaria de Las Palmas.</p>
<p>Las alegaciones expresaban que el Plan aprobado no reconocía que una buena parte&nbsp; del litoral de Arrecife constituye un bien patrimonial histórico y que los redactores del PUPA incurren en un grave error al estimar usos y proyectar tráficos futuros a partir de una concepción exponencial del crecimiento de Lanzarote. Este proceso parece traslucir intenciones privatizadoras del suelo y usos comerciales, con cuya habilitación se deteriora notablemente tanto el carácter público que debe tener la zona como sus valores naturales, paisajísticos e históricos. Por lo tanto, la FCM solicitó la retirada del PUPA y la redacción de un Plan alternativo que delimite su zona atendiendo&nbsp; a usos portuarios justificados y renunciando a cualquier voluntad urbanística&nbsp; en el frente litoral de Arrecife, fomentando un proceso participativo que acompañe a su nueva redacción. Y, en cualquier caso, desafectando la zona comprendida entre el islote del Francés y el islote de La Fermina.</p>
<p><strong>Documento completo:</strong> <a class="materiales-obj" href="/recursos/actividad/alegaciones PUPA.pdf">Alegaciones FCM al PUPA</a></p>
