{"id":14458,"date":"2012-09-27T00:00:00","date_gmt":"2012-09-27T00:00:00","guid":{"rendered":"https:\/\/fcmanrique.org\/fcm-actividad\/se-esta-lesgislando-para-desmontar\/"},"modified":"2018-06-25T13:16:54","modified_gmt":"2018-06-25T13:16:54","slug":"se-esta-lesgislando-para-desmontar","status":"publish","type":"fcm_actividad","link":"https:\/\/fcmanrique.org\/fr\/fcm-actividad\/se-esta-lesgislando-para-desmontar\/","title":{"rendered":"<em>Se est\u00e1 lesgislando para desmontar todo lo que se ha hecho<\/em>"},"content":{"rendered":"<p class=\"qtranxs-available-languages-message qtranxs-available-languages-message-fr\">D\u00e9sol\u00e9, cet article est seulement disponible en <a href=\"https:\/\/fcmanrique.org\/es\/wp-json\/wp\/v2\/fcm_actividad\/14458\" class=\"qtranxs-available-language-link qtranxs-available-language-link-es\" title=\"ES\">ES<\/a>.<\/p><p><!-- [if gte mso 9]><xml>\n\nNormal\n0\n21\n\nfalse\nfalse\nfalse\n\nMicrosoftInternetExplorer4\n\n<\/xml><![endif]--><\/p>\n<p style=\"text-align: justify;\">Wolfredo Wildpret, Faustino Garc\u00eda M\u00e1rquez, Fernando Prats y Federico Aguilera Klink, los cuatro invitados a la mesa redonda celebrada el 27 de septiembre de 2012, <em>C\u00e9sar Manrique. Una conciencia pionera de los l\u00edmites<\/em><em><span style=\"ofont-style: normal;\">, <\/span><\/em><span style=\"ofont-style: normal;\">comenzaron relatando, tras la introducci\u00f3n del periodista Gregorio Cabrera, uno de los dos moderadores junto a Jaime Puig, su primer recuerdo sobre la figura de C\u00e9sar Manrique. Tras su intervenci\u00f3n inicial, Wildpret, catedr\u00e1tico de Bot\u00e1nica, calific\u00f3 a Manrique como \u201cun profeta de lo que ha ocurrido en Canarias\u201d y dijo que le asombr\u00f3 de \u00e9l su valent\u00eda y su coherencia, as\u00ed como su inteligencia natural. Termin\u00f3 hablando de Lanzarote, de la que dijo que en los \u00faltimos a\u00f1os ha perdido gran parte de su valor. &nbsp;<\/span><\/p>\n<p style=\"text-align: justify;\">\n<span style=\"ofont-style: normal;\">El arquitecto Faustino Garc\u00eda M\u00e1rquez retom\u00f3 el hilo para se\u00f1alar que se ha producido en la isla una p\u00e9rdida paulatina y constante y que Canarias es el relato de un fracaso por haber construido discursos de sostenibilidad coherentes plasmados en el planeamiento pero que no se han llevado a la pr\u00e1ctica \u201cseguramente porque quienes propugnaban esas soluciones no cre\u00edan en ellas\u201d. <\/span><\/p>\n<p style=\"text-align: justify;\"><span style=\"ofont-style: normal;\">Por su parte, el urbanista Fernando Prats dijo sobre C\u00e9sar que fue un genio y un visionario y que a\u00fan hoy en d\u00eda su visi\u00f3n sobre la \u00e9tica y el medio ambiente sigue siendo pionera porque C\u00e9sar alud\u00eda a los l\u00edmites de la isla cuando nadie hablaba de ellos. \u201cComo l\u00edder social, hoy ser\u00eda un maestro en el 15-M\u201d, a\u00f1adi\u00f3.<\/span><\/p>\n<p style=\"text-align: justify;\"><span style=\"ofont-style: normal;\">Federico Aguilera Klink, que no conoci\u00f3 al artista, dijo que su escuela, como reconoce Manrique en sus escritos, fue su capacidad de asombro, y destac\u00f3 la necesidad de cambiar la educaci\u00f3n \u201cporque aprendemos a perder el juicio pero con t\u00edtulos\u201d. \u201cEl desastre financiero lo han montado personas que han estudiado en las mejores universidades\u201d, apunt\u00f3 Prats.&nbsp;<\/span><\/p>\n<p style=\"text-align: justify;\"><span style=\"ofont-style: normal;\">Los ponentes hablaron sobre el modelo de desarrollo de Espa\u00f1a, de Canarias y de Lanzarote y sobre su futuro. Garc\u00eda M\u00e1rquez dijo que se debe recuperar la visi\u00f3n de que existen l\u00edmites. Para Wildpret, el modelo actual se ha acabado y los gobernantes no tienen ni iniciativa ni ideas. \u201cSe debe producir una revoluci\u00f3n porque hay un retroceso incluso en las libertades\u201d, asegur\u00f3, y puso como ejemplo el caso del puerto de Granadilla para ilustrar que los poderes f\u00e1cticos siguen controlando el poder pol\u00edtico en Canarias. Seg\u00fan <\/span>Aguilera Klink, \u201ca la conciencia de los l\u00edmites que vamos teniendo se opone la educaci\u00f3n, que te ense\u00f1a que no hay l\u00edmites\u201d. Destac\u00f3 que el desarrollo econ\u00f3mico est\u00e1 saqueando el Planeta y que \u201cestamos en un estado de guerra continua\u201d.<\/p>\n<p style=\"text-align: justify;\">Prats volvi\u00f3 al caso de Lanzarote para preguntarse la diferencia entre el prestigio de la isla en el exterior y la autocr\u00edtica interna y se respondi\u00f3 que \u201cen Lanzarote nos medimos con lo que pudo ser, con ese Camelot ut\u00f3pico que so\u00f1\u00f3 Manrique\u201d, y en el que crey\u00f3 la poblaci\u00f3n. Ahora, seg\u00fan Prats, el verdadero problema es que la sociedad est\u00e1 incluso pero que el territorio, afirmando que \u201co renace (la sociedad civil), o no hay nada que hacer\u201d. Afirm\u00f3 que hoy no se puede comprender nada sin entender que estamos en un cambio de \u00e9poca profundo porque hay un desbordamiento de los l\u00edmites del Planeta, con dos tercios de los ecosistemas b\u00e1sicos en riesgo \u201cy frente a esto no hay el m\u00e1s m\u00ednimo debate, obnubilados por la crisis econ\u00f3mica\u201d.<\/p>\n<p style=\"text-align: justify;\">Respecto al futuro de Canarias, Garc\u00eda M\u00e1rquez habl\u00f3 de las nuevas leyes de armonizaci\u00f3n para la recualificaci\u00f3n tur\u00edstica que prepara el Gobierno de Canarias: \u201cSe est\u00e1 legislando para desmontar todo lo que se ha hecho\u201d, dijo, y aport\u00f3 varios datos: la afluencia de turistas a Canarias entre 1999 y 2010 baj\u00f3 un trece por ciento mientras que las plazas alojativas crecieron un 22%, y en Lanzarote aumentaron un 34 por ciento; o que en 15 a\u00f1os, entre 1987 y 2002, se asfalt\u00f3, se urbaniz\u00f3 y se construy\u00f3 en Lanzarote el 60 por ciento de la superficie que se hab\u00eda urbanizado en toda su historia. Sin embargo, en lugar de volver a poner l\u00edmites \u201cahora vuelven a cambiar la legislaci\u00f3n para acelerar esos procesos. La Ley de armonizaci\u00f3n y sobre todo, la recualificaci\u00f3n, es el fin de los l\u00edmites, porque se liberaliza la posibilidad de construir hoteles de cinco estrellas y es posible que, en el tr\u00e1mite parlamentario, se ampl\u00ede esa posibilidad a los de cuatro ya que as\u00ed lo ha pedido el Consejo Econ\u00f3mico y Social de Canarias. Lo que viene es un aceler\u00f3n\u201d, se\u00f1al\u00f3 recordando el caso de las Directrices del&nbsp;Turismo de 2003, que intentaron contener el crecimiento y que \u201ccuando se terminaron de redactar comenz\u00f3 su voladura oficial\u201d.<\/p>\n<p style=\"text-align: justify;\">Prats coincidi\u00f3 con Garc\u00eda M\u00e1rquez en que esas nuevas leyes incentivan el crecimiento a pesar de que est\u00e1n basadas en la renovaci\u00f3n como clave, y finaliz\u00f3 sus intervenciones alertando del atasco del modelo tur\u00edstico de la costa en Espa\u00f1a, algo que reconoce la propia patronal tur\u00edstica Exceltur, porque bajan las pernoctaciones, los ingresos y los precios. Tambi\u00e9n apunt\u00f3 a la energ\u00eda como el mayor de los retos para Canarias y dijo que pocos sitios como Lanzarote est\u00e1n tan preparados para afrontar ese reto. Aguilera Klink afirm\u00f3 que el binomio crecimiento y creaci\u00f3n de puestos de trabajo es falso y que hay que aprender a vivir de otra manera, mientras que Wildpret dijo que en estos momentos de crisis, quedarse en silencio y resignarse es un delito, y respecto al futuro de Canarias asegur\u00f3 que tiene dos recursos: el clima (\u201cque es de lo poco que no nos podemos cargar los canarios\u201d) y el paisaje, que vuelve a estar amenazado. Garc\u00eda M\u00e1rquez concluy\u00f3 hablando de la huella ecol\u00f3gica y se\u00f1alando que si todos los habitantes del Planeta vivieran con las condiciones que lo hacen los habitantes del primer mundo \u201cnecesitar\u00edamos diez planetas y medio para vivir\u201d.<\/p>\n<p><!-- [if gte mso 9]><![endif]--><!-- [if !mso]>\n\n\n\n<style>\nst1:*{behavior:url(#ieooui) }<br \/>\n<\/style>\n\n<![endif]--><!-- [if gte mso 10]>\n\n\n\n<style>\n \/* Style Definitions *\/<br \/>\n table.MsoNormalTable<br \/>\n\t{mso-style-name:\"Tabla normal\";<br \/>\n\tmso-style-parent:\"\";<br \/>\n\t\"Times New Roman\";}<br \/>\n<\/style>\n\n<![endif]--><\/p>","protected":false},"featured_media":14459,"parent":0,"template":"","meta":{"_acf_changed":false,"ngg_post_thumbnail":0,"footnotes":""},"actividad_tipo":[37],"actividad_lugar":[49],"actividad_departamento":[31],"actividad_ciclo":[],"class_list":["post-14458","fcm_actividad","type-fcm_actividad","status-publish","has-post-thumbnail","hentry","actividad_tipo-otras-actividades","actividad_lugar-lugar-sala-saramago","actividad_departamento-departamento-de-programas-culturales"],"acf":[],"_links":{"self":[{"href":"https:\/\/fcmanrique.org\/fr\/wp-json\/wp\/v2\/fcm_actividad\/14458","targetHints":{"allow":["GET"]}}],"collection":[{"href":"https:\/\/fcmanrique.org\/fr\/wp-json\/wp\/v2\/fcm_actividad"}],"about":[{"href":"https:\/\/fcmanrique.org\/fr\/wp-json\/wp\/v2\/types\/fcm_actividad"}],"version-history":[{"count":1,"href":"https:\/\/fcmanrique.org\/fr\/wp-json\/wp\/v2\/fcm_actividad\/14458\/revisions"}],"predecessor-version":[{"id":17260,"href":"https:\/\/fcmanrique.org\/fr\/wp-json\/wp\/v2\/fcm_actividad\/14458\/revisions\/17260"}],"wp:featuredmedia":[{"embeddable":true,"href":"https:\/\/fcmanrique.org\/fr\/wp-json\/wp\/v2\/media\/14459"}],"wp:attachment":[{"href":"https:\/\/fcmanrique.org\/fr\/wp-json\/wp\/v2\/media?parent=14458"}],"wp:term":[{"taxonomy":"actividad_tipo","embeddable":true,"href":"https:\/\/fcmanrique.org\/fr\/wp-json\/wp\/v2\/actividad_tipo?post=14458"},{"taxonomy":"actividad_lugar","embeddable":true,"href":"https:\/\/fcmanrique.org\/fr\/wp-json\/wp\/v2\/actividad_lugar?post=14458"},{"taxonomy":"actividad_departamento","embeddable":true,"href":"https:\/\/fcmanrique.org\/fr\/wp-json\/wp\/v2\/actividad_departamento?post=14458"},{"taxonomy":"actividad_ciclo","embeddable":true,"href":"https:\/\/fcmanrique.org\/fr\/wp-json\/wp\/v2\/actividad_ciclo?post=14458"}],"curies":[{"name":"wp","href":"https:\/\/api.w.org\/{rel}","templated":true}]}}

<em>Se está lesgislando para desmontar todo lo que se ha hecho</em>

<p class="qtranxs-available-languages-message qtranxs-available-languages-message-fr">Désolé, cet article est seulement disponible en <a href="https://fcmanrique.org/es/wp-json/wp/v2/fcm_actividad/14458" class="qtranxs-available-language-link qtranxs-available-language-link-es" title="ES">ES</a>.</p><p><!-- [if gte mso 9]><xml>

Normal
0
21

false
false
false

MicrosoftInternetExplorer4

</xml><![endif]--></p>
<p style="text-align: justify;">Wolfredo Wildpret, Faustino García Márquez, Fernando Prats y Federico Aguilera Klink, los cuatro invitados a la mesa redonda celebrada el 27 de septiembre de 2012, <em>César Manrique. Una conciencia pionera de los límites</em><em><span style="ofont-style: normal;">, </span></em><span style="ofont-style: normal;">comenzaron relatando, tras la introducción del periodista Gregorio Cabrera, uno de los dos moderadores junto a Jaime Puig, su primer recuerdo sobre la figura de César Manrique. Tras su intervención inicial, Wildpret, catedrático de Botánica, calificó a Manrique como “un profeta de lo que ha ocurrido en Canarias” y dijo que le asombró de él su valentía y su coherencia, así como su inteligencia natural. Terminó hablando de Lanzarote, de la que dijo que en los últimos años ha perdido gran parte de su valor. &nbsp;</span></p>
<p style="text-align: justify;">
<span style="ofont-style: normal;">El arquitecto Faustino García Márquez retomó el hilo para señalar que se ha producido en la isla una pérdida paulatina y constante y que Canarias es el relato de un fracaso por haber construido discursos de sostenibilidad coherentes plasmados en el planeamiento pero que no se han llevado a la práctica “seguramente porque quienes propugnaban esas soluciones no creían en ellas”. </span></p>
<p style="text-align: justify;"><span style="ofont-style: normal;">Por su parte, el urbanista Fernando Prats dijo sobre César que fue un genio y un visionario y que aún hoy en día su visión sobre la ética y el medio ambiente sigue siendo pionera porque César aludía a los límites de la isla cuando nadie hablaba de ellos. “Como líder social, hoy sería un maestro en el 15-M”, añadió.</span></p>
<p style="text-align: justify;"><span style="ofont-style: normal;">Federico Aguilera Klink, que no conoció al artista, dijo que su escuela, como reconoce Manrique en sus escritos, fue su capacidad de asombro, y destacó la necesidad de cambiar la educación “porque aprendemos a perder el juicio pero con títulos”. “El desastre financiero lo han montado personas que han estudiado en las mejores universidades”, apuntó Prats.&nbsp;</span></p>
<p style="text-align: justify;"><span style="ofont-style: normal;">Los ponentes hablaron sobre el modelo de desarrollo de España, de Canarias y de Lanzarote y sobre su futuro. García Márquez dijo que se debe recuperar la visión de que existen límites. Para Wildpret, el modelo actual se ha acabado y los gobernantes no tienen ni iniciativa ni ideas. “Se debe producir una revolución porque hay un retroceso incluso en las libertades”, aseguró, y puso como ejemplo el caso del puerto de Granadilla para ilustrar que los poderes fácticos siguen controlando el poder político en Canarias. Según </span>Aguilera Klink, “a la conciencia de los límites que vamos teniendo se opone la educación, que te enseña que no hay límites”. Destacó que el desarrollo económico está saqueando el Planeta y que “estamos en un estado de guerra continua”.</p>
<p style="text-align: justify;">Prats volvió al caso de Lanzarote para preguntarse la diferencia entre el prestigio de la isla en el exterior y la autocrítica interna y se respondió que “en Lanzarote nos medimos con lo que pudo ser, con ese Camelot utópico que soñó Manrique”, y en el que creyó la población. Ahora, según Prats, el verdadero problema es que la sociedad está incluso pero que el territorio, afirmando que “o renace (la sociedad civil), o no hay nada que hacer”. Afirmó que hoy no se puede comprender nada sin entender que estamos en un cambio de época profundo porque hay un desbordamiento de los límites del Planeta, con dos tercios de los ecosistemas básicos en riesgo “y frente a esto no hay el más mínimo debate, obnubilados por la crisis económica”.</p>
<p style="text-align: justify;">Respecto al futuro de Canarias, García Márquez habló de las nuevas leyes de armonización para la recualificación turística que prepara el Gobierno de Canarias: “Se está legislando para desmontar todo lo que se ha hecho”, dijo, y aportó varios datos: la afluencia de turistas a Canarias entre 1999 y 2010 bajó un trece por ciento mientras que las plazas alojativas crecieron un 22%, y en Lanzarote aumentaron un 34 por ciento; o que en 15 años, entre 1987 y 2002, se asfaltó, se urbanizó y se construyó en Lanzarote el 60 por ciento de la superficie que se había urbanizado en toda su historia. Sin embargo, en lugar de volver a poner límites “ahora vuelven a cambiar la legislación para acelerar esos procesos. La Ley de armonización y sobre todo, la recualificación, es el fin de los límites, porque se liberaliza la posibilidad de construir hoteles de cinco estrellas y es posible que, en el trámite parlamentario, se amplíe esa posibilidad a los de cuatro ya que así lo ha pedido el Consejo Económico y Social de Canarias. Lo que viene es un acelerón”, señaló recordando el caso de las Directrices del&nbsp;Turismo de 2003, que intentaron contener el crecimiento y que “cuando se terminaron de redactar comenzó su voladura oficial”.</p>
<p style="text-align: justify;">Prats coincidió con García Márquez en que esas nuevas leyes incentivan el crecimiento a pesar de que están basadas en la renovación como clave, y finalizó sus intervenciones alertando del atasco del modelo turístico de la costa en España, algo que reconoce la propia patronal turística Exceltur, porque bajan las pernoctaciones, los ingresos y los precios. También apuntó a la energía como el mayor de los retos para Canarias y dijo que pocos sitios como Lanzarote están tan preparados para afrontar ese reto. Aguilera Klink afirmó que el binomio crecimiento y creación de puestos de trabajo es falso y que hay que aprender a vivir de otra manera, mientras que Wildpret dijo que en estos momentos de crisis, quedarse en silencio y resignarse es un delito, y respecto al futuro de Canarias aseguró que tiene dos recursos: el clima (“que es de lo poco que no nos podemos cargar los canarios”) y el paisaje, que vuelve a estar amenazado. García Márquez concluyó hablando de la huella ecológica y señalando que si todos los habitantes del Planeta vivieran con las condiciones que lo hacen los habitantes del primer mundo “necesitaríamos diez planetas y medio para vivir”.</p>
<p><!-- [if gte mso 9]><![endif]--><!-- [if !mso]>



<style>
st1:*{behavior:url(#ieooui) }<br />
</style>

<![endif]--><!-- [if gte mso 10]>



<style>
 /* Style Definitions */<br />
 table.MsoNormalTable<br />
	{mso-style-name:"Tabla normal";<br />
	mso-style-parent:"";<br />
	"Times New Roman";}<br />
</style>

<![endif]--></p>
