{"id":16389,"date":"2018-02-23T11:22:44","date_gmt":"2018-02-23T11:22:44","guid":{"rendered":"https:\/\/fcmanrique.org\/?p=16389"},"modified":"2023-11-30T13:29:14","modified_gmt":"2023-11-30T13:29:14","slug":"la-riqueza-etnobotanica-de-lanzarote-lo-arido-tiene-sus-sorpresas","status":"publish","type":"fcm_actividad","link":"https:\/\/fcmanrique.org\/fr\/fcm-actividad\/la-riqueza-etnobotanica-de-lanzarote-lo-arido-tiene-sus-sorpresas\/","title":{"rendered":"La riqueza etnobot\u00e1nica de Lanzarote: \u201cLo \u00e1rido tiene sus sorpresas\u201d"},"content":{"rendered":"<p>&nbsp;<\/p>\n<p>En el a\u00f1o 2000, Jaime Gil y Marta Pe\u00f1a, ingenieros agr\u00edcolas, comenzaron a recoger el conocimiento popular sobre las plantas silvestres de Lanzarote. Gran parte de ese conocimiento se ha plasmado en dos libros: <em>Los cultivos tradicionales de la isla de Lanzarote<\/em> y <em>Usos culturales de las yerbas en los campos de Lanzarote<\/em>, y est\u00e1n preparando la <em>Gu\u00eda visual de la flora de Lanzarote<\/em>. Ambos impartieron en la sala Jos\u00e9 Saramago, <strong>los d\u00edas 20 y 21 de febrero de 2018<\/strong>, el taller <em>Lanzarote, ilusi\u00f3n bot\u00e1nica. Etnoflora de una isla des\u00e9rtica.<\/em> El director de la Fundaci\u00f3n C\u00e9sar Manrique, Fernando G\u00f3mez Aguilera, destac\u00f3 en la presentaci\u00f3n que uno de los objetivos del taller es el de poner en valor el medio natural de la Isla y ayudar a ver lo que no se ve a simple vista. Cit\u00f3 al poeta Amadou Hampat\u00e9 Ba, \u201cel m\u00e1s grande recopilador de historias africanas\u201d, que como Gil y Pe\u00f1a, transmit\u00eda el saber de pastores y agricultores, y dec\u00eda que \u201cen \u00c1frica, cuando muere un anciano, arde una biblioteca\u201d. En este caso, Gil y Pe\u00f1a han estado \u201canticip\u00e1ndose a las cenizas\u201d.<\/p>\n<p><a href=\"https:\/\/fcmanrique.org\/wp-content\/uploads\/fc-manrique-taller-etnobotanica-jaime-gil-marta-penha-1.jpg\"><img loading=\"lazy\" decoding=\"async\" class=\"alignnone size-full wp-image-16396\" src=\"https:\/\/fcmanrique.org\/wp-content\/uploads\/fc-manrique-taller-etnobotanica-jaime-gil-marta-penha-1.jpg\" alt=\"\" width=\"800\" height=\"540\" srcset=\"https:\/\/fcmanrique.org\/wp-content\/uploads\/fc-manrique-taller-etnobotanica-jaime-gil-marta-penha-1.jpg 800w, https:\/\/fcmanrique.org\/wp-content\/uploads\/fc-manrique-taller-etnobotanica-jaime-gil-marta-penha-1-300x203.jpg 300w, https:\/\/fcmanrique.org\/wp-content\/uploads\/fc-manrique-taller-etnobotanica-jaime-gil-marta-penha-1-768x518.jpg 768w\" sizes=\"auto, (max-width: 800px) 100vw, 800px\" \/><\/a><\/p>\n<p>El director del curso, Jaime Gil, comenz\u00f3 la primera de sus intervenciones se\u00f1alando que Lanzarote no es tan des\u00e9rtica como parece: \u201cLo \u00e1rido tiene sus sorpresas\u201d, dijo, y compar\u00f3 La Palma, paradigma de la frondosidad, con 850 especies diferentes, con la \u00e1rida Lanzarote, con 720. En Lanzarote se cuentan como endemismos doce especies, cinco subespecies y cinco variedades, aunque no son las que tienen mayor uso etnobot\u00e1nico. Algunos de estos endemismos, como Gymnosporia, de la que s\u00f3lo se encuentran seis ejemplares en la Isla, est\u00e1n en peligro de extinci\u00f3n.<\/p>\n<p>La segunda parte de la primera jornada se centr\u00f3 en mostrar la metodolog\u00eda del trabajo etnobot\u00e1nico. Para ello, definieron en primer lugar la etnobot\u00e1nica, que es la disciplina que estudia la relaci\u00f3n de las plantas con el ser humano y est\u00e1 \u201ca caballo entre las ciencias naturales y las humanas\u201d. En Canarias, esta disciplina est\u00e1 en manos de etn\u00f3grafos, principalmente, y en el pasado se dedicaron a ella maestros de escuela. \u201cEs una cultura ampl\u00edsima que abarca todos los aspectos de la vida\u201d, se\u00f1al\u00f3 Gil. Por su parte, Pe\u00f1a explic\u00f3 el trabajo de campo, que consiste en entrevistar a personas de avanzada edad para que transmitan el conocimiento sobre los usos de las plantas en su ni\u00f1ez, y remontarse as\u00ed lo m\u00e1s atr\u00e1s posible en el tiempo. Para la entrevista, recogen muestras de yerbas cercanas y se las muestran. Despu\u00e9s se transcriben las entrevistas y, si se puede, se sale al campo con estas personas. Luego est\u00e1 la fase de herborizaci\u00f3n, con recogida de muestras, lo que permite vincular los nombres vern\u00e1culos con los cient\u00edficos, porque es \u201cmuy importante una correcta determinaci\u00f3n bot\u00e1nica\u201d.<\/p>\n<p>Gil abord\u00f3 el origen de los nombres populares de las plantas, que son \u201cde una riqueza extremada\u201d. Distingui\u00f3 entre nombre vern\u00e1culo, que es de los antepasados y nombre com\u00fan, que puede ser reciente. Por ejemplo, se ha popularizado el aloe frente a su denominaci\u00f3n como s\u00e1bila, o la amapola por la majapola. En Lanzarote hay una gran presencia de nombres con sonoridad aborigen y tambi\u00e9n hay nombres distintos en cada isla para la misma especie. La rilla en Lanzarote es la collejera en Fuerteventura o el jarrabuey en El Hierro. Los nombres populares nac\u00edan por varios motivos: est\u00e1n los que se ponen porque su forma, principalmente la del fruto, se parece a alg\u00fan objeto, los que se parecen a formas de animales, los que aluden a alguna cualidad o caracter\u00edstica de la planta, a sus propiedades sanadoras, a su sabor&#8230; \u201cSiempre son nombres pr\u00e1cticos, se\u00f1al\u00f3.<\/p>\n<p><a href=\"https:\/\/fcmanrique.org\/wp-content\/uploads\/fc-manrique-taller-etnobotanica-jaime-gil-marta-penha-2.jpg\"><img loading=\"lazy\" decoding=\"async\" class=\"size-full wp-image-16392 aligncenter\" src=\"https:\/\/fcmanrique.org\/wp-content\/uploads\/fc-manrique-taller-etnobotanica-jaime-gil-marta-penha-2.jpg\" alt=\"\" width=\"500\" height=\"616\" srcset=\"https:\/\/fcmanrique.org\/wp-content\/uploads\/fc-manrique-taller-etnobotanica-jaime-gil-marta-penha-2.jpg 500w, https:\/\/fcmanrique.org\/wp-content\/uploads\/fc-manrique-taller-etnobotanica-jaime-gil-marta-penha-2-244x300.jpg 244w\" sizes=\"auto, (max-width: 500px) 100vw, 500px\" \/><\/a><\/p>\n<p>La segunda jornada del taller se centr\u00f3 en los usos de las plantas. Primero en los usos alimenticios, que est\u00e1n asociados a \u00e9pocas de hambruna. En Canarias se consumen unas cien especies, aunque no todas con la misma importancia en la dieta. Es com\u00fan, por verg\u00fcenza, que las personas admitan que com\u00edan esas plantas, pero siempre se\u00f1alan que lo hac\u00edan otros. Una de las m\u00e1s importantes es el cosco, con cuyas diminutas semillas se hac\u00eda gofio, y que provoc\u00f3 alg\u00fan enfrentamiento porque no s\u00f3lo era una planta de supervivencia sino que tambi\u00e9n se exportaba para fabricar piedra barrilla. Otras semillas comestibles de uso com\u00fan eran las del cardo de burro y la majapola de corneta. De menor importancia, \u201ctipo snack\u201d, eran la chinipilla, la chabusquera, los frutos del moralillo, del espino o la vinagrera, las hojas de las cerrajas, del jaramago o del jediondo, muy parecido a la r\u00facula, y las papas cr\u00edas. La tabaiba no se com\u00eda pero se recolect\u00f3 con fines industriales para hacer chicles, y hubo una marca muy famosa, en Barcelona, que lleg\u00f3 a patrocinar un equipo de la Vuelta Ciclista a Espa\u00f1a en los a\u00f1os cuarenta: Chicles Tabay.<\/p>\n<p><a href=\"https:\/\/fcmanrique.org\/wp-content\/uploads\/fc-manrique-taller-etnobotanica-jaime-gil-marta-penha-3.jpg\"><img loading=\"lazy\" decoding=\"async\" class=\"alignnone size-full wp-image-16393\" src=\"https:\/\/fcmanrique.org\/wp-content\/uploads\/fc-manrique-taller-etnobotanica-jaime-gil-marta-penha-3.jpg\" alt=\"\" width=\"800\" height=\"506\" srcset=\"https:\/\/fcmanrique.org\/wp-content\/uploads\/fc-manrique-taller-etnobotanica-jaime-gil-marta-penha-3.jpg 800w, https:\/\/fcmanrique.org\/wp-content\/uploads\/fc-manrique-taller-etnobotanica-jaime-gil-marta-penha-3-300x190.jpg 300w, https:\/\/fcmanrique.org\/wp-content\/uploads\/fc-manrique-taller-etnobotanica-jaime-gil-marta-penha-3-768x486.jpg 768w\" sizes=\"auto, (max-width: 800px) 100vw, 800px\" \/><\/a><\/p>\n<p>Como gran parte de la poblaci\u00f3n no ten\u00eda acceso a m\u00e9dicos, buscaban un uso medicinal en las plantas. Pe\u00f1a advirti\u00f3 que \u201clas plantas no son inocuas\u201d y que \u201cel umbral entre el beneficio y el da\u00f1o es muy peque\u00f1o\u201d. Una caracter\u00edstica que se repite en el Archipi\u00e9lago es que, tanto las mezclas de varias yerbas, como las dosis, siempre son n\u00fameros impares: tres, cinco o siete.<\/p>\n<p>Entre las plantas m\u00e1s usadas estaba el tajos\u00e9, que puede tener propiedades abortivas. Otras para el aparato reproductor, alivio de dolores menstruales o expulsi\u00f3n de la placenta, son el amuley, la servilleta o la alhucema. Para el aparato respiratorio se usaban la yerba clin, \u201cpara las puntadas de pulmon\u00eda\u201d, la brotona, para catarros, la borraja, ya desaparecida de Lanzarote o la doradilla. Para la fiebre se usaba la estrella de mar o la sanguinaria. La cerraja, para los golpes y aliviar el dolor de muelas y el bobo, cuyas hojas son muy t\u00f3xicas, para cataplasmas y para curar bultos. Para las infecciones de orina se usaba la malva o el marrubio, y las majapolas para afecciones nerviosas.<\/p>\n<p>Las plantas tambi\u00e9n serv\u00edan para los animales. El uso veterinario lo han transmitido los pastores, que hac\u00edan \u201cenca\u00f1aos\u201d para las fracturas de las patas de las cabras con palos de jiguerilla y usaban muchas otras plantas similares a las que se aplicaban a las personas. Y tambi\u00e9n sab\u00edan las que eran malas. La triguera es peligrosa para burros y caballos, otras provocan hemorragias porque acumulan nitr\u00f3geno, como el agonal o el cenizo, y otras, como el romerillo, son buenas en seco pero en verde \u201cson un veneno\u201d. Gil se\u00f1al\u00f3 que entre las plantas forrajeras, las m\u00e1s apreciadas por los ganaderos son las que tienen sonoridad aborigen, y probablemente ya las usaban los mahos.<\/p>\n<p><a href=\"https:\/\/fcmanrique.org\/wp-content\/uploads\/fc-manrique-taller-etnobotanica-jaime-gil-marta-penha-4.jpg\"><img loading=\"lazy\" decoding=\"async\" class=\"alignnone size-full wp-image-16394\" src=\"https:\/\/fcmanrique.org\/wp-content\/uploads\/fc-manrique-taller-etnobotanica-jaime-gil-marta-penha-4.jpg\" alt=\"\" width=\"800\" height=\"518\" srcset=\"https:\/\/fcmanrique.org\/wp-content\/uploads\/fc-manrique-taller-etnobotanica-jaime-gil-marta-penha-4.jpg 800w, https:\/\/fcmanrique.org\/wp-content\/uploads\/fc-manrique-taller-etnobotanica-jaime-gil-marta-penha-4-300x194.jpg 300w, https:\/\/fcmanrique.org\/wp-content\/uploads\/fc-manrique-taller-etnobotanica-jaime-gil-marta-penha-4-768x497.jpg 768w\" sizes=\"auto, (max-width: 800px) 100vw, 800px\" \/><\/a><\/p>\n<p>Despu\u00e9s de trabajar en todas las islas, Gil y Pe\u00f1a han podido comprobar que el conocimiento popular sobre las plantas en las islas orientales, que no tienen \u00e1rboles, es mayor que en las otras islas que son m\u00e1s verdes. Gil se\u00f1al\u00f3, al finalizar el taller, que uno de sus objetivos era que los asistentes, m\u00e1s de setenta personas, salieran m\u00e1s sensibles de lo que entraron. Y otro, dignificar estos conocimientos populares.<\/p>\n<p><a href=\"https:\/\/fcmanrique.org\/wp-content\/uploads\/fc-manrique-diptico-taller-etnobotanica-1.jpg\"><img loading=\"lazy\" decoding=\"async\" class=\"alignnone size-full wp-image-16395\" src=\"https:\/\/fcmanrique.org\/wp-content\/uploads\/fc-manrique-diptico-taller-etnobotanica-1.jpg\" alt=\"\" width=\"943\" height=\"938\" srcset=\"https:\/\/fcmanrique.org\/wp-content\/uploads\/fc-manrique-diptico-taller-etnobotanica-1.jpg 943w, https:\/\/fcmanrique.org\/wp-content\/uploads\/fc-manrique-diptico-taller-etnobotanica-1-150x150.jpg 150w, https:\/\/fcmanrique.org\/wp-content\/uploads\/fc-manrique-diptico-taller-etnobotanica-1-300x298.jpg 300w, https:\/\/fcmanrique.org\/wp-content\/uploads\/fc-manrique-diptico-taller-etnobotanica-1-768x764.jpg 768w\" sizes=\"auto, (max-width: 943px) 100vw, 943px\" \/><\/a><\/p>\n<p><a href=\"https:\/\/fcmanrique.org\/wp-content\/uploads\/contenidos-y-horarios-taller-etnobot\u00e1nica-1.pdf\">contenidos y horarios taller etnobot\u00e1nica<\/a><\/p>\n<p><a href=\"https:\/\/fcmanrique.org\/wp-content\/uploads\/nota-prensa-fc-manrique-taller-etnobotanica.pdf\">nota-prensa-fc-manrique-taller-etnobotanica<\/a><\/p>\n<p>&nbsp;<\/p>","protected":false},"featured_media":16390,"parent":0,"template":"","meta":{"_acf_changed":false,"ngg_post_thumbnail":0,"footnotes":""},"actividad_tipo":[35],"actividad_lugar":[],"actividad_departamento":[],"actividad_ciclo":[],"class_list":["post-16389","fcm_actividad","type-fcm_actividad","status-publish","has-post-thumbnail","hentry","actividad_tipo-cursos-y-talleres"],"acf":[],"_links":{"self":[{"href":"https:\/\/fcmanrique.org\/fr\/wp-json\/wp\/v2\/fcm_actividad\/16389","targetHints":{"allow":["GET"]}}],"collection":[{"href":"https:\/\/fcmanrique.org\/fr\/wp-json\/wp\/v2\/fcm_actividad"}],"about":[{"href":"https:\/\/fcmanrique.org\/fr\/wp-json\/wp\/v2\/types\/fcm_actividad"}],"version-history":[{"count":11,"href":"https:\/\/fcmanrique.org\/fr\/wp-json\/wp\/v2\/fcm_actividad\/16389\/revisions"}],"predecessor-version":[{"id":24803,"href":"https:\/\/fcmanrique.org\/fr\/wp-json\/wp\/v2\/fcm_actividad\/16389\/revisions\/24803"}],"wp:featuredmedia":[{"embeddable":true,"href":"https:\/\/fcmanrique.org\/fr\/wp-json\/wp\/v2\/media\/16390"}],"wp:attachment":[{"href":"https:\/\/fcmanrique.org\/fr\/wp-json\/wp\/v2\/media?parent=16389"}],"wp:term":[{"taxonomy":"actividad_tipo","embeddable":true,"href":"https:\/\/fcmanrique.org\/fr\/wp-json\/wp\/v2\/actividad_tipo?post=16389"},{"taxonomy":"actividad_lugar","embeddable":true,"href":"https:\/\/fcmanrique.org\/fr\/wp-json\/wp\/v2\/actividad_lugar?post=16389"},{"taxonomy":"actividad_departamento","embeddable":true,"href":"https:\/\/fcmanrique.org\/fr\/wp-json\/wp\/v2\/actividad_departamento?post=16389"},{"taxonomy":"actividad_ciclo","embeddable":true,"href":"https:\/\/fcmanrique.org\/fr\/wp-json\/wp\/v2\/actividad_ciclo?post=16389"}],"curies":[{"name":"wp","href":"https:\/\/api.w.org\/{rel}","templated":true}]}}

La riqueza etnobotánica de Lanzarote: “Lo árido tiene sus sorpresas”

<p>&nbsp;</p>
<p>En el año 2000, Jaime Gil y Marta Peña, ingenieros agrícolas, comenzaron a recoger el conocimiento popular sobre las plantas silvestres de Lanzarote. Gran parte de ese conocimiento se ha plasmado en dos libros: <em>Los cultivos tradicionales de la isla de Lanzarote</em> y <em>Usos culturales de las yerbas en los campos de Lanzarote</em>, y están preparando la <em>Guía visual de la flora de Lanzarote</em>. Ambos impartieron en la sala José Saramago, <strong>los días 20 y 21 de febrero de 2018</strong>, el taller <em>Lanzarote, ilusión botánica. Etnoflora de una isla desértica.</em> El director de la Fundación César Manrique, Fernando Gómez Aguilera, destacó en la presentación que uno de los objetivos del taller es el de poner en valor el medio natural de la Isla y ayudar a ver lo que no se ve a simple vista. Citó al poeta Amadou Hampaté Ba, “el más grande recopilador de historias africanas”, que como Gil y Peña, transmitía el saber de pastores y agricultores, y decía que “en África, cuando muere un anciano, arde una biblioteca”. En este caso, Gil y Peña han estado “anticipándose a las cenizas”.</p>
<p><a href="https://fcmanrique.org/wp-content/uploads/fc-manrique-taller-etnobotanica-jaime-gil-marta-penha-1.jpg"><img loading="lazy" decoding="async" class="alignnone size-full wp-image-16396" src="https://fcmanrique.org/wp-content/uploads/fc-manrique-taller-etnobotanica-jaime-gil-marta-penha-1.jpg" alt="" width="800" height="540" srcset="https://fcmanrique.org/wp-content/uploads/fc-manrique-taller-etnobotanica-jaime-gil-marta-penha-1.jpg 800w, https://fcmanrique.org/wp-content/uploads/fc-manrique-taller-etnobotanica-jaime-gil-marta-penha-1-300x203.jpg 300w, https://fcmanrique.org/wp-content/uploads/fc-manrique-taller-etnobotanica-jaime-gil-marta-penha-1-768x518.jpg 768w" sizes="auto, (max-width: 800px) 100vw, 800px" /></a></p>
<p>El director del curso, Jaime Gil, comenzó la primera de sus intervenciones señalando que Lanzarote no es tan desértica como parece: “Lo árido tiene sus sorpresas”, dijo, y comparó La Palma, paradigma de la frondosidad, con 850 especies diferentes, con la árida Lanzarote, con 720. En Lanzarote se cuentan como endemismos doce especies, cinco subespecies y cinco variedades, aunque no son las que tienen mayor uso etnobotánico. Algunos de estos endemismos, como Gymnosporia, de la que sólo se encuentran seis ejemplares en la Isla, están en peligro de extinción.</p>
<p>La segunda parte de la primera jornada se centró en mostrar la metodología del trabajo etnobotánico. Para ello, definieron en primer lugar la etnobotánica, que es la disciplina que estudia la relación de las plantas con el ser humano y está “a caballo entre las ciencias naturales y las humanas”. En Canarias, esta disciplina está en manos de etnógrafos, principalmente, y en el pasado se dedicaron a ella maestros de escuela. “Es una cultura amplísima que abarca todos los aspectos de la vida”, señaló Gil. Por su parte, Peña explicó el trabajo de campo, que consiste en entrevistar a personas de avanzada edad para que transmitan el conocimiento sobre los usos de las plantas en su niñez, y remontarse así lo más atrás posible en el tiempo. Para la entrevista, recogen muestras de yerbas cercanas y se las muestran. Después se transcriben las entrevistas y, si se puede, se sale al campo con estas personas. Luego está la fase de herborización, con recogida de muestras, lo que permite vincular los nombres vernáculos con los científicos, porque es “muy importante una correcta determinación botánica”.</p>
<p>Gil abordó el origen de los nombres populares de las plantas, que son “de una riqueza extremada”. Distinguió entre nombre vernáculo, que es de los antepasados y nombre común, que puede ser reciente. Por ejemplo, se ha popularizado el aloe frente a su denominación como sábila, o la amapola por la majapola. En Lanzarote hay una gran presencia de nombres con sonoridad aborigen y también hay nombres distintos en cada isla para la misma especie. La rilla en Lanzarote es la collejera en Fuerteventura o el jarrabuey en El Hierro. Los nombres populares nacían por varios motivos: están los que se ponen porque su forma, principalmente la del fruto, se parece a algún objeto, los que se parecen a formas de animales, los que aluden a alguna cualidad o característica de la planta, a sus propiedades sanadoras, a su sabor&#8230; “Siempre son nombres prácticos, señaló.</p>
<p><a href="https://fcmanrique.org/wp-content/uploads/fc-manrique-taller-etnobotanica-jaime-gil-marta-penha-2.jpg"><img loading="lazy" decoding="async" class="size-full wp-image-16392 aligncenter" src="https://fcmanrique.org/wp-content/uploads/fc-manrique-taller-etnobotanica-jaime-gil-marta-penha-2.jpg" alt="" width="500" height="616" srcset="https://fcmanrique.org/wp-content/uploads/fc-manrique-taller-etnobotanica-jaime-gil-marta-penha-2.jpg 500w, https://fcmanrique.org/wp-content/uploads/fc-manrique-taller-etnobotanica-jaime-gil-marta-penha-2-244x300.jpg 244w" sizes="auto, (max-width: 500px) 100vw, 500px" /></a></p>
<p>La segunda jornada del taller se centró en los usos de las plantas. Primero en los usos alimenticios, que están asociados a épocas de hambruna. En Canarias se consumen unas cien especies, aunque no todas con la misma importancia en la dieta. Es común, por vergüenza, que las personas admitan que comían esas plantas, pero siempre señalan que lo hacían otros. Una de las más importantes es el cosco, con cuyas diminutas semillas se hacía gofio, y que provocó algún enfrentamiento porque no sólo era una planta de supervivencia sino que también se exportaba para fabricar piedra barrilla. Otras semillas comestibles de uso común eran las del cardo de burro y la majapola de corneta. De menor importancia, “tipo snack”, eran la chinipilla, la chabusquera, los frutos del moralillo, del espino o la vinagrera, las hojas de las cerrajas, del jaramago o del jediondo, muy parecido a la rúcula, y las papas crías. La tabaiba no se comía pero se recolectó con fines industriales para hacer chicles, y hubo una marca muy famosa, en Barcelona, que llegó a patrocinar un equipo de la Vuelta Ciclista a España en los años cuarenta: Chicles Tabay.</p>
<p><a href="https://fcmanrique.org/wp-content/uploads/fc-manrique-taller-etnobotanica-jaime-gil-marta-penha-3.jpg"><img loading="lazy" decoding="async" class="alignnone size-full wp-image-16393" src="https://fcmanrique.org/wp-content/uploads/fc-manrique-taller-etnobotanica-jaime-gil-marta-penha-3.jpg" alt="" width="800" height="506" srcset="https://fcmanrique.org/wp-content/uploads/fc-manrique-taller-etnobotanica-jaime-gil-marta-penha-3.jpg 800w, https://fcmanrique.org/wp-content/uploads/fc-manrique-taller-etnobotanica-jaime-gil-marta-penha-3-300x190.jpg 300w, https://fcmanrique.org/wp-content/uploads/fc-manrique-taller-etnobotanica-jaime-gil-marta-penha-3-768x486.jpg 768w" sizes="auto, (max-width: 800px) 100vw, 800px" /></a></p>
<p>Como gran parte de la población no tenía acceso a médicos, buscaban un uso medicinal en las plantas. Peña advirtió que “las plantas no son inocuas” y que “el umbral entre el beneficio y el daño es muy pequeño”. Una característica que se repite en el Archipiélago es que, tanto las mezclas de varias yerbas, como las dosis, siempre son números impares: tres, cinco o siete.</p>
<p>Entre las plantas más usadas estaba el tajosé, que puede tener propiedades abortivas. Otras para el aparato reproductor, alivio de dolores menstruales o expulsión de la placenta, son el amuley, la servilleta o la alhucema. Para el aparato respiratorio se usaban la yerba clin, “para las puntadas de pulmonía”, la brotona, para catarros, la borraja, ya desaparecida de Lanzarote o la doradilla. Para la fiebre se usaba la estrella de mar o la sanguinaria. La cerraja, para los golpes y aliviar el dolor de muelas y el bobo, cuyas hojas son muy tóxicas, para cataplasmas y para curar bultos. Para las infecciones de orina se usaba la malva o el marrubio, y las majapolas para afecciones nerviosas.</p>
<p>Las plantas también servían para los animales. El uso veterinario lo han transmitido los pastores, que hacían “encañaos” para las fracturas de las patas de las cabras con palos de jiguerilla y usaban muchas otras plantas similares a las que se aplicaban a las personas. Y también sabían las que eran malas. La triguera es peligrosa para burros y caballos, otras provocan hemorragias porque acumulan nitrógeno, como el agonal o el cenizo, y otras, como el romerillo, son buenas en seco pero en verde “son un veneno”. Gil señaló que entre las plantas forrajeras, las más apreciadas por los ganaderos son las que tienen sonoridad aborigen, y probablemente ya las usaban los mahos.</p>
<p><a href="https://fcmanrique.org/wp-content/uploads/fc-manrique-taller-etnobotanica-jaime-gil-marta-penha-4.jpg"><img loading="lazy" decoding="async" class="alignnone size-full wp-image-16394" src="https://fcmanrique.org/wp-content/uploads/fc-manrique-taller-etnobotanica-jaime-gil-marta-penha-4.jpg" alt="" width="800" height="518" srcset="https://fcmanrique.org/wp-content/uploads/fc-manrique-taller-etnobotanica-jaime-gil-marta-penha-4.jpg 800w, https://fcmanrique.org/wp-content/uploads/fc-manrique-taller-etnobotanica-jaime-gil-marta-penha-4-300x194.jpg 300w, https://fcmanrique.org/wp-content/uploads/fc-manrique-taller-etnobotanica-jaime-gil-marta-penha-4-768x497.jpg 768w" sizes="auto, (max-width: 800px) 100vw, 800px" /></a></p>
<p>Después de trabajar en todas las islas, Gil y Peña han podido comprobar que el conocimiento popular sobre las plantas en las islas orientales, que no tienen árboles, es mayor que en las otras islas que son más verdes. Gil señaló, al finalizar el taller, que uno de sus objetivos era que los asistentes, más de setenta personas, salieran más sensibles de lo que entraron. Y otro, dignificar estos conocimientos populares.</p>
<p><a href="https://fcmanrique.org/wp-content/uploads/fc-manrique-diptico-taller-etnobotanica-1.jpg"><img loading="lazy" decoding="async" class="alignnone size-full wp-image-16395" src="https://fcmanrique.org/wp-content/uploads/fc-manrique-diptico-taller-etnobotanica-1.jpg" alt="" width="943" height="938" srcset="https://fcmanrique.org/wp-content/uploads/fc-manrique-diptico-taller-etnobotanica-1.jpg 943w, https://fcmanrique.org/wp-content/uploads/fc-manrique-diptico-taller-etnobotanica-1-150x150.jpg 150w, https://fcmanrique.org/wp-content/uploads/fc-manrique-diptico-taller-etnobotanica-1-300x298.jpg 300w, https://fcmanrique.org/wp-content/uploads/fc-manrique-diptico-taller-etnobotanica-1-768x764.jpg 768w" sizes="auto, (max-width: 943px) 100vw, 943px" /></a></p>
<p><a href="https://fcmanrique.org/wp-content/uploads/contenidos-y-horarios-taller-etnobotánica-1.pdf">contenidos y horarios taller etnobotánica</a></p>
<p><a href="https://fcmanrique.org/wp-content/uploads/nota-prensa-fc-manrique-taller-etnobotanica.pdf">nota-prensa-fc-manrique-taller-etnobotanica</a></p>
<p>&nbsp;</p>
