{"id":23561,"date":"2023-03-24T12:10:00","date_gmt":"2023-03-24T12:10:00","guid":{"rendered":"https:\/\/fcmanrique.org\/?post_type=fcm_actividad&#038;p=23561"},"modified":"2024-06-05T09:25:45","modified_gmt":"2024-06-05T09:25:45","slug":"nicolas","status":"publish","type":"fcm_actividad","link":"https:\/\/fcmanrique.org\/fr\/fcm-actividad\/nicolas\/","title":{"rendered":"Nicol\u00e1s Castellano: \u00abEl racismo es la mayor mentira de la historia\u00bb"},"content":{"rendered":"<p class=\"qtranxs-available-languages-message qtranxs-available-languages-message-fr\">D\u00e9sol\u00e9, cet article est seulement disponible en <a href=\"https:\/\/fcmanrique.org\/es\/wp-json\/wp\/v2\/fcm_actividad\/23561\" class=\"qtranxs-available-language-link qtranxs-available-language-link-es\" title=\"ES\">ES<\/a>.<\/p><p><\/p>\n<p class=\"Textbody\">M es la letra por la que comienza \u2018mena\u2019 o \u2018moro\u2019 o \u2018migrante\u2019 pero tambi\u00e9n muchas otras palabras que se aplican o acompa\u00f1an a los j\u00f3venes que llegan solos desde \u00c1frica para buscar un futuro mejor. Adem\u00e1s, es el t\u00edtulo del nuevo documental del periodista Nicol\u00e1s Castellano, que da voz a 14 de estos j\u00f3venes (12 chicos y dos chicas) que llegaron a Espa\u00f1a cuando eran menores y que explican su peripecia vital. Est\u00e1 producido por la Diputaci\u00f3n de C\u00e1diz y se present\u00f3 en la sala Jos\u00e9 Saramago, el d\u00eda 23 de marzo de 2023.<\/p>\n<div id=\"attachment_23562\" class=\"wp-caption alignnone\" style=\"max-width: 930px;\"><a href=\"https:\/\/fcmanrique.org\/wp-content\/uploads\/M_FCM_01-01.jpg\"><img loading=\"lazy\" decoding=\"async\" class=\"wp-image-23562 size-full\" src=\"https:\/\/fcmanrique.org\/wp-content\/uploads\/M_FCM_01-01.jpg\" alt=\"\" width=\"920\" height=\"689\" srcset=\"https:\/\/fcmanrique.org\/wp-content\/uploads\/M_FCM_01-01.jpg 920w, https:\/\/fcmanrique.org\/wp-content\/uploads\/M_FCM_01-01-300x225.jpg 300w, https:\/\/fcmanrique.org\/wp-content\/uploads\/M_FCM_01-01-768x575.jpg 768w, https:\/\/fcmanrique.org\/wp-content\/uploads\/M_FCM_01-01-289x216.jpg 289w\" sizes=\"auto, (max-width: 920px) 100vw, 920px\" \/><\/a><p class=\"wp-caption-text\">Nicol\u00e1s Castellano en la Fundaci\u00f3n C\u00e9sar Manrique<\/p><\/div>\n<p class=\"Textbody\">Castellano present\u00f3 el documental, \u201cque habla de un tema verdadero que no est\u00e1 de moda ni da audiencia\u201d: ni\u00f1os que se enfrentan a las complejidades de un sistema que les pone muchas barreras. Despu\u00e9s de la proyecci\u00f3n comenz\u00f3 el debate con dos de sus protagonistas: Aboubacar Drame y Mahamadou Danthioko. Ambos llegaron a Espa\u00f1a en patera con 15 y 16 a\u00f1os y pasaron a ser educadores, en Gran Canaria y en Tenerife, de uno de los centros de menores en los que estuvieron acogidos.<\/p>\n<p class=\"Textbody\">Aboubacar lleg\u00f3 en 2006 y Mahamadou en 2008. Son de Mali, uno del Sahel y otro de la capital, Bamako. Pasaron por centros de j\u00f3venes que estaban en peores condiciones de las que suelen estar ahora. El primero trabaja ahora en ACNUR y el segundo es Puntal A de Lucha canaria en Tegueste, \u2018el pollo de Bamako\u2019, el primer extranjero en llegar a esta posici\u00f3n en la primera categor\u00eda de este deporte, un deporte, como se\u00f1al\u00f3, \u201ccon valores y con respeto\u201d.<\/p>\n<div id=\"attachment_23563\" class=\"wp-caption alignnone\" style=\"max-width: 930px;\"><a href=\"https:\/\/fcmanrique.org\/wp-content\/uploads\/M_FCM_03-01.jpg\"><img loading=\"lazy\" decoding=\"async\" class=\"wp-image-23563 size-full\" src=\"https:\/\/fcmanrique.org\/wp-content\/uploads\/M_FCM_03-01.jpg\" alt=\"\" width=\"920\" height=\"615\" srcset=\"https:\/\/fcmanrique.org\/wp-content\/uploads\/M_FCM_03-01.jpg 920w, https:\/\/fcmanrique.org\/wp-content\/uploads\/M_FCM_03-01-300x201.jpg 300w, https:\/\/fcmanrique.org\/wp-content\/uploads\/M_FCM_03-01-768x513.jpg 768w, https:\/\/fcmanrique.org\/wp-content\/uploads\/M_FCM_03-01-289x193.jpg 289w\" sizes=\"auto, (max-width: 920px) 100vw, 920px\" \/><\/a><p class=\"wp-caption-text\">Aboubacar Drame en la Fundaci\u00f3n C\u00e9sar Manrique<\/p><\/div>\n<p class=\"Textbody\">\u201c\u00bfQu\u00e9 les preguntan los chicos a ustedes, como educadores?\u201d Lo m\u00e1s habitual es que les pregunten c\u00f3mo se pueden marchar del centro o por qu\u00e9 no pueden trabajar. \u201cLes animamos a que estudien y a que primero aprendan el idioma, pero tienen presi\u00f3n de sus familias para que trabajen y env\u00eden dinero\u201d.<\/p>\n<p class=\"Textbody\">Ellos dos llegaron hace muchos a\u00f1os y la situaci\u00f3n ha cambiado. Hay cosas que han mejorado y otras que han empeorado. Ha mejorado la documentaci\u00f3n, porque antes conced\u00edan solo un periodo de tres meses, aunque sigue habiendo ni\u00f1os sin escolarizar o que llevan varios a\u00f1os en un centro y no tienen papeles. Ha empeorado la determinaci\u00f3n de la edad, una prueba que a veces se pospone varios a\u00f1os y deja a los j\u00f3venes en un limbo sin poder hacer nada, \u201cun quebradero de cabeza\u201d. Y sigue habiendo otras trabas, como el asilo. \u201cHay j\u00f3venes de Mali que huyen de la guerra y no les dejan ni siquiera pedir asilo\u201d.<\/p>\n<p class=\"Textbody\">Para Mahamadou, uno de los peores defectos es cuando los chicos alcanzan la mayor\u00eda de edad. \u201cEso no ha mejorado nada, la mayor\u00eda se queda en la calle\u201d. No hay pisos suficientes para todos y, si los chicos se ven en la calle, les puede llevar a la delincuencia.<\/p>\n<div id=\"attachment_23564\" class=\"wp-caption alignnone\" style=\"max-width: 930px;\"><a href=\"https:\/\/fcmanrique.org\/wp-content\/uploads\/M_FCM_04-01.jpg\"><img loading=\"lazy\" decoding=\"async\" class=\"wp-image-23564 size-full\" src=\"https:\/\/fcmanrique.org\/wp-content\/uploads\/M_FCM_04-01.jpg\" alt=\"\" width=\"920\" height=\"710\" srcset=\"https:\/\/fcmanrique.org\/wp-content\/uploads\/M_FCM_04-01.jpg 920w, https:\/\/fcmanrique.org\/wp-content\/uploads\/M_FCM_04-01-300x232.jpg 300w, https:\/\/fcmanrique.org\/wp-content\/uploads\/M_FCM_04-01-768x593.jpg 768w, https:\/\/fcmanrique.org\/wp-content\/uploads\/M_FCM_04-01-289x223.jpg 289w\" sizes=\"auto, (max-width: 920px) 100vw, 920px\" \/><\/a><p class=\"wp-caption-text\">Mahamadou Danthioko en la Fundaci\u00f3n C\u00e9sar Manrique<\/p><\/div>\n<p>Castellano pregunt\u00f3 c\u00f3mo afrontan los prejuicios, el racismo. Aboubacar se siente muy agradecido por la acogida del pueblo canario pero los hechos de 2021 en Arguinegu\u00edn le hicieron pensar \u201cque no conoc\u00eda a esta sociedad\u201d. \u201c\u00cdbamos a jugar al f\u00fatbol con los chicos y hab\u00eda gente que les grababa y les increpaba\u201d. Mahamadou record\u00f3 que algunos pol\u00edticos pusieron el foco en estos j\u00f3venes esparciendo bulos como que ganaban 300 euros al d\u00eda, \u201cy hay gente que se lo cree\u201d.<\/p>\n<p>Para Nicol\u00e1s Castellano, \u201cel racismo es la mayor mentira de la historia\u201d, pero se pregunta c\u00f3mo revertirlo. \u201cCada uno que d\u00e9 su respuesta \u2013dice Aboubacar\u2013 pero se trata de gente con una ideolog\u00eda concreta y yo me centro en la gente sensata\u201d. \u201cLa gente \u2013dice Mahamadou\u2013 tiene miedo a lo desconocido, por eso es bueno conocer\u201d. Ahora llegan en patera muchos j\u00f3venes magreb\u00edes a Lanzarote, que despu\u00e9s acaban en centros de Gran Canaria o Tenerife<\/p>\n<div id=\"attachment_23565\" class=\"wp-caption alignnone\" style=\"max-width: 930px;\"><a href=\"https:\/\/fcmanrique.org\/wp-content\/uploads\/M_FCM_07-01.jpg\"><img loading=\"lazy\" decoding=\"async\" class=\"wp-image-23565 size-full\" src=\"https:\/\/fcmanrique.org\/wp-content\/uploads\/M_FCM_07-01.jpg\" alt=\"\" width=\"920\" height=\"631\" srcset=\"https:\/\/fcmanrique.org\/wp-content\/uploads\/M_FCM_07-01.jpg 920w, https:\/\/fcmanrique.org\/wp-content\/uploads\/M_FCM_07-01-300x206.jpg 300w, https:\/\/fcmanrique.org\/wp-content\/uploads\/M_FCM_07-01-768x527.jpg 768w, https:\/\/fcmanrique.org\/wp-content\/uploads\/M_FCM_07-01-289x198.jpg 289w\" sizes=\"auto, (max-width: 920px) 100vw, 920px\" \/><\/a><p class=\"wp-caption-text\">Aboubacar Drame, Nicol\u00e1s Castellano y Mahamadou Danthioko<\/p><\/div>\n<p>La emigraci\u00f3n va a seguir. La situaci\u00f3n en el Sahel es muy complicada. El desierto avanza. \u201cAqu\u00ed se habla del cambio clim\u00e1tico pero all\u00ed se sufre. Nosotros no somos los que contaminamos pero sufrimos las consecuencias\u201d, se\u00f1al\u00f3 Aboubacar, que dijo que \u00e9l, con el dinero que env\u00eda, es la \u201cpensi\u00f3n\u201d de sus padres. \u201cEl futuro es complicado\u201d. Se prev\u00e9n hambrunas en varias zonas de \u00c1frica. De hecho, Aboubacar piensa que su futuro est\u00e1 en \u00c1frica. \u201cAgradezco al pueblo canario su grandeza, su solidaridad, pero en \u00c1frica puedo aportar algo m\u00e1s\u201d. Mahamadou tiene un hijo y le gustar\u00eda que conociera el lugar de donde viene su padre. \u201cLa sociedad canaria lo est\u00e1 haciendo muy bien y me siento querido\u201d, dijo. Castellano finaliz\u00f3 se\u00f1alando que \u201csomos mayor\u00eda\u201d y que estos actos, como la presentaci\u00f3n del documental, pueden ayudar a frenar la involuci\u00f3n en la que estamos entrando.&nbsp;<\/p>\n<p><a href=\"https:\/\/fcmanrique.org\/wp-content\/uploads\/plantilla-FCM-simple-nicolas-1.jpg\"><img loading=\"lazy\" decoding=\"async\" class=\"alignnone size-full wp-image-23430\" src=\"https:\/\/fcmanrique.org\/wp-content\/uploads\/plantilla-FCM-simple-nicolas-1.jpg\" alt=\"\" width=\"1200\" height=\"1200\" srcset=\"https:\/\/fcmanrique.org\/wp-content\/uploads\/plantilla-FCM-simple-nicolas-1.jpg 1200w, https:\/\/fcmanrique.org\/wp-content\/uploads\/plantilla-FCM-simple-nicolas-1-300x300.jpg 300w, https:\/\/fcmanrique.org\/wp-content\/uploads\/plantilla-FCM-simple-nicolas-1-1024x1024.jpg 1024w, https:\/\/fcmanrique.org\/wp-content\/uploads\/plantilla-FCM-simple-nicolas-1-150x150.jpg 150w, https:\/\/fcmanrique.org\/wp-content\/uploads\/plantilla-FCM-simple-nicolas-1-768x768.jpg 768w, https:\/\/fcmanrique.org\/wp-content\/uploads\/plantilla-FCM-simple-nicolas-1-246x246.jpg 246w\" sizes=\"auto, (max-width: 1200px) 100vw, 1200px\" \/><\/a><\/p>\n<p><strong>M\u00e1s informaci\u00f3n: <\/strong><a href=\"https:\/\/fcmanrique.org\/wp-content\/uploads\/fcmanrique-nota-de-prensa-documental-m-nicolas-castellano.pdf\">Nota de prensa<\/a><strong><br \/>\n<\/strong><\/p>\n<p><strong>Grabaci\u00f3n del encuentro:&nbsp;<\/strong><a href=\"https:\/\/www.youtube.com\/watch?v=vOTxIVJiv2w&amp;ab_channel=Fundaci%C3%B3nC%C3%A9sarManrique\" target=\"_blank\" rel=\"noopener\">Grabaci\u00f3n<\/a><\/p>","protected":false},"featured_media":23566,"parent":0,"template":"","meta":{"_acf_changed":false,"ngg_post_thumbnail":0,"footnotes":""},"actividad_tipo":[37],"actividad_lugar":[],"actividad_departamento":[],"actividad_ciclo":[],"class_list":["post-23561","fcm_actividad","type-fcm_actividad","status-publish","has-post-thumbnail","hentry","actividad_tipo-otras-actividades"],"acf":[],"_links":{"self":[{"href":"https:\/\/fcmanrique.org\/fr\/wp-json\/wp\/v2\/fcm_actividad\/23561","targetHints":{"allow":["GET"]}}],"collection":[{"href":"https:\/\/fcmanrique.org\/fr\/wp-json\/wp\/v2\/fcm_actividad"}],"about":[{"href":"https:\/\/fcmanrique.org\/fr\/wp-json\/wp\/v2\/types\/fcm_actividad"}],"version-history":[{"count":8,"href":"https:\/\/fcmanrique.org\/fr\/wp-json\/wp\/v2\/fcm_actividad\/23561\/revisions"}],"predecessor-version":[{"id":25556,"href":"https:\/\/fcmanrique.org\/fr\/wp-json\/wp\/v2\/fcm_actividad\/23561\/revisions\/25556"}],"wp:featuredmedia":[{"embeddable":true,"href":"https:\/\/fcmanrique.org\/fr\/wp-json\/wp\/v2\/media\/23566"}],"wp:attachment":[{"href":"https:\/\/fcmanrique.org\/fr\/wp-json\/wp\/v2\/media?parent=23561"}],"wp:term":[{"taxonomy":"actividad_tipo","embeddable":true,"href":"https:\/\/fcmanrique.org\/fr\/wp-json\/wp\/v2\/actividad_tipo?post=23561"},{"taxonomy":"actividad_lugar","embeddable":true,"href":"https:\/\/fcmanrique.org\/fr\/wp-json\/wp\/v2\/actividad_lugar?post=23561"},{"taxonomy":"actividad_departamento","embeddable":true,"href":"https:\/\/fcmanrique.org\/fr\/wp-json\/wp\/v2\/actividad_departamento?post=23561"},{"taxonomy":"actividad_ciclo","embeddable":true,"href":"https:\/\/fcmanrique.org\/fr\/wp-json\/wp\/v2\/actividad_ciclo?post=23561"}],"curies":[{"name":"wp","href":"https:\/\/api.w.org\/{rel}","templated":true}]}}

Nicolás Castellano: «El racismo es la mayor mentira de la historia»

<p class="qtranxs-available-languages-message qtranxs-available-languages-message-fr">Désolé, cet article est seulement disponible en <a href="https://fcmanrique.org/es/wp-json/wp/v2/fcm_actividad/23561" class="qtranxs-available-language-link qtranxs-available-language-link-es" title="ES">ES</a>.</p><p></p>
<p class="Textbody">M es la letra por la que comienza ‘mena’ o ‘moro’ o ‘migrante’ pero también muchas otras palabras que se aplican o acompañan a los jóvenes que llegan solos desde África para buscar un futuro mejor. Además, es el título del nuevo documental del periodista Nicolás Castellano, que da voz a 14 de estos jóvenes (12 chicos y dos chicas) que llegaron a España cuando eran menores y que explican su peripecia vital. Está producido por la Diputación de Cádiz y se presentó en la sala José Saramago, el día 23 de marzo de 2023.</p>
<div id="attachment_23562" class="wp-caption alignnone" style="max-width: 930px;"><a href="https://fcmanrique.org/wp-content/uploads/M_FCM_01-01.jpg"><img loading="lazy" decoding="async" class="wp-image-23562 size-full" src="https://fcmanrique.org/wp-content/uploads/M_FCM_01-01.jpg" alt="" width="920" height="689" srcset="https://fcmanrique.org/wp-content/uploads/M_FCM_01-01.jpg 920w, https://fcmanrique.org/wp-content/uploads/M_FCM_01-01-300x225.jpg 300w, https://fcmanrique.org/wp-content/uploads/M_FCM_01-01-768x575.jpg 768w, https://fcmanrique.org/wp-content/uploads/M_FCM_01-01-289x216.jpg 289w" sizes="auto, (max-width: 920px) 100vw, 920px" /></a><p class="wp-caption-text">Nicolás Castellano en la Fundación César Manrique</p></div>
<p class="Textbody">Castellano presentó el documental, “que habla de un tema verdadero que no está de moda ni da audiencia”: niños que se enfrentan a las complejidades de un sistema que les pone muchas barreras. Después de la proyección comenzó el debate con dos de sus protagonistas: Aboubacar Drame y Mahamadou Danthioko. Ambos llegaron a España en patera con 15 y 16 años y pasaron a ser educadores, en Gran Canaria y en Tenerife, de uno de los centros de menores en los que estuvieron acogidos.</p>
<p class="Textbody">Aboubacar llegó en 2006 y Mahamadou en 2008. Son de Mali, uno del Sahel y otro de la capital, Bamako. Pasaron por centros de jóvenes que estaban en peores condiciones de las que suelen estar ahora. El primero trabaja ahora en ACNUR y el segundo es Puntal A de Lucha canaria en Tegueste, ‘el pollo de Bamako’, el primer extranjero en llegar a esta posición en la primera categoría de este deporte, un deporte, como señaló, “con valores y con respeto”.</p>
<div id="attachment_23563" class="wp-caption alignnone" style="max-width: 930px;"><a href="https://fcmanrique.org/wp-content/uploads/M_FCM_03-01.jpg"><img loading="lazy" decoding="async" class="wp-image-23563 size-full" src="https://fcmanrique.org/wp-content/uploads/M_FCM_03-01.jpg" alt="" width="920" height="615" srcset="https://fcmanrique.org/wp-content/uploads/M_FCM_03-01.jpg 920w, https://fcmanrique.org/wp-content/uploads/M_FCM_03-01-300x201.jpg 300w, https://fcmanrique.org/wp-content/uploads/M_FCM_03-01-768x513.jpg 768w, https://fcmanrique.org/wp-content/uploads/M_FCM_03-01-289x193.jpg 289w" sizes="auto, (max-width: 920px) 100vw, 920px" /></a><p class="wp-caption-text">Aboubacar Drame en la Fundación César Manrique</p></div>
<p class="Textbody">“¿Qué les preguntan los chicos a ustedes, como educadores?” Lo más habitual es que les pregunten cómo se pueden marchar del centro o por qué no pueden trabajar. “Les animamos a que estudien y a que primero aprendan el idioma, pero tienen presión de sus familias para que trabajen y envíen dinero”.</p>
<p class="Textbody">Ellos dos llegaron hace muchos años y la situación ha cambiado. Hay cosas que han mejorado y otras que han empeorado. Ha mejorado la documentación, porque antes concedían solo un periodo de tres meses, aunque sigue habiendo niños sin escolarizar o que llevan varios años en un centro y no tienen papeles. Ha empeorado la determinación de la edad, una prueba que a veces se pospone varios años y deja a los jóvenes en un limbo sin poder hacer nada, “un quebradero de cabeza”. Y sigue habiendo otras trabas, como el asilo. “Hay jóvenes de Mali que huyen de la guerra y no les dejan ni siquiera pedir asilo”.</p>
<p class="Textbody">Para Mahamadou, uno de los peores defectos es cuando los chicos alcanzan la mayoría de edad. “Eso no ha mejorado nada, la mayoría se queda en la calle”. No hay pisos suficientes para todos y, si los chicos se ven en la calle, les puede llevar a la delincuencia.</p>
<div id="attachment_23564" class="wp-caption alignnone" style="max-width: 930px;"><a href="https://fcmanrique.org/wp-content/uploads/M_FCM_04-01.jpg"><img loading="lazy" decoding="async" class="wp-image-23564 size-full" src="https://fcmanrique.org/wp-content/uploads/M_FCM_04-01.jpg" alt="" width="920" height="710" srcset="https://fcmanrique.org/wp-content/uploads/M_FCM_04-01.jpg 920w, https://fcmanrique.org/wp-content/uploads/M_FCM_04-01-300x232.jpg 300w, https://fcmanrique.org/wp-content/uploads/M_FCM_04-01-768x593.jpg 768w, https://fcmanrique.org/wp-content/uploads/M_FCM_04-01-289x223.jpg 289w" sizes="auto, (max-width: 920px) 100vw, 920px" /></a><p class="wp-caption-text">Mahamadou Danthioko en la Fundación César Manrique</p></div>
<p>Castellano preguntó cómo afrontan los prejuicios, el racismo. Aboubacar se siente muy agradecido por la acogida del pueblo canario pero los hechos de 2021 en Arguineguín le hicieron pensar “que no conocía a esta sociedad”. “Íbamos a jugar al fútbol con los chicos y había gente que les grababa y les increpaba”. Mahamadou recordó que algunos políticos pusieron el foco en estos jóvenes esparciendo bulos como que ganaban 300 euros al día, “y hay gente que se lo cree”.</p>
<p>Para Nicolás Castellano, “el racismo es la mayor mentira de la historia”, pero se pregunta cómo revertirlo. “Cada uno que dé su respuesta –dice Aboubacar– pero se trata de gente con una ideología concreta y yo me centro en la gente sensata”. “La gente –dice Mahamadou– tiene miedo a lo desconocido, por eso es bueno conocer”. Ahora llegan en patera muchos jóvenes magrebíes a Lanzarote, que después acaban en centros de Gran Canaria o Tenerife</p>
<div id="attachment_23565" class="wp-caption alignnone" style="max-width: 930px;"><a href="https://fcmanrique.org/wp-content/uploads/M_FCM_07-01.jpg"><img loading="lazy" decoding="async" class="wp-image-23565 size-full" src="https://fcmanrique.org/wp-content/uploads/M_FCM_07-01.jpg" alt="" width="920" height="631" srcset="https://fcmanrique.org/wp-content/uploads/M_FCM_07-01.jpg 920w, https://fcmanrique.org/wp-content/uploads/M_FCM_07-01-300x206.jpg 300w, https://fcmanrique.org/wp-content/uploads/M_FCM_07-01-768x527.jpg 768w, https://fcmanrique.org/wp-content/uploads/M_FCM_07-01-289x198.jpg 289w" sizes="auto, (max-width: 920px) 100vw, 920px" /></a><p class="wp-caption-text">Aboubacar Drame, Nicolás Castellano y Mahamadou Danthioko</p></div>
<p>La emigración va a seguir. La situación en el Sahel es muy complicada. El desierto avanza. “Aquí se habla del cambio climático pero allí se sufre. Nosotros no somos los que contaminamos pero sufrimos las consecuencias”, señaló Aboubacar, que dijo que él, con el dinero que envía, es la “pensión” de sus padres. “El futuro es complicado”. Se prevén hambrunas en varias zonas de África. De hecho, Aboubacar piensa que su futuro está en África. “Agradezco al pueblo canario su grandeza, su solidaridad, pero en África puedo aportar algo más”. Mahamadou tiene un hijo y le gustaría que conociera el lugar de donde viene su padre. “La sociedad canaria lo está haciendo muy bien y me siento querido”, dijo. Castellano finalizó señalando que “somos mayoría” y que estos actos, como la presentación del documental, pueden ayudar a frenar la involución en la que estamos entrando.&nbsp;</p>
<p><a href="https://fcmanrique.org/wp-content/uploads/plantilla-FCM-simple-nicolas-1.jpg"><img loading="lazy" decoding="async" class="alignnone size-full wp-image-23430" src="https://fcmanrique.org/wp-content/uploads/plantilla-FCM-simple-nicolas-1.jpg" alt="" width="1200" height="1200" srcset="https://fcmanrique.org/wp-content/uploads/plantilla-FCM-simple-nicolas-1.jpg 1200w, https://fcmanrique.org/wp-content/uploads/plantilla-FCM-simple-nicolas-1-300x300.jpg 300w, https://fcmanrique.org/wp-content/uploads/plantilla-FCM-simple-nicolas-1-1024x1024.jpg 1024w, https://fcmanrique.org/wp-content/uploads/plantilla-FCM-simple-nicolas-1-150x150.jpg 150w, https://fcmanrique.org/wp-content/uploads/plantilla-FCM-simple-nicolas-1-768x768.jpg 768w, https://fcmanrique.org/wp-content/uploads/plantilla-FCM-simple-nicolas-1-246x246.jpg 246w" sizes="auto, (max-width: 1200px) 100vw, 1200px" /></a></p>
<p><strong>Más información: </strong><a href="https://fcmanrique.org/wp-content/uploads/fcmanrique-nota-de-prensa-documental-m-nicolas-castellano.pdf">Nota de prensa</a><strong><br />
</strong></p>
<p><strong>Grabación del encuentro:&nbsp;</strong><a href="https://www.youtube.com/watch?v=vOTxIVJiv2w&amp;ab_channel=Fundaci%C3%B3nC%C3%A9sarManrique" target="_blank" rel="noopener">Grabación</a></p>
