{"id":23898,"date":"2023-05-21T09:03:12","date_gmt":"2023-05-21T09:03:12","guid":{"rendered":"https:\/\/fcmanrique.org\/?post_type=fcm_actividad&#038;p=23898"},"modified":"2023-10-19T12:21:57","modified_gmt":"2023-10-19T12:21:57","slug":"german-diaz","status":"publish","type":"fcm_actividad","link":"https:\/\/fcmanrique.org\/fr\/fcm-actividad\/german-diaz\/","title":{"rendered":"Germ\u00e1n D\u00edaz y la zanfona, \u201cuna especie de sintetizador del siglo X\u201d"},"content":{"rendered":"<p class=\"qtranxs-available-languages-message qtranxs-available-languages-message-fr\">D\u00e9sol\u00e9, cet article est seulement disponible en <a href=\"https:\/\/fcmanrique.org\/es\/wp-json\/wp\/v2\/fcm_actividad\/23898\" class=\"qtranxs-available-language-link qtranxs-available-language-link-es\" title=\"ES\">ES<\/a>.<\/p><p>En el P\u00f3rtico de la Gloria de la Catedral de Santiago de Compostela se puede ver a dos hombres tocando el organistrum, el antecedente de la zanfona, un instrumento milenario sobre el que Germ\u00e1n D\u00edaz, m\u00fasico y fil\u00f3logo cl\u00e1sico, ofreci\u00f3 un concierto ilustrativo en la sala Jos\u00e9 Saramago. A trav\u00e9s de piezas cl\u00e1sicas y modernas, el m\u00fasico vallisoletano hizo un recorrido por la historia de la zanfona. El punto de partida fue la Edad Media, un periodo en el que se mecanizaron muchos instrumentos, como fue el caso de la zanfona, que recoge el esquema del viol\u00edn mec\u00e1nico, pero en lugar del arco tiene una rueda sobre la que se colocan las cuerdas y una manivela que las mueve. A lo largo del instrumento hay unas espadillas que cortan las cuerdas para dar la nota correspondiente, y unas cuerdas, denominadas simp\u00e1ticas, que resuenan gracias al tono de las principales. \u201cEs una especie de sintetizador del siglo X\u201d, afirm\u00f3 D\u00edaz.<\/p>\n<p><a href=\"https:\/\/fcmanrique.org\/wp-content\/uploads\/zanfona01-1.jpg\"><img loading=\"lazy\" decoding=\"async\" class=\"alignnone size-full wp-image-23899\" src=\"https:\/\/fcmanrique.org\/wp-content\/uploads\/zanfona01-1.jpg\" alt=\"\" width=\"920\" height=\"604\" srcset=\"https:\/\/fcmanrique.org\/wp-content\/uploads\/zanfona01-1.jpg 920w, https:\/\/fcmanrique.org\/wp-content\/uploads\/zanfona01-1-300x197.jpg 300w, https:\/\/fcmanrique.org\/wp-content\/uploads\/zanfona01-1-768x504.jpg 768w, https:\/\/fcmanrique.org\/wp-content\/uploads\/zanfona01-1-289x190.jpg 289w\" sizes=\"auto, (max-width: 920px) 100vw, 920px\" \/><\/a><\/p>\n<p>La zanfona aparece reflejada en muchas iglesias y catedrales, a lo largo del Camino de Santiago, de la Ribera del Duero o de la Magna V\u00eda Francigena en la isla de Sicilia. Hoy en d\u00eda quedan muchos vestigios visibles. Actualmente, este instrumento ha disminuido su tama\u00f1o y lo toca una sola persona. D\u00edaz brome\u00f3 con las causas, con el hecho de que \u201cel de la manivela no pod\u00eda m\u00e1s\u201d. Adem\u00e1s, es un instrumento vinculado con las primeras polifon\u00edas. Fue muy importante para desarrollar ese tipo de canto. Tambi\u00e9n era codiciado para aprender a cantar en solitario, sin ayuda de un profesor.<\/p>\n<p>En todas las grandes ciudades europeas, de Norte a Sur y de Este a Oeste, est\u00e1 presente la zanfona. Era una tradici\u00f3n viva en toda Europa. Posteriormente, se desarrolla tambi\u00e9n fuera del \u00e1mbito lit\u00fargico y se&nbsp; vincula a la llamada literatura de cordel. Los ciegos se paseaban de pueblo en pueblo contando historias escabrosas o truculentas que vend\u00edan en pliegos y que acompa\u00f1aban tocando la zanfona. Para D\u00edaz, resulta incre\u00edble que fuera un ciego quien tocara este instrumento por la precisi\u00f3n que requieren sus cuidados, entre los que destacan el uso de resina para la manivela y la colocaci\u00f3n de algodones en las cuerdas, adem\u00e1s de tenerse que afinar constantemente.<\/p>\n<p><a href=\"https:\/\/fcmanrique.org\/wp-content\/uploads\/zanfona03-1.jpg\"><img loading=\"lazy\" decoding=\"async\" class=\"alignnone size-full wp-image-23900\" src=\"https:\/\/fcmanrique.org\/wp-content\/uploads\/zanfona03-1.jpg\" alt=\"\" width=\"920\" height=\"645\" srcset=\"https:\/\/fcmanrique.org\/wp-content\/uploads\/zanfona03-1.jpg 920w, https:\/\/fcmanrique.org\/wp-content\/uploads\/zanfona03-1-300x210.jpg 300w, https:\/\/fcmanrique.org\/wp-content\/uploads\/zanfona03-1-768x538.jpg 768w, https:\/\/fcmanrique.org\/wp-content\/uploads\/zanfona03-1-289x203.jpg 289w\" sizes=\"auto, (max-width: 920px) 100vw, 920px\" \/><\/a><\/p>\n<p>La zanfona est\u00e1 relacionada con las historias truculentas, as\u00ed como con lo esot\u00e9rico o con las historias m\u00e1gicas y parece emparentada con las m\u00fasicas orientales, asegur\u00f3 el m\u00fasico. De hecho, una tesis doctoral&nbsp; afirmaba que la introdujeron los \u00e1rabes en Europa, hasta que se supo que la traducci\u00f3n no se correspond\u00eda con el original. Fue un instrumento de Corte en la Francia del XVIII. Recientemente, tuvo un gran auge a partir de los a\u00f1os setenta, principalmente gracias a Valentin Clastrier, que le incorpora el sonido electroac\u00fastico.<\/p>\n<p>En su recorrido musical, Germ\u00e1n D\u00edaz se acompa\u00f1\u00f3 en algunas piezas de otros instrumentos mec\u00e1nicos, como la caja de m\u00fasica programable, que lee una tarjeta perforada o la rolm\u00f3nica crom\u00e1tica, que tuvo gran \u00e9xito en Estados Unidos a partir de los a\u00f1os veinte.&nbsp; El m\u00fasico interpret\u00f3 un total de once piezas, algunas cl\u00e1sicas y otras modernas, tanto composiciones propias como ajenas. La primera de ellas fue <em>La rosa florece<\/em>, seguida de <em>Cirro<\/em>, <em>Romance de la casada en lejanas tierras<\/em>, una pieza del <em>Cancionero Popular de Burgos<\/em>, de Federico Olmeda, del <em>Der Leiermann (El zanfonista)<\/em> de Schubert, una muestra de una pieza acompa\u00f1ada de canto dif\u00f3nico (varias notas con una sola garganta), <em>Perfume de gitano<\/em>, <em>La rueda de la vida<\/em>, una de la banda sonora de la pel\u00edcula <em>La eternidad y un d\u00eda<\/em>, de Eleni Karaindrou y el bis, que fue un tema propio, <em>Rue de B\u00e8gles<\/em>, una calle de Burdeos a la que lleg\u00f3 en medio de un viaje por toda Europa para transportar el \u00fanico ejemplar que queda de la lira organizzata o zanfona \u00f3rgano.<\/p>\n<p><a href=\"https:\/\/fcmanrique.org\/wp-content\/uploads\/zanfona06-1.jpg\"><img loading=\"lazy\" decoding=\"async\" class=\"alignnone size-full wp-image-23901\" src=\"https:\/\/fcmanrique.org\/wp-content\/uploads\/zanfona06-1.jpg\" alt=\"\" width=\"920\" height=\"603\" srcset=\"https:\/\/fcmanrique.org\/wp-content\/uploads\/zanfona06-1.jpg 920w, https:\/\/fcmanrique.org\/wp-content\/uploads\/zanfona06-1-300x197.jpg 300w, https:\/\/fcmanrique.org\/wp-content\/uploads\/zanfona06-1-768x503.jpg 768w, https:\/\/fcmanrique.org\/wp-content\/uploads\/zanfona06-1-289x189.jpg 289w\" sizes=\"auto, (max-width: 920px) 100vw, 920px\" \/><\/a><\/p>\n<p><a href=\"https:\/\/fcmanrique.org\/wp-content\/uploads\/plantilla-FCM-simple-german-diaz.jpg\"><img loading=\"lazy\" decoding=\"async\" class=\"alignnone size-full wp-image-23742\" src=\"https:\/\/fcmanrique.org\/wp-content\/uploads\/plantilla-FCM-simple-german-diaz.jpg\" alt=\"\" width=\"1200\" height=\"1200\" srcset=\"https:\/\/fcmanrique.org\/wp-content\/uploads\/plantilla-FCM-simple-german-diaz.jpg 1200w, https:\/\/fcmanrique.org\/wp-content\/uploads\/plantilla-FCM-simple-german-diaz-300x300.jpg 300w, https:\/\/fcmanrique.org\/wp-content\/uploads\/plantilla-FCM-simple-german-diaz-1024x1024.jpg 1024w, https:\/\/fcmanrique.org\/wp-content\/uploads\/plantilla-FCM-simple-german-diaz-150x150.jpg 150w, https:\/\/fcmanrique.org\/wp-content\/uploads\/plantilla-FCM-simple-german-diaz-768x768.jpg 768w, https:\/\/fcmanrique.org\/wp-content\/uploads\/plantilla-FCM-simple-german-diaz-246x246.jpg 246w\" sizes=\"auto, (max-width: 1200px) 100vw, 1200px\" \/><\/a><\/p>\n<p><strong>M\u00e1s informaci\u00f3n: <\/strong><a href=\"https:\/\/fcmanrique.org\/wp-content\/uploads\/fcmanrique-nota-de-prensa-german-diaz.pdf\">Nota de prensa<\/a><\/p>\n<p><strong>Grabaci\u00f3n de la conferencia-concierto:<\/strong>&nbsp;<a href=\"https:\/\/fcmanrique.org\/fcm-video\/concierto-german-diaz\/\">Grabaci\u00f3n<\/a><\/p>","protected":false},"featured_media":24038,"parent":0,"template":"","meta":{"_acf_changed":false,"ngg_post_thumbnail":0,"footnotes":""},"actividad_tipo":[37],"actividad_lugar":[49],"actividad_departamento":[],"actividad_ciclo":[],"class_list":["post-23898","fcm_actividad","type-fcm_actividad","status-publish","has-post-thumbnail","hentry","actividad_tipo-otras-actividades","actividad_lugar-lugar-sala-saramago"],"acf":[],"_links":{"self":[{"href":"https:\/\/fcmanrique.org\/fr\/wp-json\/wp\/v2\/fcm_actividad\/23898","targetHints":{"allow":["GET"]}}],"collection":[{"href":"https:\/\/fcmanrique.org\/fr\/wp-json\/wp\/v2\/fcm_actividad"}],"about":[{"href":"https:\/\/fcmanrique.org\/fr\/wp-json\/wp\/v2\/types\/fcm_actividad"}],"version-history":[{"count":4,"href":"https:\/\/fcmanrique.org\/fr\/wp-json\/wp\/v2\/fcm_actividad\/23898\/revisions"}],"predecessor-version":[{"id":24219,"href":"https:\/\/fcmanrique.org\/fr\/wp-json\/wp\/v2\/fcm_actividad\/23898\/revisions\/24219"}],"wp:featuredmedia":[{"embeddable":true,"href":"https:\/\/fcmanrique.org\/fr\/wp-json\/wp\/v2\/media\/24038"}],"wp:attachment":[{"href":"https:\/\/fcmanrique.org\/fr\/wp-json\/wp\/v2\/media?parent=23898"}],"wp:term":[{"taxonomy":"actividad_tipo","embeddable":true,"href":"https:\/\/fcmanrique.org\/fr\/wp-json\/wp\/v2\/actividad_tipo?post=23898"},{"taxonomy":"actividad_lugar","embeddable":true,"href":"https:\/\/fcmanrique.org\/fr\/wp-json\/wp\/v2\/actividad_lugar?post=23898"},{"taxonomy":"actividad_departamento","embeddable":true,"href":"https:\/\/fcmanrique.org\/fr\/wp-json\/wp\/v2\/actividad_departamento?post=23898"},{"taxonomy":"actividad_ciclo","embeddable":true,"href":"https:\/\/fcmanrique.org\/fr\/wp-json\/wp\/v2\/actividad_ciclo?post=23898"}],"curies":[{"name":"wp","href":"https:\/\/api.w.org\/{rel}","templated":true}]}}

Germán Díaz y la zanfona, “una especie de sintetizador del siglo X”

<p class="qtranxs-available-languages-message qtranxs-available-languages-message-fr">Désolé, cet article est seulement disponible en <a href="https://fcmanrique.org/es/wp-json/wp/v2/fcm_actividad/23898" class="qtranxs-available-language-link qtranxs-available-language-link-es" title="ES">ES</a>.</p><p>En el Pórtico de la Gloria de la Catedral de Santiago de Compostela se puede ver a dos hombres tocando el organistrum, el antecedente de la zanfona, un instrumento milenario sobre el que Germán Díaz, músico y filólogo clásico, ofreció un concierto ilustrativo en la sala José Saramago. A través de piezas clásicas y modernas, el músico vallisoletano hizo un recorrido por la historia de la zanfona. El punto de partida fue la Edad Media, un periodo en el que se mecanizaron muchos instrumentos, como fue el caso de la zanfona, que recoge el esquema del violín mecánico, pero en lugar del arco tiene una rueda sobre la que se colocan las cuerdas y una manivela que las mueve. A lo largo del instrumento hay unas espadillas que cortan las cuerdas para dar la nota correspondiente, y unas cuerdas, denominadas simpáticas, que resuenan gracias al tono de las principales. “Es una especie de sintetizador del siglo X”, afirmó Díaz.</p>
<p><a href="https://fcmanrique.org/wp-content/uploads/zanfona01-1.jpg"><img loading="lazy" decoding="async" class="alignnone size-full wp-image-23899" src="https://fcmanrique.org/wp-content/uploads/zanfona01-1.jpg" alt="" width="920" height="604" srcset="https://fcmanrique.org/wp-content/uploads/zanfona01-1.jpg 920w, https://fcmanrique.org/wp-content/uploads/zanfona01-1-300x197.jpg 300w, https://fcmanrique.org/wp-content/uploads/zanfona01-1-768x504.jpg 768w, https://fcmanrique.org/wp-content/uploads/zanfona01-1-289x190.jpg 289w" sizes="auto, (max-width: 920px) 100vw, 920px" /></a></p>
<p>La zanfona aparece reflejada en muchas iglesias y catedrales, a lo largo del Camino de Santiago, de la Ribera del Duero o de la Magna Vía Francigena en la isla de Sicilia. Hoy en día quedan muchos vestigios visibles. Actualmente, este instrumento ha disminuido su tamaño y lo toca una sola persona. Díaz bromeó con las causas, con el hecho de que “el de la manivela no podía más”. Además, es un instrumento vinculado con las primeras polifonías. Fue muy importante para desarrollar ese tipo de canto. También era codiciado para aprender a cantar en solitario, sin ayuda de un profesor.</p>
<p>En todas las grandes ciudades europeas, de Norte a Sur y de Este a Oeste, está presente la zanfona. Era una tradición viva en toda Europa. Posteriormente, se desarrolla también fuera del ámbito litúrgico y se&nbsp; vincula a la llamada literatura de cordel. Los ciegos se paseaban de pueblo en pueblo contando historias escabrosas o truculentas que vendían en pliegos y que acompañaban tocando la zanfona. Para Díaz, resulta increíble que fuera un ciego quien tocara este instrumento por la precisión que requieren sus cuidados, entre los que destacan el uso de resina para la manivela y la colocación de algodones en las cuerdas, además de tenerse que afinar constantemente.</p>
<p><a href="https://fcmanrique.org/wp-content/uploads/zanfona03-1.jpg"><img loading="lazy" decoding="async" class="alignnone size-full wp-image-23900" src="https://fcmanrique.org/wp-content/uploads/zanfona03-1.jpg" alt="" width="920" height="645" srcset="https://fcmanrique.org/wp-content/uploads/zanfona03-1.jpg 920w, https://fcmanrique.org/wp-content/uploads/zanfona03-1-300x210.jpg 300w, https://fcmanrique.org/wp-content/uploads/zanfona03-1-768x538.jpg 768w, https://fcmanrique.org/wp-content/uploads/zanfona03-1-289x203.jpg 289w" sizes="auto, (max-width: 920px) 100vw, 920px" /></a></p>
<p>La zanfona está relacionada con las historias truculentas, así como con lo esotérico o con las historias mágicas y parece emparentada con las músicas orientales, aseguró el músico. De hecho, una tesis doctoral&nbsp; afirmaba que la introdujeron los árabes en Europa, hasta que se supo que la traducción no se correspondía con el original. Fue un instrumento de Corte en la Francia del XVIII. Recientemente, tuvo un gran auge a partir de los años setenta, principalmente gracias a Valentin Clastrier, que le incorpora el sonido electroacústico.</p>
<p>En su recorrido musical, Germán Díaz se acompañó en algunas piezas de otros instrumentos mecánicos, como la caja de música programable, que lee una tarjeta perforada o la rolmónica cromática, que tuvo gran éxito en Estados Unidos a partir de los años veinte.&nbsp; El músico interpretó un total de once piezas, algunas clásicas y otras modernas, tanto composiciones propias como ajenas. La primera de ellas fue <em>La rosa florece</em>, seguida de <em>Cirro</em>, <em>Romance de la casada en lejanas tierras</em>, una pieza del <em>Cancionero Popular de Burgos</em>, de Federico Olmeda, del <em>Der Leiermann (El zanfonista)</em> de Schubert, una muestra de una pieza acompañada de canto difónico (varias notas con una sola garganta), <em>Perfume de gitano</em>, <em>La rueda de la vida</em>, una de la banda sonora de la película <em>La eternidad y un día</em>, de Eleni Karaindrou y el bis, que fue un tema propio, <em>Rue de Bègles</em>, una calle de Burdeos a la que llegó en medio de un viaje por toda Europa para transportar el único ejemplar que queda de la lira organizzata o zanfona órgano.</p>
<p><a href="https://fcmanrique.org/wp-content/uploads/zanfona06-1.jpg"><img loading="lazy" decoding="async" class="alignnone size-full wp-image-23901" src="https://fcmanrique.org/wp-content/uploads/zanfona06-1.jpg" alt="" width="920" height="603" srcset="https://fcmanrique.org/wp-content/uploads/zanfona06-1.jpg 920w, https://fcmanrique.org/wp-content/uploads/zanfona06-1-300x197.jpg 300w, https://fcmanrique.org/wp-content/uploads/zanfona06-1-768x503.jpg 768w, https://fcmanrique.org/wp-content/uploads/zanfona06-1-289x189.jpg 289w" sizes="auto, (max-width: 920px) 100vw, 920px" /></a></p>
<p><a href="https://fcmanrique.org/wp-content/uploads/plantilla-FCM-simple-german-diaz.jpg"><img loading="lazy" decoding="async" class="alignnone size-full wp-image-23742" src="https://fcmanrique.org/wp-content/uploads/plantilla-FCM-simple-german-diaz.jpg" alt="" width="1200" height="1200" srcset="https://fcmanrique.org/wp-content/uploads/plantilla-FCM-simple-german-diaz.jpg 1200w, https://fcmanrique.org/wp-content/uploads/plantilla-FCM-simple-german-diaz-300x300.jpg 300w, https://fcmanrique.org/wp-content/uploads/plantilla-FCM-simple-german-diaz-1024x1024.jpg 1024w, https://fcmanrique.org/wp-content/uploads/plantilla-FCM-simple-german-diaz-150x150.jpg 150w, https://fcmanrique.org/wp-content/uploads/plantilla-FCM-simple-german-diaz-768x768.jpg 768w, https://fcmanrique.org/wp-content/uploads/plantilla-FCM-simple-german-diaz-246x246.jpg 246w" sizes="auto, (max-width: 1200px) 100vw, 1200px" /></a></p>
<p><strong>Más información: </strong><a href="https://fcmanrique.org/wp-content/uploads/fcmanrique-nota-de-prensa-german-diaz.pdf">Nota de prensa</a></p>
<p><strong>Grabación de la conferencia-concierto:</strong>&nbsp;<a href="https://fcmanrique.org/fcm-video/concierto-german-diaz/">Grabación</a></p>
