{"id":23971,"date":"2023-06-12T09:20:22","date_gmt":"2023-06-12T09:20:22","guid":{"rendered":"https:\/\/fcmanrique.org\/?post_type=fcm_actividad&#038;p=23971"},"modified":"2023-11-14T09:51:03","modified_gmt":"2023-11-14T09:51:03","slug":"soledad-gallego","status":"publish","type":"fcm_actividad","link":"https:\/\/fcmanrique.org\/fr\/fcm-actividad\/soledad-gallego\/","title":{"rendered":"Soledad Gallego-D\u00edaz: \u00abEs la primera vez que existen medios creados e ideados exclusivamente para la manipulaci\u00f3n\u00bb"},"content":{"rendered":"<p class=\"qtranxs-available-languages-message qtranxs-available-languages-message-fr\">D\u00e9sol\u00e9, cet article est seulement disponible en <a href=\"https:\/\/fcmanrique.org\/es\/wp-json\/wp\/v2\/fcm_actividad\/23971\" class=\"qtranxs-available-language-link qtranxs-available-language-link-es\" title=\"ES\">ES<\/a>.<\/p><p>La situaci\u00f3n actual del panorama medi\u00e1tico es \u201cmuy complicada\u201d a juicio de Soledad Gallego-D\u00edaz, ex directora de <em>El Pa\u00eds <\/em>y protagonista de la conversaci\u00f3n titulada \u201cEl periodismo de hoy en la mesa de disecci\u00f3n\u201d junto con los periodistas Techy Acosta y Sa\u00fal Garc\u00eda. \u201cNo vemos la soluci\u00f3n a este embrollo\u201d, matiz\u00f3 Gallego-D\u00edaz para luego destacar, como lo m\u00e1s importante y fundamental, la recuperaci\u00f3n de poder por parte de los periodistas dentro de las redacciones \u201cpara conseguir que se respeten los principios b\u00e1sicos del periodismo\u201d.<\/p>\n<p>Explic\u00f3 que, tras la crisis y la desaparici\u00f3n del anterior modelo de negocio, se va consiguiendo un nuevo modelo gracias a la suscripci\u00f3n, \u201cpero no es suficiente\u201d, ya que, sobre todo los medios m\u00e1s peque\u00f1os, necesitan publicidad o que el Estado los considere como un bien social y los subvencione porque permiten crear espacios donde se pueda debatir en com\u00fan, \u201cque es una de las cosas que ha desaparecido\u201d.&nbsp;<\/p>\n<p><a href=\"https:\/\/fcmanrique.org\/wp-content\/uploads\/soledad05-1.jpg\"><img loading=\"lazy\" decoding=\"async\" class=\"alignnone size-full wp-image-23974\" src=\"https:\/\/fcmanrique.org\/wp-content\/uploads\/soledad05-1.jpg\" alt=\"\" width=\"1224\" height=\"920\" srcset=\"https:\/\/fcmanrique.org\/wp-content\/uploads\/soledad05-1.jpg 1224w, https:\/\/fcmanrique.org\/wp-content\/uploads\/soledad05-1-300x225.jpg 300w, https:\/\/fcmanrique.org\/wp-content\/uploads\/soledad05-1-1024x770.jpg 1024w, https:\/\/fcmanrique.org\/wp-content\/uploads\/soledad05-1-768x577.jpg 768w, https:\/\/fcmanrique.org\/wp-content\/uploads\/soledad05-1-289x217.jpg 289w\" sizes=\"auto, (max-width: 1224px) 100vw, 1224px\" \/><\/a><\/p>\n<p>As\u00ed mismo, la ex directora de <em>El Pa\u00eds <\/em>se\u00f1al\u00f3 la importancia de diferenciar la opini\u00f3n de la informaci\u00f3n y reconocer los hechos: \u201cNo es bueno que no compartamos los hechos, tenemos que hablar sobre el mismo hecho y hay medios de comunicaci\u00f3n que los niegan sistem\u00e1ticamente\u201d. \u201cUsted puede ser de izquierdas o de derechas y tener una l\u00ednea editorial, pero no mezcle informaci\u00f3n y opini\u00f3n\u201d. A este respecto, Gallego-D\u00edaz dijo que es la primera vez que existen medios creados e ideados exclusivamente para la manipulaci\u00f3n y que ser\u00eda importante que fu\u00e9ramos capaces de expulsar de la profesi\u00f3n period\u00edstica a este tipo de medios \u201cque crean una confusi\u00f3n enorme\u201d y pretenden \u201cromper la sociedad\u201d a trav\u00e9s de la manipulaci\u00f3n.<\/p>\n<p>\u00bfC\u00f3mo hacer para que el ciudadano vuelva a acercarse a los medios? \u201cTambi\u00e9n es dif\u00edcil\u201d. Una de las premisas ser\u00eda que el periodismo mantenga su propia agenda y no se deje arrastrar por otros debates. En este sentido, la veterana periodista indic\u00f3 que no es nuevo que alguien busque el medio que m\u00e1s se ajusta a sus creencias pero, insisti\u00f3, en que lo novedad est\u00e1 en que existan medios que no respeten los hechos.<\/p>\n<p>\u201cSomos los profesionales los que vemos los problemas y decidimos lo que hay que contar\u201d, se\u00f1al\u00f3, frente al algoritmo que \u201cno es neutral\u201d y pretende que la gente solo reciba la informaci\u00f3n que le interesa. \u201c\u00bfC\u00f3mo cuentas entonces que hay una hambruna, si eso no est\u00e1 entre las prioridades de nadie?\u201d, ejemplific\u00f3 para explicar a continuaci\u00f3n que los periodistas deben \u201cintentar convencer a la gente de que este tipo de cosas afectan a su vida, aunque no quieran saber nada sobre eso\u201d.<\/p>\n<p><a href=\"https:\/\/fcmanrique.org\/wp-content\/uploads\/soledad01-scaled.jpg\"><img loading=\"lazy\" decoding=\"async\" class=\"alignnone size-full wp-image-23976\" src=\"https:\/\/fcmanrique.org\/wp-content\/uploads\/soledad01-scaled.jpg\" alt=\"\" width=\"2560\" height=\"1853\" srcset=\"https:\/\/fcmanrique.org\/wp-content\/uploads\/soledad01-scaled.jpg 2560w, https:\/\/fcmanrique.org\/wp-content\/uploads\/soledad01-300x217.jpg 300w, https:\/\/fcmanrique.org\/wp-content\/uploads\/soledad01-1024x741.jpg 1024w, https:\/\/fcmanrique.org\/wp-content\/uploads\/soledad01-768x556.jpg 768w, https:\/\/fcmanrique.org\/wp-content\/uploads\/soledad01-289x209.jpg 289w, https:\/\/fcmanrique.org\/wp-content\/uploads\/soledad01-1536x1112.jpg 1536w, https:\/\/fcmanrique.org\/wp-content\/uploads\/soledad01-2048x1483.jpg 2048w\" sizes=\"auto, (max-width: 2560px) 100vw, 2560px\" \/><\/a><\/p>\n<p>Con respecto a las redes sociales, Soledad Gallego-D\u00edaz expuso que estas \u201cno indican los problemas de la gente\u201d, sino los temas de los que est\u00e1n hablando y, precisamente, los usuarios \u201cno est\u00e1n hablando todo el d\u00eda de sus problemas\u201d. El problema viene cuando se habla de tonter\u00edas y \u201clos medios entran de cabeza a contar esa tontada, dando a entender que es un tema importante y resulta que no lo es\u201d.<\/p>\n<p>Por otro lado, la ex directora de <em>El Pa\u00eds, <\/em>tambi\u00e9n plante\u00f3 la dificultad para afrontar los bulos. Explic\u00f3 que <em>The New York Times<\/em> estuvo una semana desmintiendo que Hillary Clinton formara parte de un grupo de pederastas, porque se retuite\u00f3 miles de veces, en lugar de investigar a Donald Trump, y habl\u00f3 de la dificultad de regular a las grandes tecnol\u00f3gicas y su responsabilidad sobre las mentiras que se publican en sus plataformas.<\/p>\n<p>Respecto a la creciente importancia del lenguaje audiovisual frente al lenguaje escrito, expres\u00f3 que cuando apareci\u00f3 la televisi\u00f3n, cambi\u00f3 la forma de contar las cosas, pero no fue tan radical como ahora: \u201cHabr\u00eda que convencer a la gente joven de que Tik Tok puede ser muy entretenido, pero no es informaci\u00f3n\u201d.<\/p>\n<p>Durante la conversaci\u00f3n, tambi\u00e9n se analizaron las relaciones entre la prensa y el poder y su connivencia, puso como ejemplo a Sir <em>Robin<\/em> Day, un \u201cgran periodista brit\u00e1nico\u201d que trabaj\u00f3 con Margaret Thatcher y despu\u00e9s volvi\u00f3 a la <em>BBC<\/em> y le hizo a ella la entrevista m\u00e1s dura posible \u201cporque respetaba las reglas\u201d. \u201cLo que hay hoy es un problema de medios dirigidos por sinverg\u00fcenzas\u201d, sentenci\u00f3.<\/p>\n<p><a href=\"https:\/\/fcmanrique.org\/wp-content\/uploads\/soledad02-1.jpg\"><img loading=\"lazy\" decoding=\"async\" class=\"alignnone size-full wp-image-23973\" src=\"https:\/\/fcmanrique.org\/wp-content\/uploads\/soledad02-1.jpg\" alt=\"\" width=\"1476\" height=\"920\" srcset=\"https:\/\/fcmanrique.org\/wp-content\/uploads\/soledad02-1.jpg 1476w, https:\/\/fcmanrique.org\/wp-content\/uploads\/soledad02-1-300x187.jpg 300w, https:\/\/fcmanrique.org\/wp-content\/uploads\/soledad02-1-1024x638.jpg 1024w, https:\/\/fcmanrique.org\/wp-content\/uploads\/soledad02-1-768x479.jpg 768w, https:\/\/fcmanrique.org\/wp-content\/uploads\/soledad02-1-289x180.jpg 289w\" sizes=\"auto, (max-width: 1476px) 100vw, 1476px\" \/><\/a><\/p>\n<p>En lo relativo a la inteligencia artificial, Gallego-D\u00edaz manifest\u00f3 su utilidad, no obstante tambi\u00e9n dijo que pod\u00eda ser un peligro. A su juicio, habr\u00eda que llegar a un acuerdo internacional para que la IA lleve un sello, que se identifique como una advertencia al lector de que un contenido determinado se ha producido gracias a la inteligencia artificial. \u201cSobre eso creo que podr\u00edamos ponernos de acuerdo sin necesidad de grandes discusiones\u201d, asever\u00f3.<\/p>\n<p>Acerca de la prensa local, la periodista dijo considerarla fundamental por su mayor cercan\u00eda a los problemas locales y porque gracias a ella los lectores tienen la posibilidad de discutir sobre algo com\u00fan, adem\u00e1s de lo beneficiosa que resulta para los medios nacionales e internacionales. Apost\u00f3, as\u00ed mismo, por la publicidad institucional local \u201cde acuerdo a unas reglas aceptadas por todo el mundo que ayude a mantener estos medios\u201d.&nbsp; Tambi\u00e9n habl\u00f3, a preguntas del p\u00fablico, de su experiencia como defensora del lector y de los problemas que tiene la prensa en papel.<\/p>\n<p>Soledad Gallego-D\u00edaz finaliz\u00f3 pidiendo mayor formaci\u00f3n en las escuelas para crear a ciudadanos con esp\u00edritu cr\u00edtico. \u201cDecir que todos los periodistas mienten y que los medios est\u00e1n vendidos debilita la democracia, forma parte tambi\u00e9n de esa manipulaci\u00f3n de que la democracia no es \u00fatil para estos momentos, que no puede resolver los problemas\u201d, apunt\u00f3 para luego a\u00f1adir: \u201cLos periodistas somos \u00fatiles, cumplimos un papel necesario en una sociedad democr\u00e1tica y deber\u00edamos defender nuestro trabajo, pero nos hemos dejado comer por los especialistas en tecnolog\u00eda\u201d. Sin embargo, matiz\u00f3, \u201cel oficio que tenemos es necesario, tiene unas reglas que ustedes deben exigirlas y nosotros respetarlas\u201d. \u201cUstedes presionen para que los periodistas respeten las normas y nosotros para que desaparezcan la cantidad de sinverg\u00fcenzas que hay\u201d, concluy\u00f3 dirigi\u00e9ndose al p\u00fablico.&nbsp;<\/p>\n<p><a href=\"https:\/\/fcmanrique.org\/wp-content\/uploads\/fcmanrique-invitacion-2023-soledad-gallego-diaz.jpg\"><img loading=\"lazy\" decoding=\"async\" class=\"alignnone size-full wp-image-23915\" src=\"https:\/\/fcmanrique.org\/wp-content\/uploads\/fcmanrique-invitacion-2023-soledad-gallego-diaz.jpg\" alt=\"\" width=\"1200\" height=\"1200\" srcset=\"https:\/\/fcmanrique.org\/wp-content\/uploads\/fcmanrique-invitacion-2023-soledad-gallego-diaz.jpg 1200w, https:\/\/fcmanrique.org\/wp-content\/uploads\/fcmanrique-invitacion-2023-soledad-gallego-diaz-300x300.jpg 300w, https:\/\/fcmanrique.org\/wp-content\/uploads\/fcmanrique-invitacion-2023-soledad-gallego-diaz-1024x1024.jpg 1024w, https:\/\/fcmanrique.org\/wp-content\/uploads\/fcmanrique-invitacion-2023-soledad-gallego-diaz-150x150.jpg 150w, https:\/\/fcmanrique.org\/wp-content\/uploads\/fcmanrique-invitacion-2023-soledad-gallego-diaz-768x768.jpg 768w, https:\/\/fcmanrique.org\/wp-content\/uploads\/fcmanrique-invitacion-2023-soledad-gallego-diaz-246x246.jpg 246w\" sizes=\"auto, (max-width: 1200px) 100vw, 1200px\" \/><\/a><\/p>\n<p><strong>M\u00e1s informaci\u00f3n:<\/strong> <a href=\"https:\/\/fcmanrique.org\/wp-content\/uploads\/fcmanrique-np-soledad-gallego-diaz.pdf\">Nota de prensa<\/a><\/p>\n<p><strong>Grabaci\u00f3n del encuentro:&nbsp;<\/strong><a href=\"https:\/\/fcmanrique.org\/fcm-video\/el-periodismo-de-hoy-en-la-mesa-de-diseccion\/\">Grabaci\u00f3n<\/a><\/p>","protected":false},"featured_media":23978,"parent":0,"template":"","meta":{"_acf_changed":false,"ngg_post_thumbnail":0,"footnotes":""},"actividad_tipo":[34],"actividad_lugar":[49],"actividad_departamento":[],"actividad_ciclo":[],"class_list":["post-23971","fcm_actividad","type-fcm_actividad","status-publish","has-post-thumbnail","hentry","actividad_tipo-conferencias","actividad_lugar-lugar-sala-saramago"],"acf":[],"_links":{"self":[{"href":"https:\/\/fcmanrique.org\/fr\/wp-json\/wp\/v2\/fcm_actividad\/23971","targetHints":{"allow":["GET"]}}],"collection":[{"href":"https:\/\/fcmanrique.org\/fr\/wp-json\/wp\/v2\/fcm_actividad"}],"about":[{"href":"https:\/\/fcmanrique.org\/fr\/wp-json\/wp\/v2\/types\/fcm_actividad"}],"version-history":[{"count":8,"href":"https:\/\/fcmanrique.org\/fr\/wp-json\/wp\/v2\/fcm_actividad\/23971\/revisions"}],"predecessor-version":[{"id":24447,"href":"https:\/\/fcmanrique.org\/fr\/wp-json\/wp\/v2\/fcm_actividad\/23971\/revisions\/24447"}],"wp:featuredmedia":[{"embeddable":true,"href":"https:\/\/fcmanrique.org\/fr\/wp-json\/wp\/v2\/media\/23978"}],"wp:attachment":[{"href":"https:\/\/fcmanrique.org\/fr\/wp-json\/wp\/v2\/media?parent=23971"}],"wp:term":[{"taxonomy":"actividad_tipo","embeddable":true,"href":"https:\/\/fcmanrique.org\/fr\/wp-json\/wp\/v2\/actividad_tipo?post=23971"},{"taxonomy":"actividad_lugar","embeddable":true,"href":"https:\/\/fcmanrique.org\/fr\/wp-json\/wp\/v2\/actividad_lugar?post=23971"},{"taxonomy":"actividad_departamento","embeddable":true,"href":"https:\/\/fcmanrique.org\/fr\/wp-json\/wp\/v2\/actividad_departamento?post=23971"},{"taxonomy":"actividad_ciclo","embeddable":true,"href":"https:\/\/fcmanrique.org\/fr\/wp-json\/wp\/v2\/actividad_ciclo?post=23971"}],"curies":[{"name":"wp","href":"https:\/\/api.w.org\/{rel}","templated":true}]}}

Soledad Gallego-Díaz: «Es la primera vez que existen medios creados e ideados exclusivamente para la manipulación»

<p class="qtranxs-available-languages-message qtranxs-available-languages-message-fr">Désolé, cet article est seulement disponible en <a href="https://fcmanrique.org/es/wp-json/wp/v2/fcm_actividad/23971" class="qtranxs-available-language-link qtranxs-available-language-link-es" title="ES">ES</a>.</p><p>La situación actual del panorama mediático es “muy complicada” a juicio de Soledad Gallego-Díaz, ex directora de <em>El País </em>y protagonista de la conversación titulada “El periodismo de hoy en la mesa de disección” junto con los periodistas Techy Acosta y Saúl García. “No vemos la solución a este embrollo”, matizó Gallego-Díaz para luego destacar, como lo más importante y fundamental, la recuperación de poder por parte de los periodistas dentro de las redacciones “para conseguir que se respeten los principios básicos del periodismo”.</p>
<p>Explicó que, tras la crisis y la desaparición del anterior modelo de negocio, se va consiguiendo un nuevo modelo gracias a la suscripción, “pero no es suficiente”, ya que, sobre todo los medios más pequeños, necesitan publicidad o que el Estado los considere como un bien social y los subvencione porque permiten crear espacios donde se pueda debatir en común, “que es una de las cosas que ha desaparecido”.&nbsp;</p>
<p><a href="https://fcmanrique.org/wp-content/uploads/soledad05-1.jpg"><img loading="lazy" decoding="async" class="alignnone size-full wp-image-23974" src="https://fcmanrique.org/wp-content/uploads/soledad05-1.jpg" alt="" width="1224" height="920" srcset="https://fcmanrique.org/wp-content/uploads/soledad05-1.jpg 1224w, https://fcmanrique.org/wp-content/uploads/soledad05-1-300x225.jpg 300w, https://fcmanrique.org/wp-content/uploads/soledad05-1-1024x770.jpg 1024w, https://fcmanrique.org/wp-content/uploads/soledad05-1-768x577.jpg 768w, https://fcmanrique.org/wp-content/uploads/soledad05-1-289x217.jpg 289w" sizes="auto, (max-width: 1224px) 100vw, 1224px" /></a></p>
<p>Así mismo, la ex directora de <em>El País </em>señaló la importancia de diferenciar la opinión de la información y reconocer los hechos: “No es bueno que no compartamos los hechos, tenemos que hablar sobre el mismo hecho y hay medios de comunicación que los niegan sistemáticamente”. “Usted puede ser de izquierdas o de derechas y tener una línea editorial, pero no mezcle información y opinión”. A este respecto, Gallego-Díaz dijo que es la primera vez que existen medios creados e ideados exclusivamente para la manipulación y que sería importante que fuéramos capaces de expulsar de la profesión periodística a este tipo de medios “que crean una confusión enorme” y pretenden “romper la sociedad” a través de la manipulación.</p>
<p>¿Cómo hacer para que el ciudadano vuelva a acercarse a los medios? “También es difícil”. Una de las premisas sería que el periodismo mantenga su propia agenda y no se deje arrastrar por otros debates. En este sentido, la veterana periodista indicó que no es nuevo que alguien busque el medio que más se ajusta a sus creencias pero, insistió, en que lo novedad está en que existan medios que no respeten los hechos.</p>
<p>“Somos los profesionales los que vemos los problemas y decidimos lo que hay que contar”, señaló, frente al algoritmo que “no es neutral” y pretende que la gente solo reciba la información que le interesa. “¿Cómo cuentas entonces que hay una hambruna, si eso no está entre las prioridades de nadie?”, ejemplificó para explicar a continuación que los periodistas deben “intentar convencer a la gente de que este tipo de cosas afectan a su vida, aunque no quieran saber nada sobre eso”.</p>
<p><a href="https://fcmanrique.org/wp-content/uploads/soledad01-scaled.jpg"><img loading="lazy" decoding="async" class="alignnone size-full wp-image-23976" src="https://fcmanrique.org/wp-content/uploads/soledad01-scaled.jpg" alt="" width="2560" height="1853" srcset="https://fcmanrique.org/wp-content/uploads/soledad01-scaled.jpg 2560w, https://fcmanrique.org/wp-content/uploads/soledad01-300x217.jpg 300w, https://fcmanrique.org/wp-content/uploads/soledad01-1024x741.jpg 1024w, https://fcmanrique.org/wp-content/uploads/soledad01-768x556.jpg 768w, https://fcmanrique.org/wp-content/uploads/soledad01-289x209.jpg 289w, https://fcmanrique.org/wp-content/uploads/soledad01-1536x1112.jpg 1536w, https://fcmanrique.org/wp-content/uploads/soledad01-2048x1483.jpg 2048w" sizes="auto, (max-width: 2560px) 100vw, 2560px" /></a></p>
<p>Con respecto a las redes sociales, Soledad Gallego-Díaz expuso que estas “no indican los problemas de la gente”, sino los temas de los que están hablando y, precisamente, los usuarios “no están hablando todo el día de sus problemas”. El problema viene cuando se habla de tonterías y “los medios entran de cabeza a contar esa tontada, dando a entender que es un tema importante y resulta que no lo es”.</p>
<p>Por otro lado, la ex directora de <em>El País, </em>también planteó la dificultad para afrontar los bulos. Explicó que <em>The New York Times</em> estuvo una semana desmintiendo que Hillary Clinton formara parte de un grupo de pederastas, porque se retuiteó miles de veces, en lugar de investigar a Donald Trump, y habló de la dificultad de regular a las grandes tecnológicas y su responsabilidad sobre las mentiras que se publican en sus plataformas.</p>
<p>Respecto a la creciente importancia del lenguaje audiovisual frente al lenguaje escrito, expresó que cuando apareció la televisión, cambió la forma de contar las cosas, pero no fue tan radical como ahora: “Habría que convencer a la gente joven de que Tik Tok puede ser muy entretenido, pero no es información”.</p>
<p>Durante la conversación, también se analizaron las relaciones entre la prensa y el poder y su connivencia, puso como ejemplo a Sir <em>Robin</em> Day, un “gran periodista británico” que trabajó con Margaret Thatcher y después volvió a la <em>BBC</em> y le hizo a ella la entrevista más dura posible “porque respetaba las reglas”. “Lo que hay hoy es un problema de medios dirigidos por sinvergüenzas”, sentenció.</p>
<p><a href="https://fcmanrique.org/wp-content/uploads/soledad02-1.jpg"><img loading="lazy" decoding="async" class="alignnone size-full wp-image-23973" src="https://fcmanrique.org/wp-content/uploads/soledad02-1.jpg" alt="" width="1476" height="920" srcset="https://fcmanrique.org/wp-content/uploads/soledad02-1.jpg 1476w, https://fcmanrique.org/wp-content/uploads/soledad02-1-300x187.jpg 300w, https://fcmanrique.org/wp-content/uploads/soledad02-1-1024x638.jpg 1024w, https://fcmanrique.org/wp-content/uploads/soledad02-1-768x479.jpg 768w, https://fcmanrique.org/wp-content/uploads/soledad02-1-289x180.jpg 289w" sizes="auto, (max-width: 1476px) 100vw, 1476px" /></a></p>
<p>En lo relativo a la inteligencia artificial, Gallego-Díaz manifestó su utilidad, no obstante también dijo que podía ser un peligro. A su juicio, habría que llegar a un acuerdo internacional para que la IA lleve un sello, que se identifique como una advertencia al lector de que un contenido determinado se ha producido gracias a la inteligencia artificial. “Sobre eso creo que podríamos ponernos de acuerdo sin necesidad de grandes discusiones”, aseveró.</p>
<p>Acerca de la prensa local, la periodista dijo considerarla fundamental por su mayor cercanía a los problemas locales y porque gracias a ella los lectores tienen la posibilidad de discutir sobre algo común, además de lo beneficiosa que resulta para los medios nacionales e internacionales. Apostó, así mismo, por la publicidad institucional local “de acuerdo a unas reglas aceptadas por todo el mundo que ayude a mantener estos medios”.&nbsp; También habló, a preguntas del público, de su experiencia como defensora del lector y de los problemas que tiene la prensa en papel.</p>
<p>Soledad Gallego-Díaz finalizó pidiendo mayor formación en las escuelas para crear a ciudadanos con espíritu crítico. “Decir que todos los periodistas mienten y que los medios están vendidos debilita la democracia, forma parte también de esa manipulación de que la democracia no es útil para estos momentos, que no puede resolver los problemas”, apuntó para luego añadir: “Los periodistas somos útiles, cumplimos un papel necesario en una sociedad democrática y deberíamos defender nuestro trabajo, pero nos hemos dejado comer por los especialistas en tecnología”. Sin embargo, matizó, “el oficio que tenemos es necesario, tiene unas reglas que ustedes deben exigirlas y nosotros respetarlas”. “Ustedes presionen para que los periodistas respeten las normas y nosotros para que desaparezcan la cantidad de sinvergüenzas que hay”, concluyó dirigiéndose al público.&nbsp;</p>
<p><a href="https://fcmanrique.org/wp-content/uploads/fcmanrique-invitacion-2023-soledad-gallego-diaz.jpg"><img loading="lazy" decoding="async" class="alignnone size-full wp-image-23915" src="https://fcmanrique.org/wp-content/uploads/fcmanrique-invitacion-2023-soledad-gallego-diaz.jpg" alt="" width="1200" height="1200" srcset="https://fcmanrique.org/wp-content/uploads/fcmanrique-invitacion-2023-soledad-gallego-diaz.jpg 1200w, https://fcmanrique.org/wp-content/uploads/fcmanrique-invitacion-2023-soledad-gallego-diaz-300x300.jpg 300w, https://fcmanrique.org/wp-content/uploads/fcmanrique-invitacion-2023-soledad-gallego-diaz-1024x1024.jpg 1024w, https://fcmanrique.org/wp-content/uploads/fcmanrique-invitacion-2023-soledad-gallego-diaz-150x150.jpg 150w, https://fcmanrique.org/wp-content/uploads/fcmanrique-invitacion-2023-soledad-gallego-diaz-768x768.jpg 768w, https://fcmanrique.org/wp-content/uploads/fcmanrique-invitacion-2023-soledad-gallego-diaz-246x246.jpg 246w" sizes="auto, (max-width: 1200px) 100vw, 1200px" /></a></p>
<p><strong>Más información:</strong> <a href="https://fcmanrique.org/wp-content/uploads/fcmanrique-np-soledad-gallego-diaz.pdf">Nota de prensa</a></p>
<p><strong>Grabación del encuentro:&nbsp;</strong><a href="https://fcmanrique.org/fcm-video/el-periodismo-de-hoy-en-la-mesa-de-diseccion/">Grabación</a></p>
