{"id":26004,"date":"2024-10-04T08:11:45","date_gmt":"2024-10-04T08:11:45","guid":{"rendered":"https:\/\/fcmanrique.org\/?post_type=fcm_actividad&#038;p=26004"},"modified":"2025-03-24T10:21:28","modified_gmt":"2025-03-24T10:21:28","slug":"informe-territorio-movilidad-y-carreteras","status":"publish","type":"fcm_actividad","link":"https:\/\/fcmanrique.org\/fr\/fcm-actividad\/informe-territorio-movilidad-y-carreteras\/","title":{"rendered":"Informe. Territorio, movilidad y carreteras"},"content":{"rendered":"<p class=\"qtranxs-available-languages-message qtranxs-available-languages-message-fr\">D\u00e9sol\u00e9, cet article est seulement disponible en <a href=\"https:\/\/fcmanrique.org\/es\/wp-json\/wp\/v2\/fcm_actividad\/26004\" class=\"qtranxs-available-language-link qtranxs-available-language-link-es\" title=\"ES\">ES<\/a>.<\/p><p>Alfonso Sanz, t\u00e9cnico urbanista, present\u00f3 el d\u00eda 3 de octubre de 2024, en la sala Jos\u00e9 Saramago el informe <em>Territorio, movilidad y carreteras. Una nueva perspectiva para Lanzarote<\/em>, elaborado por encargo de la FCM. Pensar las carreteras como si no hubiera l\u00edmites al crecimiento ya no es de recibo, a juicio de Sanz y de la FCM. La oleada de obras previstas en las carreteras de Lanzarote choca de frente con los compromisos ambientales y clim\u00e1ticos y con la identidad del paisaje insular. Se estandarizan las infraestructuras y dejan de lado la visi\u00f3n pionera de C\u00e9sar Manrique y Pep\u00edn Ram\u00edrez, que Sanz llam\u00f3 \u201cmodelo Manrique-Ram\u00edrez\u201d de la relaci\u00f3n territorio-carretera, que ha sido la marca diferencial de la isla.<\/p>\n<p><strong>Descargar s\u00edntesis del documento: <\/strong><a href=\"https:\/\/fcmanrique.org\/wp-content\/uploads\/fcmanrique-informe-territorio-movilidad-carreteras-sintesis.pdf\" target=\"_blank\" rel=\"noopener\">S\u00edntesis del informe. Territorio, movilidad y carreteras<\/a><\/p>\n<p><strong>Descargar documento completo: <\/strong><a href=\"https:\/\/fcmanrique.org\/wp-content\/uploads\/Informe-Territorio-movilidad-y-carreteras.pdf\" target=\"_blank\" rel=\"noopener\">Informe Territorio, movilidad y carreteras. Una nueva perspectiva para Lanzarote<\/a><\/p>\n<p><strong>Presentaci\u00f3n del informe:&nbsp;<\/strong><a href=\"https:\/\/fcmanrique.org\/fcm-actividad\/alfonso-sanz-las-carreteras-no-son-un-fin-sino-un-soporte-para-desplegar-el-nuevo-modelo-de-movilidad-que-necesita-este-territorio-unico\/\" target=\"_blank\" rel=\"noopener\">Cr\u00f3nica de la actividad<\/a><\/p>\n<p><strong>Grabaci\u00f3n de la presentaci\u00f3n:&nbsp;<\/strong><a href=\"https:\/\/fcmanrique.org\/fcm-video\/informe-de-movilidad\/\" target=\"_blank\" rel=\"noopener\">Grabaci\u00f3n<\/a><\/p>","protected":false},"featured_media":26044,"parent":0,"template":"","meta":{"_acf_changed":false,"ngg_post_thumbnail":0,"footnotes":""},"actividad_tipo":[39],"actividad_lugar":[],"actividad_departamento":[],"actividad_ciclo":[],"class_list":["post-26004","fcm_actividad","type-fcm_actividad","status-publish","has-post-thumbnail","hentry","actividad_tipo-informes-y-alegaciones"],"acf":[],"_links":{"self":[{"href":"https:\/\/fcmanrique.org\/fr\/wp-json\/wp\/v2\/fcm_actividad\/26004","targetHints":{"allow":["GET"]}}],"collection":[{"href":"https:\/\/fcmanrique.org\/fr\/wp-json\/wp\/v2\/fcm_actividad"}],"about":[{"href":"https:\/\/fcmanrique.org\/fr\/wp-json\/wp\/v2\/types\/fcm_actividad"}],"version-history":[{"count":12,"href":"https:\/\/fcmanrique.org\/fr\/wp-json\/wp\/v2\/fcm_actividad\/26004\/revisions"}],"predecessor-version":[{"id":26556,"href":"https:\/\/fcmanrique.org\/fr\/wp-json\/wp\/v2\/fcm_actividad\/26004\/revisions\/26556"}],"wp:featuredmedia":[{"embeddable":true,"href":"https:\/\/fcmanrique.org\/fr\/wp-json\/wp\/v2\/media\/26044"}],"wp:attachment":[{"href":"https:\/\/fcmanrique.org\/fr\/wp-json\/wp\/v2\/media?parent=26004"}],"wp:term":[{"taxonomy":"actividad_tipo","embeddable":true,"href":"https:\/\/fcmanrique.org\/fr\/wp-json\/wp\/v2\/actividad_tipo?post=26004"},{"taxonomy":"actividad_lugar","embeddable":true,"href":"https:\/\/fcmanrique.org\/fr\/wp-json\/wp\/v2\/actividad_lugar?post=26004"},{"taxonomy":"actividad_departamento","embeddable":true,"href":"https:\/\/fcmanrique.org\/fr\/wp-json\/wp\/v2\/actividad_departamento?post=26004"},{"taxonomy":"actividad_ciclo","embeddable":true,"href":"https:\/\/fcmanrique.org\/fr\/wp-json\/wp\/v2\/actividad_ciclo?post=26004"}],"curies":[{"name":"wp","href":"https:\/\/api.w.org\/{rel}","templated":true}]}}

<p class="qtranxs-available-languages-message qtranxs-available-languages-message-fr">Désolé, cet article est seulement disponible en <a href="https://fcmanrique.org/es/wp-json/wp/v2/fcm_actividad/26004" class="qtranxs-available-language-link qtranxs-available-language-link-es" title="ES">ES</a>.</p><p>Alfonso Sanz, técnico urbanista, presentó el día 3 de octubre de 2024, en la sala José Saramago el informe <em>Territorio, movilidad y carreteras. Una nueva perspectiva para Lanzarote</em>, elaborado por encargo de la FCM. Pensar las carreteras como si no hubiera límites al crecimiento ya no es de recibo, a juicio de Sanz y de la FCM. La oleada de obras previstas en las carreteras de Lanzarote choca de frente con los compromisos ambientales y climáticos y con la identidad del paisaje insular. Se estandarizan las infraestructuras y dejan de lado la visión pionera de César Manrique y Pepín Ramírez, que Sanz llamó “modelo Manrique-Ramírez” de la relación territorio-carretera, que ha sido la marca diferencial de la isla.</p>
<p><strong>Descargar síntesis del documento: </strong><a href="https://fcmanrique.org/wp-content/uploads/fcmanrique-informe-territorio-movilidad-carreteras-sintesis.pdf" target="_blank" rel="noopener">Síntesis del informe. Territorio, movilidad y carreteras</a></p>
<p><strong>Descargar documento completo: </strong><a href="https://fcmanrique.org/wp-content/uploads/Informe-Territorio-movilidad-y-carreteras.pdf" target="_blank" rel="noopener">Informe Territorio, movilidad y carreteras. Una nueva perspectiva para Lanzarote</a></p>
<p><strong>Presentación del informe:&nbsp;</strong><a href="https://fcmanrique.org/fcm-actividad/alfonso-sanz-las-carreteras-no-son-un-fin-sino-un-soporte-para-desplegar-el-nuevo-modelo-de-movilidad-que-necesita-este-territorio-unico/" target="_blank" rel="noopener">Crónica de la actividad</a></p>
<p><strong>Grabación de la presentación:&nbsp;</strong><a href="https://fcmanrique.org/fcm-video/informe-de-movilidad/" target="_blank" rel="noopener">Grabación</a></p>
