{"id":26391,"date":"2025-06-26T12:20:32","date_gmt":"2025-06-26T12:20:32","guid":{"rendered":"https:\/\/fcmanrique.org\/?post_type=fcm_actividad&#038;p=26391"},"modified":"2025-12-01T12:41:06","modified_gmt":"2025-12-01T12:41:06","slug":"sugerencias-de-la-fcm-al-plan-especial-del-paisaje-protegido-de-la-geria-pepp","status":"publish","type":"fcm_actividad","link":"https:\/\/fcmanrique.org\/fr\/fcm-actividad\/sugerencias-de-la-fcm-al-plan-especial-del-paisaje-protegido-de-la-geria-pepp\/","title":{"rendered":"Sugerencias de la FCM al Borrador del Plan Especial del Paisaje Protegido de La Geria"},"content":{"rendered":"<p class=\"qtranxs-available-languages-message qtranxs-available-languages-message-fr\">D\u00e9sol\u00e9, cet article est seulement disponible en <a href=\"https:\/\/fcmanrique.org\/es\/wp-json\/wp\/v2\/fcm_actividad\/26391\" class=\"qtranxs-available-language-link qtranxs-available-language-link-es\" title=\"ES\">ES<\/a>.<\/p><p>La Fundaci\u00f3n C\u00e9sar Manrique present\u00f3, en febrero de 2025, sugerencias al borrador del Plan Especial del Paisaje Protegido de La Geria<\/p>\n<p><strong>Descargar documento completo:<\/strong> <a href=\"https:\/\/fcmanrique.org\/wp-content\/uploads\/fcmanrique-sugerencias-plan-especial-paisaje-la-geria.pdf\" target=\"_blank\" rel=\"noopener\">Sugerencias al Plan Especial del Paisaje Protegido de La Geria<\/a><\/p>","protected":false},"featured_media":27208,"parent":0,"template":"","meta":{"_acf_changed":false,"ngg_post_thumbnail":0,"footnotes":""},"actividad_tipo":[39],"actividad_lugar":[],"actividad_departamento":[],"actividad_ciclo":[],"class_list":["post-26391","fcm_actividad","type-fcm_actividad","status-publish","has-post-thumbnail","hentry","actividad_tipo-informes-y-alegaciones"],"acf":[],"_links":{"self":[{"href":"https:\/\/fcmanrique.org\/fr\/wp-json\/wp\/v2\/fcm_actividad\/26391","targetHints":{"allow":["GET"]}}],"collection":[{"href":"https:\/\/fcmanrique.org\/fr\/wp-json\/wp\/v2\/fcm_actividad"}],"about":[{"href":"https:\/\/fcmanrique.org\/fr\/wp-json\/wp\/v2\/types\/fcm_actividad"}],"version-history":[{"count":19,"href":"https:\/\/fcmanrique.org\/fr\/wp-json\/wp\/v2\/fcm_actividad\/26391\/revisions"}],"predecessor-version":[{"id":27456,"href":"https:\/\/fcmanrique.org\/fr\/wp-json\/wp\/v2\/fcm_actividad\/26391\/revisions\/27456"}],"wp:featuredmedia":[{"embeddable":true,"href":"https:\/\/fcmanrique.org\/fr\/wp-json\/wp\/v2\/media\/27208"}],"wp:attachment":[{"href":"https:\/\/fcmanrique.org\/fr\/wp-json\/wp\/v2\/media?parent=26391"}],"wp:term":[{"taxonomy":"actividad_tipo","embeddable":true,"href":"https:\/\/fcmanrique.org\/fr\/wp-json\/wp\/v2\/actividad_tipo?post=26391"},{"taxonomy":"actividad_lugar","embeddable":true,"href":"https:\/\/fcmanrique.org\/fr\/wp-json\/wp\/v2\/actividad_lugar?post=26391"},{"taxonomy":"actividad_departamento","embeddable":true,"href":"https:\/\/fcmanrique.org\/fr\/wp-json\/wp\/v2\/actividad_departamento?post=26391"},{"taxonomy":"actividad_ciclo","embeddable":true,"href":"https:\/\/fcmanrique.org\/fr\/wp-json\/wp\/v2\/actividad_ciclo?post=26391"}],"curies":[{"name":"wp","href":"https:\/\/api.w.org\/{rel}","templated":true}]}}

<p class="qtranxs-available-languages-message qtranxs-available-languages-message-fr">Désolé, cet article est seulement disponible en <a href="https://fcmanrique.org/es/wp-json/wp/v2/fcm_actividad/26391" class="qtranxs-available-language-link qtranxs-available-language-link-es" title="ES">ES</a>.</p><p>La Fundación César Manrique presentó, en febrero de 2025, sugerencias al borrador del Plan Especial del Paisaje Protegido de La Geria</p>
<p><strong>Descargar documento completo:</strong> <a href="https://fcmanrique.org/wp-content/uploads/fcmanrique-sugerencias-plan-especial-paisaje-la-geria.pdf" target="_blank" rel="noopener">Sugerencias al Plan Especial del Paisaje Protegido de La Geria</a></p>
