{"id":26423,"date":"2025-03-18T08:23:14","date_gmt":"2025-03-18T08:23:14","guid":{"rendered":"https:\/\/fcmanrique.org\/?post_type=fcm_actividad&#038;p=26423"},"modified":"2025-10-08T12:27:26","modified_gmt":"2025-10-08T12:27:26","slug":"alegaciones-de-la-fcm-a-la-explotacion-en-la-cantera-arenera-hoya-de-la-plata-el-jable","status":"publish","type":"fcm_actividad","link":"https:\/\/fcmanrique.org\/fr\/fcm-actividad\/alegaciones-de-la-fcm-a-la-explotacion-en-la-cantera-arenera-hoya-de-la-plata-el-jable\/","title":{"rendered":"Alegaciones de la FCM a la explotaci\u00f3n en la cantera arenera Hoya de la Plata (El Jable)"},"content":{"rendered":"<p class=\"qtranxs-available-languages-message qtranxs-available-languages-message-fr\">D\u00e9sol\u00e9, cet article est seulement disponible en <a href=\"https:\/\/fcmanrique.org\/es\/wp-json\/wp\/v2\/fcm_actividad\/26423\" class=\"qtranxs-available-language-link qtranxs-available-language-link-es\" title=\"ES\">ES<\/a>.<\/p><p>La Fundaci\u00f3n C\u00e9sar Manrique present\u00f3, en febrero de 2025, alegaciones a un proyecto de autorizaci\u00f3n de explotaci\u00f3n para el aprovechamiento de jable en la cantera arenera Hoya de la Plata.<\/p>\n<p><strong>Descargar documento completo: <\/strong><a href=\"https:\/\/fcmanrique.org\/wp-content\/uploads\/fcmanrique-alegaciones-extracciones-el-jable-arenera-hoya-de-la-plata.pdf\" target=\"_blank\" rel=\"noopener\">Alegaciones de la FCM a las extracciones en la cantera arenera Hoya de la Plata (El Jable)<\/a><\/p>","protected":false},"featured_media":27211,"parent":0,"template":"","meta":{"_acf_changed":false,"ngg_post_thumbnail":0,"footnotes":""},"actividad_tipo":[39],"actividad_lugar":[],"actividad_departamento":[],"actividad_ciclo":[],"class_list":["post-26423","fcm_actividad","type-fcm_actividad","status-publish","has-post-thumbnail","hentry","actividad_tipo-informes-y-alegaciones"],"acf":[],"_links":{"self":[{"href":"https:\/\/fcmanrique.org\/fr\/wp-json\/wp\/v2\/fcm_actividad\/26423","targetHints":{"allow":["GET"]}}],"collection":[{"href":"https:\/\/fcmanrique.org\/fr\/wp-json\/wp\/v2\/fcm_actividad"}],"about":[{"href":"https:\/\/fcmanrique.org\/fr\/wp-json\/wp\/v2\/types\/fcm_actividad"}],"version-history":[{"count":14,"href":"https:\/\/fcmanrique.org\/fr\/wp-json\/wp\/v2\/fcm_actividad\/26423\/revisions"}],"predecessor-version":[{"id":27229,"href":"https:\/\/fcmanrique.org\/fr\/wp-json\/wp\/v2\/fcm_actividad\/26423\/revisions\/27229"}],"wp:featuredmedia":[{"embeddable":true,"href":"https:\/\/fcmanrique.org\/fr\/wp-json\/wp\/v2\/media\/27211"}],"wp:attachment":[{"href":"https:\/\/fcmanrique.org\/fr\/wp-json\/wp\/v2\/media?parent=26423"}],"wp:term":[{"taxonomy":"actividad_tipo","embeddable":true,"href":"https:\/\/fcmanrique.org\/fr\/wp-json\/wp\/v2\/actividad_tipo?post=26423"},{"taxonomy":"actividad_lugar","embeddable":true,"href":"https:\/\/fcmanrique.org\/fr\/wp-json\/wp\/v2\/actividad_lugar?post=26423"},{"taxonomy":"actividad_departamento","embeddable":true,"href":"https:\/\/fcmanrique.org\/fr\/wp-json\/wp\/v2\/actividad_departamento?post=26423"},{"taxonomy":"actividad_ciclo","embeddable":true,"href":"https:\/\/fcmanrique.org\/fr\/wp-json\/wp\/v2\/actividad_ciclo?post=26423"}],"curies":[{"name":"wp","href":"https:\/\/api.w.org\/{rel}","templated":true}]}}

Alegaciones de la FCM a la explotación en la cantera arenera Hoya de la Plata (El Jable)

<p class="qtranxs-available-languages-message qtranxs-available-languages-message-fr">Désolé, cet article est seulement disponible en <a href="https://fcmanrique.org/es/wp-json/wp/v2/fcm_actividad/26423" class="qtranxs-available-language-link qtranxs-available-language-link-es" title="ES">ES</a>.</p><p>La Fundación César Manrique presentó, en febrero de 2025, alegaciones a un proyecto de autorización de explotación para el aprovechamiento de jable en la cantera arenera Hoya de la Plata.</p>
<p><strong>Descargar documento completo: </strong><a href="https://fcmanrique.org/wp-content/uploads/fcmanrique-alegaciones-extracciones-el-jable-arenera-hoya-de-la-plata.pdf" target="_blank" rel="noopener">Alegaciones de la FCM a las extracciones en la cantera arenera Hoya de la Plata (El Jable)</a></p>
