{"id":26925,"date":"2025-06-20T12:51:01","date_gmt":"2025-06-20T12:51:01","guid":{"rendered":"https:\/\/fcmanrique.org\/?post_type=fcm_actividad&#038;p=26925"},"modified":"2025-10-17T11:38:34","modified_gmt":"2025-10-17T11:38:34","slug":"teresa-vicente-el-mar-menor-somos-todos","status":"publish","type":"fcm_actividad","link":"https:\/\/fcmanrique.org\/fr\/fcm-actividad\/teresa-vicente-el-mar-menor-somos-todos\/","title":{"rendered":"Teresa Vicente: \u00abEl Mar Menor somos todos\u00bb"},"content":{"rendered":"<p class=\"qtranxs-available-languages-message qtranxs-available-languages-message-fr\">D\u00e9sol\u00e9, cet article est seulement disponible en <a href=\"https:\/\/fcmanrique.org\/es\/wp-json\/wp\/v2\/fcm_actividad\/26925\" class=\"qtranxs-available-language-link qtranxs-available-language-link-es\" title=\"ES\">ES<\/a>.<\/p><p>Teresa Vicente, profesora titular de Filosof\u00eda del Derecho, directora de la C\u00e1tedra de Derechos Humanos y Derechos de la Naturaleza en la Universidad de Murcia y ganadora del Premio Goldman \u2014considerado el Nobel de Medio Ambiente\u2014 \u201cpor idear, promover y lograr dotar de personalidad jur\u00eddica al Mar Menor\u201d, imparti\u00f3 el jueves 19 de junio de 2025, en la Sala Jos\u00e9 Saramago de la FCM, la conferencia titulada \u201cJusticia ecol\u00f3gica y derechos de la Naturaleza: La Ley 19\/2022, de 30 de septiembre, de reconocimiento de personalidad jur\u00eddica a la laguna del Mar Menor y su cuenca\u201d.<\/p>\n<p>El acto comenz\u00f3 con el \u201chimno del Mar Menor\u201d y, seguidamente, Teresa Vicente relat\u00f3 con gran detalle todo el proceso social y legal, que finalmente concluy\u00f3 con la aprobaci\u00f3n de la ley que dota a la laguna y su cuenca de los mismos derechos que tienen las personas y las corporaciones. Desde la creaci\u00f3n de un movimiento social sin precedentes en Espa\u00f1a con la manifestaci\u00f3n m\u00e1s grande que ha tenido la Regi\u00f3n de Murcia, la recogida de firmas para la aprobaci\u00f3n de la Iniciativa Legislativa Popular (un total de 638.800 firmas), hasta alguna an\u00e9cdota relacionada con el primer juez que cit\u00f3 a declarar al Mar Menor, que se hab\u00eda criado en ese lugar y lo amaba.<\/p>\n<p><a href=\"https:\/\/fcmanrique.org\/wp-content\/uploads\/fcmanrique-conferencia-teresa-vicente1.jpg\"><img loading=\"lazy\" decoding=\"async\" class=\"alignnone size-full wp-image-26930\" src=\"https:\/\/fcmanrique.org\/wp-content\/uploads\/fcmanrique-conferencia-teresa-vicente1.jpg\" alt=\"\" width=\"690\" height=\"460\" srcset=\"https:\/\/fcmanrique.org\/wp-content\/uploads\/fcmanrique-conferencia-teresa-vicente1.jpg 690w, https:\/\/fcmanrique.org\/wp-content\/uploads\/fcmanrique-conferencia-teresa-vicente1-300x200.jpg 300w, https:\/\/fcmanrique.org\/wp-content\/uploads\/fcmanrique-conferencia-teresa-vicente1-289x193.jpg 289w\" sizes=\"auto, (max-width: 690px) 100vw, 690px\" \/><\/a><\/p>\n<p>El Mar Menor es el primer ecosistema de Europa con derechos propios y eso es \u201cun gran triunfo de la ciudadan\u00eda espa\u00f1ola\u201d, afirm\u00f3 la jurista. \u201cCuando el Mar Menor nos dijo que se estaba muriendo, sentimos que algo tambi\u00e9n se mor\u00eda con nosotros y, entonces, fuimos a luchar por su vida\u201d, asegur\u00f3. El movimiento social se uni\u00f3 con el intelectual y, a partir de ese momento, empez\u00f3 la lucha pol\u00edtica. Para ello elaboraron una ley de solo siete art\u00edculos, muy sencilla para que la entendiese todo el mundo, matiz\u00f3. Esa Ley pas\u00f3 primero por el Ayuntamiento de Los Alc\u00e1zares, donde se llev\u00f3 a pleno a pesar de que hab\u00eda informes t\u00e9cnicos negativos. No obstante, nadie vot\u00f3 en contra \u201cporque era el pueblo el que estaba hablando y esa es la democracia\u201d. Posteriormente, se llev\u00f3 al Congreso y al Senado en donde fue revisada, pero no se toc\u00f3 nada de lo sustancial. Finalmente, obtuvo el respaldo del Tribunal Constitucional, \u201cque deja claro que nos podemos defender en cualquier procedimiento legal, pero tambi\u00e9n frente a la Administraci\u00f3n\u201d.<\/p>\n<p>Con respecto a los logros obtenidos desde que entrara en vigor la Ley, el 3 de octubre de 2022, el Mar Menor ha conseguido una tutor\u00eda legal integrada por 44 personas, \u2014tiene tres tutores legales, cada uno representa a un comit\u00e9: cient\u00edfico, de representantes y de guardianes\u2014. As\u00ed mismo, la laguna ya tiene su firma, su cuenta bancaria y su NIF, ahora se est\u00e1 intentando conseguir que le otorguen un DNI. Adem\u00e1s, el Mar Menor se encuentra personado en varios procedimientos penales y hay jueces que lo han llamado a declarar para que se defienda por los atropellos medioambientales que sufre. Refiri\u00f3 c\u00f3mo, hace a\u00f1os, todo lo que rodeaba al Mar Menor eran dunas, sin embargo, la laguna y su cuenca comenzaron a degradarse a partir de los a\u00f1os 60 con la construcci\u00f3n masiva y los vertidos de los residuos de la miner\u00eda, la agricultura y la ganader\u00eda intensiva.<\/p>\n<p><a href=\"https:\/\/fcmanrique.org\/wp-content\/uploads\/fcmanrique-conferencia-teresa-vicente.jpg\"><img loading=\"lazy\" decoding=\"async\" class=\"alignnone size-full wp-image-26931\" src=\"https:\/\/fcmanrique.org\/wp-content\/uploads\/fcmanrique-conferencia-teresa-vicente.jpg\" alt=\"\" width=\"960\" height=\"640\" srcset=\"https:\/\/fcmanrique.org\/wp-content\/uploads\/fcmanrique-conferencia-teresa-vicente.jpg 960w, https:\/\/fcmanrique.org\/wp-content\/uploads\/fcmanrique-conferencia-teresa-vicente-300x200.jpg 300w, https:\/\/fcmanrique.org\/wp-content\/uploads\/fcmanrique-conferencia-teresa-vicente-768x512.jpg 768w, https:\/\/fcmanrique.org\/wp-content\/uploads\/fcmanrique-conferencia-teresa-vicente-289x193.jpg 289w\" sizes=\"auto, (max-width: 960px) 100vw, 960px\" \/><\/a><\/p>\n<p>Teresa Vicente hizo hincapi\u00e9 en que \u201cel Mar Menor somos todos\u201d, como aparece en el art\u00edculo 6 de la Ley, y esto no solo es un cambio jur\u00eddico, \u201csino ontol\u00f3gico\u201d, es decir, \u201cde la manera de entender qui\u00e9n es el ser humano y cu\u00e1l es su lugar en el mundo\u201d. Valor\u00f3 la relevancia internacional de esta Ley, que fue reconocida por Naciones Unidas dentro del programa \u201cArmon\u00eda con la Naturaleza\u201d. Cont\u00f3 Vicente que les han llamado ya<br \/>\nabogados de Alemania para investigar si en la cuenca del Mar Menor hay agricultura intensiva de empresas alemanas para denunciarlo y juristas de Suiza \u201cque ya le est\u00e1n diciendo a los bancos que no den dinero a empresas que est\u00e9n explotando esa zona\u201d.<\/p>\n<p>Para finalizar, Teresa Vicente reivindic\u00f3 un \u201cnuevo modelo de justicia: la justicia ecol\u00f3gica, para darle dignidad a La Tierra, porque sabemos que tiene dignidad y no la hemos respetado, y cuando no se respeta, porque no se ama lo suficiente, hay que dar derechos para mantener ese equilibrio entre el explotado y el explotador\u201d, concluy\u00f3. La jurista considera la situaci\u00f3n actual se podr\u00eda revertir, de verdad, si se fijan los derechos de la naturaleza en una declaraci\u00f3n universal.<\/p>\n<p><a href=\"https:\/\/fcmanrique.org\/wp-content\/uploads\/Nueva-plantilla_-fronteras-y-direcciones_-teresa-vicente_invitacion.jpg\"><img loading=\"lazy\" decoding=\"async\" class=\"alignnone size-full wp-image-26887\" src=\"https:\/\/fcmanrique.org\/wp-content\/uploads\/Nueva-plantilla_-fronteras-y-direcciones_-teresa-vicente_invitacion.jpg\" alt=\"\" width=\"1200\" height=\"1200\" srcset=\"https:\/\/fcmanrique.org\/wp-content\/uploads\/Nueva-plantilla_-fronteras-y-direcciones_-teresa-vicente_invitacion.jpg 1200w, https:\/\/fcmanrique.org\/wp-content\/uploads\/Nueva-plantilla_-fronteras-y-direcciones_-teresa-vicente_invitacion-300x300.jpg 300w, https:\/\/fcmanrique.org\/wp-content\/uploads\/Nueva-plantilla_-fronteras-y-direcciones_-teresa-vicente_invitacion-1024x1024.jpg 1024w, https:\/\/fcmanrique.org\/wp-content\/uploads\/Nueva-plantilla_-fronteras-y-direcciones_-teresa-vicente_invitacion-150x150.jpg 150w, https:\/\/fcmanrique.org\/wp-content\/uploads\/Nueva-plantilla_-fronteras-y-direcciones_-teresa-vicente_invitacion-768x768.jpg 768w, https:\/\/fcmanrique.org\/wp-content\/uploads\/Nueva-plantilla_-fronteras-y-direcciones_-teresa-vicente_invitacion-246x246.jpg 246w\" sizes=\"auto, (max-width: 1200px) 100vw, 1200px\" \/><\/a><\/p>\n<p><strong>M\u00e1s informaci\u00f3n: <\/strong><a href=\"https:\/\/fcmanrique.org\/wp-content\/uploads\/fcmanrique-conferencia-teresa-vicente.pdf\" target=\"_blank\" rel=\"noopener\">Nota de prensa<\/a>&nbsp;<\/p>","protected":false},"featured_media":26927,"parent":0,"template":"","meta":{"_acf_changed":false,"ngg_post_thumbnail":0,"footnotes":""},"actividad_tipo":[34],"actividad_lugar":[49],"actividad_departamento":[29],"actividad_ciclo":[72],"class_list":["post-26925","fcm_actividad","type-fcm_actividad","status-publish","has-post-thumbnail","hentry","actividad_tipo-conferencias","actividad_lugar-lugar-sala-saramago","actividad_departamento-departamento-de-territorio-y-medio-ambiente","actividad_ciclo-fronteras-y-direcciones-de-progreso"],"acf":[],"_links":{"self":[{"href":"https:\/\/fcmanrique.org\/fr\/wp-json\/wp\/v2\/fcm_actividad\/26925","targetHints":{"allow":["GET"]}}],"collection":[{"href":"https:\/\/fcmanrique.org\/fr\/wp-json\/wp\/v2\/fcm_actividad"}],"about":[{"href":"https:\/\/fcmanrique.org\/fr\/wp-json\/wp\/v2\/types\/fcm_actividad"}],"version-history":[{"count":5,"href":"https:\/\/fcmanrique.org\/fr\/wp-json\/wp\/v2\/fcm_actividad\/26925\/revisions"}],"predecessor-version":[{"id":27298,"href":"https:\/\/fcmanrique.org\/fr\/wp-json\/wp\/v2\/fcm_actividad\/26925\/revisions\/27298"}],"wp:featuredmedia":[{"embeddable":true,"href":"https:\/\/fcmanrique.org\/fr\/wp-json\/wp\/v2\/media\/26927"}],"wp:attachment":[{"href":"https:\/\/fcmanrique.org\/fr\/wp-json\/wp\/v2\/media?parent=26925"}],"wp:term":[{"taxonomy":"actividad_tipo","embeddable":true,"href":"https:\/\/fcmanrique.org\/fr\/wp-json\/wp\/v2\/actividad_tipo?post=26925"},{"taxonomy":"actividad_lugar","embeddable":true,"href":"https:\/\/fcmanrique.org\/fr\/wp-json\/wp\/v2\/actividad_lugar?post=26925"},{"taxonomy":"actividad_departamento","embeddable":true,"href":"https:\/\/fcmanrique.org\/fr\/wp-json\/wp\/v2\/actividad_departamento?post=26925"},{"taxonomy":"actividad_ciclo","embeddable":true,"href":"https:\/\/fcmanrique.org\/fr\/wp-json\/wp\/v2\/actividad_ciclo?post=26925"}],"curies":[{"name":"wp","href":"https:\/\/api.w.org\/{rel}","templated":true}]}}

<p class="qtranxs-available-languages-message qtranxs-available-languages-message-fr">Désolé, cet article est seulement disponible en <a href="https://fcmanrique.org/es/wp-json/wp/v2/fcm_actividad/26925" class="qtranxs-available-language-link qtranxs-available-language-link-es" title="ES">ES</a>.</p><p>Teresa Vicente, profesora titular de Filosofía del Derecho, directora de la Cátedra de Derechos Humanos y Derechos de la Naturaleza en la Universidad de Murcia y ganadora del Premio Goldman —considerado el Nobel de Medio Ambiente— “por idear, promover y lograr dotar de personalidad jurídica al Mar Menor”, impartió el jueves 19 de junio de 2025, en la Sala José Saramago de la FCM, la conferencia titulada “Justicia ecológica y derechos de la Naturaleza: La Ley 19/2022, de 30 de septiembre, de reconocimiento de personalidad jurídica a la laguna del Mar Menor y su cuenca”.</p>
<p>El acto comenzó con el “himno del Mar Menor” y, seguidamente, Teresa Vicente relató con gran detalle todo el proceso social y legal, que finalmente concluyó con la aprobación de la ley que dota a la laguna y su cuenca de los mismos derechos que tienen las personas y las corporaciones. Desde la creación de un movimiento social sin precedentes en España con la manifestación más grande que ha tenido la Región de Murcia, la recogida de firmas para la aprobación de la Iniciativa Legislativa Popular (un total de 638.800 firmas), hasta alguna anécdota relacionada con el primer juez que citó a declarar al Mar Menor, que se había criado en ese lugar y lo amaba.</p>
<p><a href="https://fcmanrique.org/wp-content/uploads/fcmanrique-conferencia-teresa-vicente1.jpg"><img loading="lazy" decoding="async" class="alignnone size-full wp-image-26930" src="https://fcmanrique.org/wp-content/uploads/fcmanrique-conferencia-teresa-vicente1.jpg" alt="" width="690" height="460" srcset="https://fcmanrique.org/wp-content/uploads/fcmanrique-conferencia-teresa-vicente1.jpg 690w, https://fcmanrique.org/wp-content/uploads/fcmanrique-conferencia-teresa-vicente1-300x200.jpg 300w, https://fcmanrique.org/wp-content/uploads/fcmanrique-conferencia-teresa-vicente1-289x193.jpg 289w" sizes="auto, (max-width: 690px) 100vw, 690px" /></a></p>
<p>El Mar Menor es el primer ecosistema de Europa con derechos propios y eso es “un gran triunfo de la ciudadanía española”, afirmó la jurista. “Cuando el Mar Menor nos dijo que se estaba muriendo, sentimos que algo también se moría con nosotros y, entonces, fuimos a luchar por su vida”, aseguró. El movimiento social se unió con el intelectual y, a partir de ese momento, empezó la lucha política. Para ello elaboraron una ley de solo siete artículos, muy sencilla para que la entendiese todo el mundo, matizó. Esa Ley pasó primero por el Ayuntamiento de Los Alcázares, donde se llevó a pleno a pesar de que había informes técnicos negativos. No obstante, nadie votó en contra “porque era el pueblo el que estaba hablando y esa es la democracia”. Posteriormente, se llevó al Congreso y al Senado en donde fue revisada, pero no se tocó nada de lo sustancial. Finalmente, obtuvo el respaldo del Tribunal Constitucional, “que deja claro que nos podemos defender en cualquier procedimiento legal, pero también frente a la Administración”.</p>
<p>Con respecto a los logros obtenidos desde que entrara en vigor la Ley, el 3 de octubre de 2022, el Mar Menor ha conseguido una tutoría legal integrada por 44 personas, —tiene tres tutores legales, cada uno representa a un comité: científico, de representantes y de guardianes—. Así mismo, la laguna ya tiene su firma, su cuenta bancaria y su NIF, ahora se está intentando conseguir que le otorguen un DNI. Además, el Mar Menor se encuentra personado en varios procedimientos penales y hay jueces que lo han llamado a declarar para que se defienda por los atropellos medioambientales que sufre. Refirió cómo, hace años, todo lo que rodeaba al Mar Menor eran dunas, sin embargo, la laguna y su cuenca comenzaron a degradarse a partir de los años 60 con la construcción masiva y los vertidos de los residuos de la minería, la agricultura y la ganadería intensiva.</p>
<p><a href="https://fcmanrique.org/wp-content/uploads/fcmanrique-conferencia-teresa-vicente.jpg"><img loading="lazy" decoding="async" class="alignnone size-full wp-image-26931" src="https://fcmanrique.org/wp-content/uploads/fcmanrique-conferencia-teresa-vicente.jpg" alt="" width="960" height="640" srcset="https://fcmanrique.org/wp-content/uploads/fcmanrique-conferencia-teresa-vicente.jpg 960w, https://fcmanrique.org/wp-content/uploads/fcmanrique-conferencia-teresa-vicente-300x200.jpg 300w, https://fcmanrique.org/wp-content/uploads/fcmanrique-conferencia-teresa-vicente-768x512.jpg 768w, https://fcmanrique.org/wp-content/uploads/fcmanrique-conferencia-teresa-vicente-289x193.jpg 289w" sizes="auto, (max-width: 960px) 100vw, 960px" /></a></p>
<p>Teresa Vicente hizo hincapié en que “el Mar Menor somos todos”, como aparece en el artículo 6 de la Ley, y esto no solo es un cambio jurídico, “sino ontológico”, es decir, “de la manera de entender quién es el ser humano y cuál es su lugar en el mundo”. Valoró la relevancia internacional de esta Ley, que fue reconocida por Naciones Unidas dentro del programa “Armonía con la Naturaleza”. Contó Vicente que les han llamado ya<br />
abogados de Alemania para investigar si en la cuenca del Mar Menor hay agricultura intensiva de empresas alemanas para denunciarlo y juristas de Suiza “que ya le están diciendo a los bancos que no den dinero a empresas que estén explotando esa zona”.</p>
<p>Para finalizar, Teresa Vicente reivindicó un “nuevo modelo de justicia: la justicia ecológica, para darle dignidad a La Tierra, porque sabemos que tiene dignidad y no la hemos respetado, y cuando no se respeta, porque no se ama lo suficiente, hay que dar derechos para mantener ese equilibrio entre el explotado y el explotador”, concluyó. La jurista considera la situación actual se podría revertir, de verdad, si se fijan los derechos de la naturaleza en una declaración universal.</p>
<p><a href="https://fcmanrique.org/wp-content/uploads/Nueva-plantilla_-fronteras-y-direcciones_-teresa-vicente_invitacion.jpg"><img loading="lazy" decoding="async" class="alignnone size-full wp-image-26887" src="https://fcmanrique.org/wp-content/uploads/Nueva-plantilla_-fronteras-y-direcciones_-teresa-vicente_invitacion.jpg" alt="" width="1200" height="1200" srcset="https://fcmanrique.org/wp-content/uploads/Nueva-plantilla_-fronteras-y-direcciones_-teresa-vicente_invitacion.jpg 1200w, https://fcmanrique.org/wp-content/uploads/Nueva-plantilla_-fronteras-y-direcciones_-teresa-vicente_invitacion-300x300.jpg 300w, https://fcmanrique.org/wp-content/uploads/Nueva-plantilla_-fronteras-y-direcciones_-teresa-vicente_invitacion-1024x1024.jpg 1024w, https://fcmanrique.org/wp-content/uploads/Nueva-plantilla_-fronteras-y-direcciones_-teresa-vicente_invitacion-150x150.jpg 150w, https://fcmanrique.org/wp-content/uploads/Nueva-plantilla_-fronteras-y-direcciones_-teresa-vicente_invitacion-768x768.jpg 768w, https://fcmanrique.org/wp-content/uploads/Nueva-plantilla_-fronteras-y-direcciones_-teresa-vicente_invitacion-246x246.jpg 246w" sizes="auto, (max-width: 1200px) 100vw, 1200px" /></a></p>
<p><strong>Más información: </strong><a href="https://fcmanrique.org/wp-content/uploads/fcmanrique-conferencia-teresa-vicente.pdf" target="_blank" rel="noopener">Nota de prensa</a>&nbsp;</p>
