{"id":27299,"date":"2025-10-16T10:07:11","date_gmt":"2025-10-16T10:07:11","guid":{"rendered":"https:\/\/fcmanrique.org\/?post_type=fcm_actividad&#038;p=27299"},"modified":"2026-04-08T14:28:20","modified_gmt":"2026-04-08T14:28:20","slug":"ficmec-un-espacio-donde-pensar-sentir-y-actuar-juntos-por-un-futuro-mas-justo-mas-humano-y-sostenible","status":"publish","type":"fcm_actividad","link":"https:\/\/fcmanrique.org\/fr\/fcm-actividad\/ficmec-un-espacio-donde-pensar-sentir-y-actuar-juntos-por-un-futuro-mas-justo-mas-humano-y-sostenible\/","title":{"rendered":"FICMEC, un espacio donde \u00abpensar, sentir y actuar juntos por un futuro m\u00e1s justo, m\u00e1s humano y m\u00e1s sostenible\u00bb"},"content":{"rendered":"<p class=\"qtranxs-available-languages-message qtranxs-available-languages-message-fr\">D\u00e9sol\u00e9, cet article est seulement disponible en <a href=\"https:\/\/fcmanrique.org\/es\/wp-json\/wp\/v2\/fcm_actividad\/27299\" class=\"qtranxs-available-language-link qtranxs-available-language-link-es\" title=\"ES\">ES<\/a>.<\/p><p>La Sala Jos\u00e9 Saramago de la Fundaci\u00f3n C\u00e9sar Manrique (FCM) acogi\u00f3 un a\u00f1o m\u00e1s el Festival Internacional de Cine Medioambiental de Canarias (FICMEC), que cont\u00f3 con tres jornadas de proyecciones audiovisuales \u2014martes 14, mi\u00e9rcoles 15 y jueves 16 de octubre\u2014, todas ellas vinculadas a la ecolog\u00eda y a la naturaleza. Como en ediciones anteriores, las sesiones de proyecci\u00f3n se organizaron en jornadas matutinas y vespertinas. Las primeras, exclusivamente reservadas a la comunidad escolar de los centros convenidos a trav\u00e9s del Departamento Pedag\u00f3gico de la FCM, mientras que las sesiones de tarde estuvieron abiertas al p\u00fablico en general.<\/p>\n<p>Durante la presentaci\u00f3n del Festival, Santiago Lecuona \u2014representante de FICMEC\u2014 puso en valor la importancia de crear espacios de colaboraci\u00f3n y cooperaci\u00f3n \u201cque permitan compartir ideas y avanzar hacia una mejor protecci\u00f3n del medio ambiente\u201d. Este es el caso de la colaboraci\u00f3n creada hace ya once a\u00f1os entre el Festival y la FCM, \u201cdos instituciones que comparten y mantienen vivo el esp\u00edritu de C\u00e9sar Manrique a lo largo del tiempo\u201d, explic\u00f3, para luego concretar, que se trata de generar un espacio de reflexi\u00f3n y disfrute en torno al medio ambiente, a la sociedad y al cine, mediante \u201cun cine diferente, que invita a pensar y que propone otras formas de entender el ocio, m\u00e1s alejado de los circuitos comerciales\u201d.<\/p>\n<p>Esta XXVII edici\u00f3n del Festival lleva como lema \u201cAdaptaci\u00f3n al cambio clim\u00e1tico\u201d. Al respecto, Lecuona se\u00f1al\u00f3 que esto no significa haber perdido \u201cla esperanza ni la voluntad de seguir luchando por el Planeta\u201d sino que, por el contrario, \u201cseguimos creyendo, como hac\u00eda C\u00e9sar Manrique, que no todo vale y que debemos continuar defendiendo las mismas causas justas por las que \u00e9l tanto trabaj\u00f3 durante muchos a\u00f1os\u201d. Continu\u00f3 afirmando que, \u201ctal vez, el verdadero problema sea que, d\u00e9cadas despu\u00e9s, muchas cosas han cambiado y lo que entonces pod\u00edamos prevenir, hoy se ha convertido en un desaf\u00edo m\u00e1s dif\u00edcil de revertir\u201d. No obstante, \u201cno todo est\u00e1 perdido, aunque el cambio clim\u00e1tico sea cada vez m\u00e1s evidente y haga la vida en La Tierra m\u00e1s compleja\u201d, matiz\u00f3.<\/p>\n<p>El representante de FICMEC finaliz\u00f3 asegurando que \u201ces precisamente ah\u00ed donde reside la verdadera fuerza de este tipo de encuentros, cuando el cine se convierte en una herramienta para mirar el mundo con otros ojos, entonces s\u00ed estamos generando el cambio que necesitamos\u201d, y termin\u00f3 proponiendo \u201cseguir creando espacios como este, lugares donde pensar, sentir y actuar juntos por un futuro m\u00e1s justo, m\u00e1s humano y m\u00e1s sostenible\u201d.<\/p>\n<p><a href=\"https:\/\/fcmanrique.org\/wp-content\/uploads\/fc-manrique-Ficmec-2.jpg\"><img loading=\"lazy\" decoding=\"async\" class=\"alignnone size-full wp-image-27301\" src=\"https:\/\/fcmanrique.org\/wp-content\/uploads\/fc-manrique-Ficmec-2.jpg\" alt=\"\" width=\"1440\" height=\"960\" srcset=\"https:\/\/fcmanrique.org\/wp-content\/uploads\/fc-manrique-Ficmec-2.jpg 1440w, https:\/\/fcmanrique.org\/wp-content\/uploads\/fc-manrique-Ficmec-2-300x200.jpg 300w, https:\/\/fcmanrique.org\/wp-content\/uploads\/fc-manrique-Ficmec-2-1024x683.jpg 1024w, https:\/\/fcmanrique.org\/wp-content\/uploads\/fc-manrique-Ficmec-2-768x512.jpg 768w, https:\/\/fcmanrique.org\/wp-content\/uploads\/fc-manrique-Ficmec-2-289x193.jpg 289w\" sizes=\"auto, (max-width: 1440px) 100vw, 1440px\" \/><\/a><\/p>\n<p>Tras la presentaci\u00f3n se proyect\u00f3 el largometraje <em>Hanami<\/em>, de la directora Denise Fernandes, una coproducci\u00f3n de Suiza, Portugal y Cabo Verde. Narra la historia de Nana, que vive en una remota isla volc\u00e1nica de la que todos sus habitantes quieren irse. De hecho, poco despu\u00e9s de su nacimiento, su madre Nia, que padece una misteriosa enfermedad, se marcha. Cuando Nana tiene fiebre alta, la hacen ir al pie de un volc\u00e1n para recibir un tratamiento. All\u00ed se encuentra con un mundo suspendido entre los sue\u00f1os y la realidad.<\/p>\n<p>En la jornada del mi\u00e9rcoles se exhibi\u00f3 una selecci\u00f3n de tres cortometrajes: <em>Lanawaru<\/em>, <em>Audio y el caim\u00e1n<\/em> y <em>Zona wao<\/em>. El Festival concluy\u00f3 con el largometraje de animaci\u00f3n dirigido por el cineasta y animador let\u00f3n Gints Zilbaldodis, titulado <em>Flow<\/em>. En \u00e9l se narra un mundo repleto de vestigios de la presencia humana que parece estar llegando a su fin. \u201cGato\u201d es un animal solitario, pero cuando su hogar es destruido por una inmensa inundaci\u00f3n, se refugia en un barco tripulado por diversas especies y tendr\u00e1 que colaborar con ellas a pesar de sus diferencias.<\/p>\n<p><strong>M\u00e1s informaci\u00f3n<\/strong>: <a href=\"https:\/\/fcmanrique.org\/wp-content\/uploads\/np-13.25.-FICMEC.pdf\" target=\"_blank\" rel=\"noopener\">Nota de prensa<\/a><\/p>\n<p><a href=\"https:\/\/fcmanrique.org\/wp-content\/uploads\/fmanrique-ficmec-2025-invitacion-OK-FGA.jpg\"><img loading=\"lazy\" decoding=\"async\" class=\"alignnone size-full wp-image-27197\" src=\"https:\/\/fcmanrique.org\/wp-content\/uploads\/fmanrique-ficmec-2025-invitacion-OK-FGA.jpg\" alt=\"\" width=\"1200\" height=\"1200\" srcset=\"https:\/\/fcmanrique.org\/wp-content\/uploads\/fmanrique-ficmec-2025-invitacion-OK-FGA.jpg 1200w, https:\/\/fcmanrique.org\/wp-content\/uploads\/fmanrique-ficmec-2025-invitacion-OK-FGA-300x300.jpg 300w, https:\/\/fcmanrique.org\/wp-content\/uploads\/fmanrique-ficmec-2025-invitacion-OK-FGA-1024x1024.jpg 1024w, https:\/\/fcmanrique.org\/wp-content\/uploads\/fmanrique-ficmec-2025-invitacion-OK-FGA-150x150.jpg 150w, https:\/\/fcmanrique.org\/wp-content\/uploads\/fmanrique-ficmec-2025-invitacion-OK-FGA-768x768.jpg 768w, https:\/\/fcmanrique.org\/wp-content\/uploads\/fmanrique-ficmec-2025-invitacion-OK-FGA-246x246.jpg 246w\" sizes=\"auto, (max-width: 1200px) 100vw, 1200px\" \/><\/a><\/p>\n<p>&nbsp;<\/p>","protected":false},"featured_media":27300,"parent":0,"template":"","meta":{"_acf_changed":false,"ngg_post_thumbnail":0,"footnotes":""},"actividad_tipo":[37],"actividad_lugar":[49],"actividad_departamento":[31],"actividad_ciclo":[],"class_list":["post-27299","fcm_actividad","type-fcm_actividad","status-publish","has-post-thumbnail","hentry","actividad_tipo-otras-actividades","actividad_lugar-lugar-sala-saramago","actividad_departamento-departamento-de-programas-culturales"],"acf":[],"_links":{"self":[{"href":"https:\/\/fcmanrique.org\/fr\/wp-json\/wp\/v2\/fcm_actividad\/27299","targetHints":{"allow":["GET"]}}],"collection":[{"href":"https:\/\/fcmanrique.org\/fr\/wp-json\/wp\/v2\/fcm_actividad"}],"about":[{"href":"https:\/\/fcmanrique.org\/fr\/wp-json\/wp\/v2\/types\/fcm_actividad"}],"version-history":[{"count":5,"href":"https:\/\/fcmanrique.org\/fr\/wp-json\/wp\/v2\/fcm_actividad\/27299\/revisions"}],"predecessor-version":[{"id":27653,"href":"https:\/\/fcmanrique.org\/fr\/wp-json\/wp\/v2\/fcm_actividad\/27299\/revisions\/27653"}],"wp:featuredmedia":[{"embeddable":true,"href":"https:\/\/fcmanrique.org\/fr\/wp-json\/wp\/v2\/media\/27300"}],"wp:attachment":[{"href":"https:\/\/fcmanrique.org\/fr\/wp-json\/wp\/v2\/media?parent=27299"}],"wp:term":[{"taxonomy":"actividad_tipo","embeddable":true,"href":"https:\/\/fcmanrique.org\/fr\/wp-json\/wp\/v2\/actividad_tipo?post=27299"},{"taxonomy":"actividad_lugar","embeddable":true,"href":"https:\/\/fcmanrique.org\/fr\/wp-json\/wp\/v2\/actividad_lugar?post=27299"},{"taxonomy":"actividad_departamento","embeddable":true,"href":"https:\/\/fcmanrique.org\/fr\/wp-json\/wp\/v2\/actividad_departamento?post=27299"},{"taxonomy":"actividad_ciclo","embeddable":true,"href":"https:\/\/fcmanrique.org\/fr\/wp-json\/wp\/v2\/actividad_ciclo?post=27299"}],"curies":[{"name":"wp","href":"https:\/\/api.w.org\/{rel}","templated":true}]}}

FICMEC, un espacio donde «pensar, sentir y actuar juntos por un futuro más justo, más humano y más sostenible»

<p class="qtranxs-available-languages-message qtranxs-available-languages-message-fr">Désolé, cet article est seulement disponible en <a href="https://fcmanrique.org/es/wp-json/wp/v2/fcm_actividad/27299" class="qtranxs-available-language-link qtranxs-available-language-link-es" title="ES">ES</a>.</p><p>La Sala José Saramago de la Fundación César Manrique (FCM) acogió un año más el Festival Internacional de Cine Medioambiental de Canarias (FICMEC), que contó con tres jornadas de proyecciones audiovisuales —martes 14, miércoles 15 y jueves 16 de octubre—, todas ellas vinculadas a la ecología y a la naturaleza. Como en ediciones anteriores, las sesiones de proyección se organizaron en jornadas matutinas y vespertinas. Las primeras, exclusivamente reservadas a la comunidad escolar de los centros convenidos a través del Departamento Pedagógico de la FCM, mientras que las sesiones de tarde estuvieron abiertas al público en general.</p>
<p>Durante la presentación del Festival, Santiago Lecuona —representante de FICMEC— puso en valor la importancia de crear espacios de colaboración y cooperación “que permitan compartir ideas y avanzar hacia una mejor protección del medio ambiente”. Este es el caso de la colaboración creada hace ya once años entre el Festival y la FCM, “dos instituciones que comparten y mantienen vivo el espíritu de César Manrique a lo largo del tiempo”, explicó, para luego concretar, que se trata de generar un espacio de reflexión y disfrute en torno al medio ambiente, a la sociedad y al cine, mediante “un cine diferente, que invita a pensar y que propone otras formas de entender el ocio, más alejado de los circuitos comerciales”.</p>
<p>Esta XXVII edición del Festival lleva como lema “Adaptación al cambio climático”. Al respecto, Lecuona señaló que esto no significa haber perdido “la esperanza ni la voluntad de seguir luchando por el Planeta” sino que, por el contrario, “seguimos creyendo, como hacía César Manrique, que no todo vale y que debemos continuar defendiendo las mismas causas justas por las que él tanto trabajó durante muchos años”. Continuó afirmando que, “tal vez, el verdadero problema sea que, décadas después, muchas cosas han cambiado y lo que entonces podíamos prevenir, hoy se ha convertido en un desafío más difícil de revertir”. No obstante, “no todo está perdido, aunque el cambio climático sea cada vez más evidente y haga la vida en La Tierra más compleja”, matizó.</p>
<p>El representante de FICMEC finalizó asegurando que “es precisamente ahí donde reside la verdadera fuerza de este tipo de encuentros, cuando el cine se convierte en una herramienta para mirar el mundo con otros ojos, entonces sí estamos generando el cambio que necesitamos”, y terminó proponiendo “seguir creando espacios como este, lugares donde pensar, sentir y actuar juntos por un futuro más justo, más humano y más sostenible”.</p>
<p><a href="https://fcmanrique.org/wp-content/uploads/fc-manrique-Ficmec-2.jpg"><img loading="lazy" decoding="async" class="alignnone size-full wp-image-27301" src="https://fcmanrique.org/wp-content/uploads/fc-manrique-Ficmec-2.jpg" alt="" width="1440" height="960" srcset="https://fcmanrique.org/wp-content/uploads/fc-manrique-Ficmec-2.jpg 1440w, https://fcmanrique.org/wp-content/uploads/fc-manrique-Ficmec-2-300x200.jpg 300w, https://fcmanrique.org/wp-content/uploads/fc-manrique-Ficmec-2-1024x683.jpg 1024w, https://fcmanrique.org/wp-content/uploads/fc-manrique-Ficmec-2-768x512.jpg 768w, https://fcmanrique.org/wp-content/uploads/fc-manrique-Ficmec-2-289x193.jpg 289w" sizes="auto, (max-width: 1440px) 100vw, 1440px" /></a></p>
<p>Tras la presentación se proyectó el largometraje <em>Hanami</em>, de la directora Denise Fernandes, una coproducción de Suiza, Portugal y Cabo Verde. Narra la historia de Nana, que vive en una remota isla volcánica de la que todos sus habitantes quieren irse. De hecho, poco después de su nacimiento, su madre Nia, que padece una misteriosa enfermedad, se marcha. Cuando Nana tiene fiebre alta, la hacen ir al pie de un volcán para recibir un tratamiento. Allí se encuentra con un mundo suspendido entre los sueños y la realidad.</p>
<p>En la jornada del miércoles se exhibió una selección de tres cortometrajes: <em>Lanawaru</em>, <em>Audio y el caimán</em> y <em>Zona wao</em>. El Festival concluyó con el largometraje de animación dirigido por el cineasta y animador letón Gints Zilbaldodis, titulado <em>Flow</em>. En él se narra un mundo repleto de vestigios de la presencia humana que parece estar llegando a su fin. “Gato” es un animal solitario, pero cuando su hogar es destruido por una inmensa inundación, se refugia en un barco tripulado por diversas especies y tendrá que colaborar con ellas a pesar de sus diferencias.</p>
<p><strong>Más información</strong>: <a href="https://fcmanrique.org/wp-content/uploads/np-13.25.-FICMEC.pdf" target="_blank" rel="noopener">Nota de prensa</a></p>
<p><a href="https://fcmanrique.org/wp-content/uploads/fmanrique-ficmec-2025-invitacion-OK-FGA.jpg"><img loading="lazy" decoding="async" class="alignnone size-full wp-image-27197" src="https://fcmanrique.org/wp-content/uploads/fmanrique-ficmec-2025-invitacion-OK-FGA.jpg" alt="" width="1200" height="1200" srcset="https://fcmanrique.org/wp-content/uploads/fmanrique-ficmec-2025-invitacion-OK-FGA.jpg 1200w, https://fcmanrique.org/wp-content/uploads/fmanrique-ficmec-2025-invitacion-OK-FGA-300x300.jpg 300w, https://fcmanrique.org/wp-content/uploads/fmanrique-ficmec-2025-invitacion-OK-FGA-1024x1024.jpg 1024w, https://fcmanrique.org/wp-content/uploads/fmanrique-ficmec-2025-invitacion-OK-FGA-150x150.jpg 150w, https://fcmanrique.org/wp-content/uploads/fmanrique-ficmec-2025-invitacion-OK-FGA-768x768.jpg 768w, https://fcmanrique.org/wp-content/uploads/fmanrique-ficmec-2025-invitacion-OK-FGA-246x246.jpg 246w" sizes="auto, (max-width: 1200px) 100vw, 1200px" /></a></p>
<p>&nbsp;</p>
