{"id":27323,"date":"2025-10-28T13:18:37","date_gmt":"2025-10-28T13:18:37","guid":{"rendered":"https:\/\/fcmanrique.org\/?post_type=fcm_actividad&#038;p=27323"},"modified":"2025-11-03T13:49:32","modified_gmt":"2025-11-03T13:49:32","slug":"esquirol-el-ser-humano-como-hondura-abierta-profunda-traspasada-por-lo-que-le-acontece","status":"publish","type":"fcm_actividad","link":"https:\/\/fcmanrique.org\/fr\/fcm-actividad\/esquirol-el-ser-humano-como-hondura-abierta-profunda-traspasada-por-lo-que-le-acontece\/","title":{"rendered":"Esquirol: \u00abEl ser humano, como hondura abierta profunda, traspasada por lo que le acontece\u00bb"},"content":{"rendered":"<p class=\"qtranxs-available-languages-message qtranxs-available-languages-message-fr\">D\u00e9sol\u00e9, cet article est seulement disponible en <a href=\"https:\/\/fcmanrique.org\/es\/wp-json\/wp\/v2\/fcm_actividad\/27323\" class=\"qtranxs-available-language-link qtranxs-available-language-link-es\" title=\"ES\">ES<\/a>.<\/p><p>El fil\u00f3sofo Josep Mar\u00eda Esquirol expuso el 23 de octubre de 2025, en la sala Jos\u00e9 Saramago de la Fundaci\u00f3n C\u00e9sar Manrique, su pensamiento antropol\u00f3gico filos\u00f3fico \u2014basado en la comprensi\u00f3n de lo humano\u2014 con la intenci\u00f3n de acercar al p\u00fablico a la \u201csituaci\u00f3n humana fundamental\u201d o lo que se ha llamado tambi\u00e9n la condici\u00f3n humana.<\/p>\n<p>\u201cEl pensamiento es una manera de procurar responder a lo que ocurre en la sociedad\u201d, comenz\u00f3 se\u00f1alando Esquirol. Siempre ha habido y hay mucha violencia, y su intenci\u00f3n de fondo es \u201cresponder a esta violencia que filos\u00f3ficamente se vincula con lo que se llama el nihilismo\u201d. Cuando prevalece el nihilismo emerge el dominio de la fuerza, explic\u00f3. Por eso, su vocaci\u00f3n filos\u00f3fica es \u201cun intento de hacer frente a este nihilismo\u201d. En otras palabras, de hallar las ra\u00edces de lo que tiene sentido.<\/p>\n<p><a href=\"https:\/\/fcmanrique.org\/wp-content\/uploads\/fc-manrique-josep-m-esquirol-1.jpg\"><img loading=\"lazy\" decoding=\"async\" class=\"alignnone size-full wp-image-27324\" src=\"https:\/\/fcmanrique.org\/wp-content\/uploads\/fc-manrique-josep-m-esquirol-1.jpg\" alt=\"\" width=\"1440\" height=\"960\" srcset=\"https:\/\/fcmanrique.org\/wp-content\/uploads\/fc-manrique-josep-m-esquirol-1.jpg 1440w, https:\/\/fcmanrique.org\/wp-content\/uploads\/fc-manrique-josep-m-esquirol-1-300x200.jpg 300w, https:\/\/fcmanrique.org\/wp-content\/uploads\/fc-manrique-josep-m-esquirol-1-1024x683.jpg 1024w, https:\/\/fcmanrique.org\/wp-content\/uploads\/fc-manrique-josep-m-esquirol-1-768x512.jpg 768w, https:\/\/fcmanrique.org\/wp-content\/uploads\/fc-manrique-josep-m-esquirol-1-289x193.jpg 289w\" sizes=\"auto, (max-width: 1440px) 100vw, 1440px\" \/><\/a><\/p>\n<p>Aunque definir lo humano no es posible, porque solo se define aquello que se domina, s\u00ed nos podemos aproximar, declar\u00f3 el pensador. Se ha definido al ser humano tradicionalmente como el que tiene capacidad racional, o como animal t\u00e9cnico, capaz de transformar la situaci\u00f3n radicalmente o, como manifestaba Nietzsche: aquel animal al que le es l\u00edcito hacer promesas. \u201cEl ma\u00f1ana es impredecible. Cuando una persona promete algo a otra es porque dice algo como: vaya como vaya el ma\u00f1ana, yo estar\u00e9. La presencia ya es una promesa\u201d. El ejemplo m\u00e1s claro es una madre, que para una hija es una promesa.<\/p>\n<p>En todas estas definiciones el \u00e9nfasis est\u00e1 puesto en el poder y Esquirol quiere encontrar una manera de caracterizar al ser humano que no siga esa l\u00ednea. A partir del ejemplo de la madre y la hija se pregunt\u00f3 de d\u00f3nde surge este poder de prometer. Y la respuesta es que la madre promete porque est\u00e1 profundamente afectada por la hija. \u201cSi esto es as\u00ed, significa que el humano puede quedar profundamente afectado por algo\u201d.<\/p>\n<p>A esta posibilidad de quedar afectado se le puede llamar de formas distintas: apertura, sensibilidad, vulnerabilidad o aceptabilidad, incluso pasividad. Todas indican la porosidad del ser humano. El ser humano est\u00e1 tan abierto que puede quedar muy profundamente tocado. De ah\u00ed que Esquirol eligiese como t\u00edtulo para su conferencia \u201cEl ser humano como hondura abierta\u201d, porque esa apertura es al mismo tiempo una hondura que va de la piel al coraz\u00f3n.<\/p>\n<p><a href=\"https:\/\/fcmanrique.org\/wp-content\/uploads\/fc-manrique-josep-m-esquirol-2.jpg\"><img loading=\"lazy\" decoding=\"async\" class=\"alignnone size-full wp-image-27325\" src=\"https:\/\/fcmanrique.org\/wp-content\/uploads\/fc-manrique-josep-m-esquirol-2.jpg\" alt=\"\" width=\"1440\" height=\"960\" srcset=\"https:\/\/fcmanrique.org\/wp-content\/uploads\/fc-manrique-josep-m-esquirol-2.jpg 1440w, https:\/\/fcmanrique.org\/wp-content\/uploads\/fc-manrique-josep-m-esquirol-2-300x200.jpg 300w, https:\/\/fcmanrique.org\/wp-content\/uploads\/fc-manrique-josep-m-esquirol-2-1024x683.jpg 1024w, https:\/\/fcmanrique.org\/wp-content\/uploads\/fc-manrique-josep-m-esquirol-2-768x512.jpg 768w, https:\/\/fcmanrique.org\/wp-content\/uploads\/fc-manrique-josep-m-esquirol-2-289x193.jpg 289w\" sizes=\"auto, (max-width: 1440px) 100vw, 1440px\" \/><\/a><\/p>\n<p>La dicotom\u00eda entre interior y exterior en el ser humano no termina de funcionar para caracterizar al ser humano, \u201cen cambio si hablamos de una hondura abierta, no hay interior y exterior, es una hondura que viene caracterizada precisamente porque est\u00e1 traspasada por lo que le acontece\u201d, matiz\u00f3. \u201cUna manera de caracterizar esta hondura es a trav\u00e9s de lo que podr\u00edamos llamar el sentir\u201d, dijo el fil\u00f3sofo. El sentir se ha ampliado tanto que resuena, como si se plegara sobre s\u00ed mismo. Es decir, vivir es sentirse viviendo, encontrarse, que es en realidad la definici\u00f3n de la vida humana y del yo.<\/p>\n<p>En este sentido, Esquirol expuso c\u00f3mo el ser humano est\u00e1 afectado por cuatro experiencias fundamentales: el sentir, que es una autoafectaci\u00f3n; el t\u00fa, la experiencia del mundo y la experiencia de la muerte. Sentirse se expresa como claridad y calidez. Sentirse, estar d\u00e1ndose cuenta, es estar en una especie de claridad que es al mismo tiempo calidez. El intelecto o la raz\u00f3n ser\u00edan categor\u00edas relacionadas con la claridad, pero el sentimiento, emoci\u00f3n o afecto ser\u00edan relativos a la calidez. La claridad y la calidez son aspectos de la misma cosa ya que una inteligencia sin calidez es como algo arbitrario. Como pista: en todas las narraciones en donde sale un sabio, siempre es alguien amable.<\/p>\n<p>El humano est\u00e1 tan abierto, la apertura de su sentir est\u00e1 tan abierta, que lo que le acontece, lo que le afecta, incluso es infinito. Le afecta la nada de la muerte. Desde que se siente el aguij\u00f3n de la finitud, en edades muy tempranas, todo cambia. Esta afectaci\u00f3n es determinante. \u00bfC\u00f3mo es que el humano est\u00e1 afectado por la nada siendo la nada infinita?, se cuestion\u00f3 Esquirol. \u201cPorque la apertura es infinita\u201d, sentenci\u00f3.<\/p>\n<p>Respecto a la infinitud del t\u00fa, la relaci\u00f3n con alguien es realmente la relaci\u00f3n con todo, pues el otro se presenta como una infinitud. El fil\u00f3sofo asegur\u00f3 que, \u201cen cierto modo, cada uno de nosotros podr\u00eda describir su vida como una serie de encuentros fundamentales con el t\u00fa, la biograf\u00eda de una persona es la biograf\u00eda de sus encuentros\u201d. Y queda la experiencia fundamental del mundo, que es el horizonte de todos los horizontes. La infinitud del mundo, aquello que realmente nos toca en el mundo, es el hecho de ser, de que las cosas son. En el ser de las cosas hay una infinitud, igual que en la nada.<\/p>\n<p><a href=\"https:\/\/fcmanrique.org\/wp-content\/uploads\/fc-manrique-josep-m-esquirol-3.jpg\"><img loading=\"lazy\" decoding=\"async\" class=\"alignnone size-full wp-image-27326\" src=\"https:\/\/fcmanrique.org\/wp-content\/uploads\/fc-manrique-josep-m-esquirol-3.jpg\" alt=\"\" width=\"1440\" height=\"960\" srcset=\"https:\/\/fcmanrique.org\/wp-content\/uploads\/fc-manrique-josep-m-esquirol-3.jpg 1440w, https:\/\/fcmanrique.org\/wp-content\/uploads\/fc-manrique-josep-m-esquirol-3-300x200.jpg 300w, https:\/\/fcmanrique.org\/wp-content\/uploads\/fc-manrique-josep-m-esquirol-3-1024x683.jpg 1024w, https:\/\/fcmanrique.org\/wp-content\/uploads\/fc-manrique-josep-m-esquirol-3-768x512.jpg 768w, https:\/\/fcmanrique.org\/wp-content\/uploads\/fc-manrique-josep-m-esquirol-3-289x193.jpg 289w\" sizes=\"auto, (max-width: 1440px) 100vw, 1440px\" \/><\/a><\/p>\n<p>As\u00ed, prosigui\u00f3 el conferenciante, el ser humano es una hondura abierta traspasada por infinitos, afectada por experiencias fundamentales. Es una hondura abierta y excedida. Nos pasan y nos traspasan, a\u00f1adi\u00f3. El humano se encuentra con una situaci\u00f3n en la que debe hacer frente a esto que le pasa, est\u00e1 traspasado por infinitudes y debe responder. Responder, no superar, \u201cque eso es para la autoayuda\u201d. Las infinitudes que nos traspasan jam\u00e1s se superan, \u201cen el mejor de los casos, nos enfrentamos y respondemos a ellas\u201d. No es una huida, es ir poco a poco haciendo frente. Poder ir respondiendo es la salud. Hay una especie de salud espiritual que es al mismo tiempo salud mental. Cuando se produce una situaci\u00f3n m\u00f3rbida o patol\u00f3gica es cuando el humano es incapaz de responder a lo que profundamente le ocurre. Por esta dificultad de responder se pide ayuda, \u201cy todos nos ayudamos unos a otros a responder\u201d.<\/p>\n<p>El ser humano est\u00e1 excedido por lo infinito y despliega, por este motivo, un anhelo infinito, que se traduce al mismo tiempo como un empe\u00f1o, un esfuerzo por ir juntando las cosas buenas del d\u00eda a d\u00eda. \u201cHay un anhelo infinito y un anhelo que se proyecta en el d\u00eda a d\u00eda, siempre hacia adelante, que no es una huida del presente, sino la posibilidad de que haya presente\u201d.<\/p>\n<p>\u201cPara que haya presente, lo que hacemos los humanos es responder de modo que haya un d\u00eda tras otro, una palabra tras otra\u2026\u201d. \u201cCuando se produce un encuentro, \u00bfqu\u00e9 esperas? Un reencuentro\u201d. \u201cSin duda este es un buen encuentro. Me gustar\u00eda que hubiera un reencuentro\u201d, finaliz\u00f3.&nbsp;<\/p>\n<p><a href=\"https:\/\/fcmanrique.org\/wp-content\/uploads\/fcmanrique-fronteras-y-direcciones-josep-esquirol.jpg\"><img loading=\"lazy\" decoding=\"async\" class=\"alignnone size-full wp-image-27140\" src=\"https:\/\/fcmanrique.org\/wp-content\/uploads\/fcmanrique-fronteras-y-direcciones-josep-esquirol.jpg\" alt=\"\" width=\"1200\" height=\"1200\" srcset=\"https:\/\/fcmanrique.org\/wp-content\/uploads\/fcmanrique-fronteras-y-direcciones-josep-esquirol.jpg 1200w, https:\/\/fcmanrique.org\/wp-content\/uploads\/fcmanrique-fronteras-y-direcciones-josep-esquirol-300x300.jpg 300w, https:\/\/fcmanrique.org\/wp-content\/uploads\/fcmanrique-fronteras-y-direcciones-josep-esquirol-1024x1024.jpg 1024w, https:\/\/fcmanrique.org\/wp-content\/uploads\/fcmanrique-fronteras-y-direcciones-josep-esquirol-150x150.jpg 150w, https:\/\/fcmanrique.org\/wp-content\/uploads\/fcmanrique-fronteras-y-direcciones-josep-esquirol-768x768.jpg 768w, https:\/\/fcmanrique.org\/wp-content\/uploads\/fcmanrique-fronteras-y-direcciones-josep-esquirol-246x246.jpg 246w\" sizes=\"auto, (max-width: 1200px) 100vw, 1200px\" \/><\/a><\/p>\n<p><strong>Mas informaci\u00f3n:<\/strong> <a href=\"https:\/\/fcmanrique.org\/wp-content\/uploads\/fc-manrique-conferencia-Josep-M-Esquirol.pdf\" target=\"_blank\" rel=\"noopener\">Nota de prensa<\/a><\/p>","protected":false},"featured_media":27327,"parent":0,"template":"","meta":{"_acf_changed":false,"ngg_post_thumbnail":0,"footnotes":""},"actividad_tipo":[34],"actividad_lugar":[49],"actividad_departamento":[31],"actividad_ciclo":[72],"class_list":["post-27323","fcm_actividad","type-fcm_actividad","status-publish","has-post-thumbnail","hentry","actividad_tipo-conferencias","actividad_lugar-lugar-sala-saramago","actividad_departamento-departamento-de-programas-culturales","actividad_ciclo-fronteras-y-direcciones-de-progreso"],"acf":[],"_links":{"self":[{"href":"https:\/\/fcmanrique.org\/fr\/wp-json\/wp\/v2\/fcm_actividad\/27323","targetHints":{"allow":["GET"]}}],"collection":[{"href":"https:\/\/fcmanrique.org\/fr\/wp-json\/wp\/v2\/fcm_actividad"}],"about":[{"href":"https:\/\/fcmanrique.org\/fr\/wp-json\/wp\/v2\/types\/fcm_actividad"}],"version-history":[{"count":6,"href":"https:\/\/fcmanrique.org\/fr\/wp-json\/wp\/v2\/fcm_actividad\/27323\/revisions"}],"predecessor-version":[{"id":27348,"href":"https:\/\/fcmanrique.org\/fr\/wp-json\/wp\/v2\/fcm_actividad\/27323\/revisions\/27348"}],"wp:featuredmedia":[{"embeddable":true,"href":"https:\/\/fcmanrique.org\/fr\/wp-json\/wp\/v2\/media\/27327"}],"wp:attachment":[{"href":"https:\/\/fcmanrique.org\/fr\/wp-json\/wp\/v2\/media?parent=27323"}],"wp:term":[{"taxonomy":"actividad_tipo","embeddable":true,"href":"https:\/\/fcmanrique.org\/fr\/wp-json\/wp\/v2\/actividad_tipo?post=27323"},{"taxonomy":"actividad_lugar","embeddable":true,"href":"https:\/\/fcmanrique.org\/fr\/wp-json\/wp\/v2\/actividad_lugar?post=27323"},{"taxonomy":"actividad_departamento","embeddable":true,"href":"https:\/\/fcmanrique.org\/fr\/wp-json\/wp\/v2\/actividad_departamento?post=27323"},{"taxonomy":"actividad_ciclo","embeddable":true,"href":"https:\/\/fcmanrique.org\/fr\/wp-json\/wp\/v2\/actividad_ciclo?post=27323"}],"curies":[{"name":"wp","href":"https:\/\/api.w.org\/{rel}","templated":true}]}}

<p class="qtranxs-available-languages-message qtranxs-available-languages-message-fr">Désolé, cet article est seulement disponible en <a href="https://fcmanrique.org/es/wp-json/wp/v2/fcm_actividad/27323" class="qtranxs-available-language-link qtranxs-available-language-link-es" title="ES">ES</a>.</p><p>El filósofo Josep María Esquirol expuso el 23 de octubre de 2025, en la sala José Saramago de la Fundación César Manrique, su pensamiento antropológico filosófico —basado en la comprensión de lo humano— con la intención de acercar al público a la “situación humana fundamental” o lo que se ha llamado también la condición humana.</p>
<p>“El pensamiento es una manera de procurar responder a lo que ocurre en la sociedad”, comenzó señalando Esquirol. Siempre ha habido y hay mucha violencia, y su intención de fondo es “responder a esta violencia que filosóficamente se vincula con lo que se llama el nihilismo”. Cuando prevalece el nihilismo emerge el dominio de la fuerza, explicó. Por eso, su vocación filosófica es “un intento de hacer frente a este nihilismo”. En otras palabras, de hallar las raíces de lo que tiene sentido.</p>
<p><a href="https://fcmanrique.org/wp-content/uploads/fc-manrique-josep-m-esquirol-1.jpg"><img loading="lazy" decoding="async" class="alignnone size-full wp-image-27324" src="https://fcmanrique.org/wp-content/uploads/fc-manrique-josep-m-esquirol-1.jpg" alt="" width="1440" height="960" srcset="https://fcmanrique.org/wp-content/uploads/fc-manrique-josep-m-esquirol-1.jpg 1440w, https://fcmanrique.org/wp-content/uploads/fc-manrique-josep-m-esquirol-1-300x200.jpg 300w, https://fcmanrique.org/wp-content/uploads/fc-manrique-josep-m-esquirol-1-1024x683.jpg 1024w, https://fcmanrique.org/wp-content/uploads/fc-manrique-josep-m-esquirol-1-768x512.jpg 768w, https://fcmanrique.org/wp-content/uploads/fc-manrique-josep-m-esquirol-1-289x193.jpg 289w" sizes="auto, (max-width: 1440px) 100vw, 1440px" /></a></p>
<p>Aunque definir lo humano no es posible, porque solo se define aquello que se domina, sí nos podemos aproximar, declaró el pensador. Se ha definido al ser humano tradicionalmente como el que tiene capacidad racional, o como animal técnico, capaz de transformar la situación radicalmente o, como manifestaba Nietzsche: aquel animal al que le es lícito hacer promesas. “El mañana es impredecible. Cuando una persona promete algo a otra es porque dice algo como: vaya como vaya el mañana, yo estaré. La presencia ya es una promesa”. El ejemplo más claro es una madre, que para una hija es una promesa.</p>
<p>En todas estas definiciones el énfasis está puesto en el poder y Esquirol quiere encontrar una manera de caracterizar al ser humano que no siga esa línea. A partir del ejemplo de la madre y la hija se preguntó de dónde surge este poder de prometer. Y la respuesta es que la madre promete porque está profundamente afectada por la hija. “Si esto es así, significa que el humano puede quedar profundamente afectado por algo”.</p>
<p>A esta posibilidad de quedar afectado se le puede llamar de formas distintas: apertura, sensibilidad, vulnerabilidad o aceptabilidad, incluso pasividad. Todas indican la porosidad del ser humano. El ser humano está tan abierto que puede quedar muy profundamente tocado. De ahí que Esquirol eligiese como título para su conferencia “El ser humano como hondura abierta”, porque esa apertura es al mismo tiempo una hondura que va de la piel al corazón.</p>
<p><a href="https://fcmanrique.org/wp-content/uploads/fc-manrique-josep-m-esquirol-2.jpg"><img loading="lazy" decoding="async" class="alignnone size-full wp-image-27325" src="https://fcmanrique.org/wp-content/uploads/fc-manrique-josep-m-esquirol-2.jpg" alt="" width="1440" height="960" srcset="https://fcmanrique.org/wp-content/uploads/fc-manrique-josep-m-esquirol-2.jpg 1440w, https://fcmanrique.org/wp-content/uploads/fc-manrique-josep-m-esquirol-2-300x200.jpg 300w, https://fcmanrique.org/wp-content/uploads/fc-manrique-josep-m-esquirol-2-1024x683.jpg 1024w, https://fcmanrique.org/wp-content/uploads/fc-manrique-josep-m-esquirol-2-768x512.jpg 768w, https://fcmanrique.org/wp-content/uploads/fc-manrique-josep-m-esquirol-2-289x193.jpg 289w" sizes="auto, (max-width: 1440px) 100vw, 1440px" /></a></p>
<p>La dicotomía entre interior y exterior en el ser humano no termina de funcionar para caracterizar al ser humano, “en cambio si hablamos de una hondura abierta, no hay interior y exterior, es una hondura que viene caracterizada precisamente porque está traspasada por lo que le acontece”, matizó. “Una manera de caracterizar esta hondura es a través de lo que podríamos llamar el sentir”, dijo el filósofo. El sentir se ha ampliado tanto que resuena, como si se plegara sobre sí mismo. Es decir, vivir es sentirse viviendo, encontrarse, que es en realidad la definición de la vida humana y del yo.</p>
<p>En este sentido, Esquirol expuso cómo el ser humano está afectado por cuatro experiencias fundamentales: el sentir, que es una autoafectación; el tú, la experiencia del mundo y la experiencia de la muerte. Sentirse se expresa como claridad y calidez. Sentirse, estar dándose cuenta, es estar en una especie de claridad que es al mismo tiempo calidez. El intelecto o la razón serían categorías relacionadas con la claridad, pero el sentimiento, emoción o afecto serían relativos a la calidez. La claridad y la calidez son aspectos de la misma cosa ya que una inteligencia sin calidez es como algo arbitrario. Como pista: en todas las narraciones en donde sale un sabio, siempre es alguien amable.</p>
<p>El humano está tan abierto, la apertura de su sentir está tan abierta, que lo que le acontece, lo que le afecta, incluso es infinito. Le afecta la nada de la muerte. Desde que se siente el aguijón de la finitud, en edades muy tempranas, todo cambia. Esta afectación es determinante. ¿Cómo es que el humano está afectado por la nada siendo la nada infinita?, se cuestionó Esquirol. “Porque la apertura es infinita”, sentenció.</p>
<p>Respecto a la infinitud del tú, la relación con alguien es realmente la relación con todo, pues el otro se presenta como una infinitud. El filósofo aseguró que, “en cierto modo, cada uno de nosotros podría describir su vida como una serie de encuentros fundamentales con el tú, la biografía de una persona es la biografía de sus encuentros”. Y queda la experiencia fundamental del mundo, que es el horizonte de todos los horizontes. La infinitud del mundo, aquello que realmente nos toca en el mundo, es el hecho de ser, de que las cosas son. En el ser de las cosas hay una infinitud, igual que en la nada.</p>
<p><a href="https://fcmanrique.org/wp-content/uploads/fc-manrique-josep-m-esquirol-3.jpg"><img loading="lazy" decoding="async" class="alignnone size-full wp-image-27326" src="https://fcmanrique.org/wp-content/uploads/fc-manrique-josep-m-esquirol-3.jpg" alt="" width="1440" height="960" srcset="https://fcmanrique.org/wp-content/uploads/fc-manrique-josep-m-esquirol-3.jpg 1440w, https://fcmanrique.org/wp-content/uploads/fc-manrique-josep-m-esquirol-3-300x200.jpg 300w, https://fcmanrique.org/wp-content/uploads/fc-manrique-josep-m-esquirol-3-1024x683.jpg 1024w, https://fcmanrique.org/wp-content/uploads/fc-manrique-josep-m-esquirol-3-768x512.jpg 768w, https://fcmanrique.org/wp-content/uploads/fc-manrique-josep-m-esquirol-3-289x193.jpg 289w" sizes="auto, (max-width: 1440px) 100vw, 1440px" /></a></p>
<p>Así, prosiguió el conferenciante, el ser humano es una hondura abierta traspasada por infinitos, afectada por experiencias fundamentales. Es una hondura abierta y excedida. Nos pasan y nos traspasan, añadió. El humano se encuentra con una situación en la que debe hacer frente a esto que le pasa, está traspasado por infinitudes y debe responder. Responder, no superar, “que eso es para la autoayuda”. Las infinitudes que nos traspasan jamás se superan, “en el mejor de los casos, nos enfrentamos y respondemos a ellas”. No es una huida, es ir poco a poco haciendo frente. Poder ir respondiendo es la salud. Hay una especie de salud espiritual que es al mismo tiempo salud mental. Cuando se produce una situación mórbida o patológica es cuando el humano es incapaz de responder a lo que profundamente le ocurre. Por esta dificultad de responder se pide ayuda, “y todos nos ayudamos unos a otros a responder”.</p>
<p>El ser humano está excedido por lo infinito y despliega, por este motivo, un anhelo infinito, que se traduce al mismo tiempo como un empeño, un esfuerzo por ir juntando las cosas buenas del día a día. “Hay un anhelo infinito y un anhelo que se proyecta en el día a día, siempre hacia adelante, que no es una huida del presente, sino la posibilidad de que haya presente”.</p>
<p>“Para que haya presente, lo que hacemos los humanos es responder de modo que haya un día tras otro, una palabra tras otra…”. “Cuando se produce un encuentro, ¿qué esperas? Un reencuentro”. “Sin duda este es un buen encuentro. Me gustaría que hubiera un reencuentro”, finalizó.&nbsp;</p>
<p><a href="https://fcmanrique.org/wp-content/uploads/fcmanrique-fronteras-y-direcciones-josep-esquirol.jpg"><img loading="lazy" decoding="async" class="alignnone size-full wp-image-27140" src="https://fcmanrique.org/wp-content/uploads/fcmanrique-fronteras-y-direcciones-josep-esquirol.jpg" alt="" width="1200" height="1200" srcset="https://fcmanrique.org/wp-content/uploads/fcmanrique-fronteras-y-direcciones-josep-esquirol.jpg 1200w, https://fcmanrique.org/wp-content/uploads/fcmanrique-fronteras-y-direcciones-josep-esquirol-300x300.jpg 300w, https://fcmanrique.org/wp-content/uploads/fcmanrique-fronteras-y-direcciones-josep-esquirol-1024x1024.jpg 1024w, https://fcmanrique.org/wp-content/uploads/fcmanrique-fronteras-y-direcciones-josep-esquirol-150x150.jpg 150w, https://fcmanrique.org/wp-content/uploads/fcmanrique-fronteras-y-direcciones-josep-esquirol-768x768.jpg 768w, https://fcmanrique.org/wp-content/uploads/fcmanrique-fronteras-y-direcciones-josep-esquirol-246x246.jpg 246w" sizes="auto, (max-width: 1200px) 100vw, 1200px" /></a></p>
<p><strong>Mas información:</strong> <a href="https://fcmanrique.org/wp-content/uploads/fc-manrique-conferencia-Josep-M-Esquirol.pdf" target="_blank" rel="noopener">Nota de prensa</a></p>
