{"id":3466,"date":"2016-06-06T00:00:00","date_gmt":"2016-06-06T00:00:00","guid":{"rendered":"https:\/\/fcmanrique.org\/2016\/06\/06\/la-fundacion-cesar-manrique-y-el-festival-internacional-de-cine-medioambiental-de-canarias-ficmec-organizan-dos-jornadas-de-proyecciones-en-la-sala-jose-saramago\/?lang=es"},"modified":"2018-06-25T13:11:30","modified_gmt":"2018-06-25T13:11:30","slug":"la-fundacion-cesar-manrique-y-el-festival-internacional-de-cine-medioambiental-de-canarias-ficmec-organizan-dos-jornadas-de-proyecciones-en-la-sala-jose-saramago","status":"publish","type":"fcm_actividad","link":"https:\/\/fcmanrique.org\/fr\/fcm-actividad\/la-fundacion-cesar-manrique-y-el-festival-internacional-de-cine-medioambiental-de-canarias-ficmec-organizan-dos-jornadas-de-proyecciones-en-la-sala-jose-saramago\/","title":{"rendered":"La Fundaci\u00f3n C\u00e9sar Manrique y el Festival Internacional de Cine Medioambiental de Canarias (FICMEC) organizan dos jornadas de proyecciones en la Sala Jos\u00e9 Saramago"},"content":{"rendered":"<p>Los pr\u00f3ximos d\u00edas 9 y 10 de junio, la Fundaci\u00f3n C\u00e9sar Manrique (FCM) y el FICMEC desplazan a Lanzarote una selecci\u00f3n del XVIII Festival Internacional de Cine Medioambiental de Canarias (FICMEC), que este a\u00f1o se desarrolla bajo el lema \u201cTiempo para pensar\u201d. Durante dos jornadas, que se celebrar\u00e1n en la sala Jos\u00e9 Saramago (La Plazuela, Arrecife), se proyectar\u00e1n tres largometrajes y una selecci\u00f3n de cortometrajes, presentados previamente en la sede del Festival en Tenerife.<\/p>\n<p>El FICMEC, dirigido por David Baute y desarrollado en Garachico, Tenerife, del 24 al 30 de mayo, con gran \u00e9xito de p\u00fablico, recoge el testigo del Festival de Cine Ecol\u00f3gico y de la Naturaleza de Canarias que se celebraba desde principios de los ochenta en el Puerto de la Cruz y que fue pionero en Espa\u00f1a en lo que respecta a su tem\u00e1tica: el primer certamen cinematogr\u00e1fico del pa\u00eds centrado en la cuesti\u00f3n medioambiental. Se presenta como un espacio de reflexi\u00f3n sobre la inconmensurable aceleraci\u00f3n de hechos y procesos vinculados a la naturaleza y su deterioro, a trav\u00e9s del audiovisual y desde un lugar como Canarias.<\/p>\n<p>La realizaci\u00f3n de esta actividad en Lanzarote, organizada por la Fundaci\u00f3n C\u00e9sar Manrique, es resultado de la colaboraci\u00f3n entre la FCM y el FICMEC, que se inici\u00f3 en 2014, con la proyecci\u00f3n de dos pel\u00edculas. El pasado a\u00f1o, 2015, tambi\u00e9n se program\u00f3 la proyecci\u00f3n de un largometraje de ficci\u00f3n, de un documental, y de una selecci\u00f3n de cortometrajes relacionados con el tema de \u201cPetr\u00f3leo y Fracking\u201d. As\u00ed mismo, se proyectaron dos pases de ma\u00f1ana para alumnos de ense\u00f1anza primaria y secundaria, acompa\u00f1ados por una charla interactiva (con el director de la pel\u00edcula proyectada y el jefe del departamento pedag\u00f3gico de la FCM).<\/p>\n<p>Las pel\u00edculas programadas para su proyecci\u00f3n en la sala Jos\u00e9 Saramago son:<\/p>\n<p>Jueves, 9 de Junio<br \/>\n18,00 h Selecci\u00f3n de los mejores cortometrajes internacionales de FICMEC 2016.<br \/>\n(Cortometrajes de ficci\u00f3n y documental).<\/p>\n<p>19,30 h Proyecci\u00f3n del largometraje de ficci\u00f3n RAMS, el valle de los carneros, de Grimur H\u00e1konarson (93 minutos, Islandia, 2015). Sinopsis: En un remoto valle de Islandia, dos hermanos que no se hablan desde hace m\u00e1s de cuarenta a\u00f1os deber\u00e1n unir fuerzas para salvar su bien m\u00e1s preciado: su reba\u00f1o de carneros. En este drama, la vida rural de Islandia se ve reflejada con toques de humor.<\/p>\n<p>RAMS, el valle de los carneros ha obtenido los siguientes premios: 2015: Festival de Cannes: Mejor pel\u00edcula (Secci\u00f3n \u00ab\u00a0Un Certain Regard\u00a0\u00bb); Premios del Cine Europeo: Nominada a Mejor pel\u00edcula; y Festival de Valladolid &#8211; Seminci: Espiga de Oro (Mejor pel\u00edcula).<\/p>\n<p>Viernes, 10 de Junio<br \/>\n10,00 h y 12,00 h Se proyectar\u00e1n dos pases del documental titulado 56, de Marco Huertas, 28 min, Espa\u00f1a, 2015. Este documental da voz al proyecto humanitario del profesor Carlos G\u00f3mez y cuenta la historia de la propuesta solidaria \u201cWilka\u201d, desarrollada en una regi\u00f3n de Madagascar donde los ni\u00f1os s\u00f3lo pod\u00edan acceder a una educaci\u00f3n b\u00e1sica a cambio de 56 kilos de arroz. El filme refleja el gran esfuerzo de ellos y de sus familias para poder conseguirlo. En mayo de 2015 se proyect\u00f3 en la sede del consejo de los Derechos Humanos de las Naciones Unidas y, en la Muestra de Cine Internacional de Palencia recibi\u00f3 el Premio Otero del P\u00fablico Infantil al Mejor Cortometraje. Estas dos sesiones est\u00e1n programadas para alumnos de varios centros de ense\u00f1anza primaria y secundaria de la isla.<\/p>\n<p>18,00 h Proyecci\u00f3n del largometraje documental Las estaciones, de Jaques Perrin y Jaques Cluzaud (95 min, Francia, 2015). Los directores, despu\u00e9s de filmar N\u00f3madas del viento (2002) y Oc\u00e9anos (2010), vuelven de nuevo a mostrar la naturaleza con un viaje maravilloso a trav\u00e9s del tiempo para redescubrir paisajes europeos que hemos compartido con animales salvajes desde la \u00faltima Edad de Hielo. Relata la historia com\u00fan que une al hombre con los animales.<\/p>\n<p>19,30 h Se proyectar\u00e1 el largometraje de ficci\u00f3n Volcano, de Runar Runarsson (95 min, Islandia, 2011). Volcano (Eldfjall) se inicia mostrando una tierra helada partida por la furia del fuego que surge de sus entra\u00f1as; escenas documentales que muestran un desastre real. Una erupci\u00f3n volc\u00e1nica que desarraig\u00f3 de sus hogares a familias como la que protagoniza esta pel\u00edcula. Es el \u00faltimo d\u00eda de trabajo de Hannes, un bedel de instituto, r\u00edgido y malhumorado. Un hombre viejo que ha vivido muchos a\u00f1os separado emocionalmente de su mujer y de sus hijos, pero que en sus momentos de soledad llora l\u00e1grimas amargas.<\/p>\n<p>Volcano ha obtenido los siguientes premios: 2011: Festival de Cannes: Nominado a la C\u00e1mara de Oro (mejor primer trabajo); Festival de Valladolid &#8211; Seminci: Mejor nuevo director, Chicago International Film Festival: Premio Silver Hugo (mejor nuevo director); Denver International Film Festival: Premio Krzysztof Kieslowski (mejor pel\u00edcula); y Transilvania International Film Festival: Mejor director.<\/p>\n<div class=\"materiales-title\">Materiales<\/div>\n<p><a class=\"materiales-obj\" href=\"\/recursos\/noticia\/575555e1np05-16 festival cine medioambiental.pdf\">Nota de prensa<\/a><\/p>\n<p><a class=\"materiales-obj\" href=\"\/recursos\/noticia\/5755576dPrograma FICMEC 2016 Arrecife.pdf\">Programa FICMEC Arrecife 2016<\/a><\/p>\n","protected":false},"featured_media":3467,"parent":0,"template":"","meta":{"_acf_changed":false,"ngg_post_thumbnail":0,"footnotes":""},"actividad_tipo":[37],"actividad_lugar":[],"actividad_departamento":[],"actividad_ciclo":[],"class_list":["post-3466","fcm_actividad","type-fcm_actividad","status-publish","has-post-thumbnail","hentry","actividad_tipo-otras-actividades"],"acf":[],"_links":{"self":[{"href":"https:\/\/fcmanrique.org\/fr\/wp-json\/wp\/v2\/fcm_actividad\/3466","targetHints":{"allow":["GET"]}}],"collection":[{"href":"https:\/\/fcmanrique.org\/fr\/wp-json\/wp\/v2\/fcm_actividad"}],"about":[{"href":"https:\/\/fcmanrique.org\/fr\/wp-json\/wp\/v2\/types\/fcm_actividad"}],"version-history":[{"count":4,"href":"https:\/\/fcmanrique.org\/fr\/wp-json\/wp\/v2\/fcm_actividad\/3466\/revisions"}],"predecessor-version":[{"id":17254,"href":"https:\/\/fcmanrique.org\/fr\/wp-json\/wp\/v2\/fcm_actividad\/3466\/revisions\/17254"}],"wp:featuredmedia":[{"embeddable":true,"href":"https:\/\/fcmanrique.org\/fr\/wp-json\/wp\/v2\/media\/3467"}],"wp:attachment":[{"href":"https:\/\/fcmanrique.org\/fr\/wp-json\/wp\/v2\/media?parent=3466"}],"wp:term":[{"taxonomy":"actividad_tipo","embeddable":true,"href":"https:\/\/fcmanrique.org\/fr\/wp-json\/wp\/v2\/actividad_tipo?post=3466"},{"taxonomy":"actividad_lugar","embeddable":true,"href":"https:\/\/fcmanrique.org\/fr\/wp-json\/wp\/v2\/actividad_lugar?post=3466"},{"taxonomy":"actividad_departamento","embeddable":true,"href":"https:\/\/fcmanrique.org\/fr\/wp-json\/wp\/v2\/actividad_departamento?post=3466"},{"taxonomy":"actividad_ciclo","embeddable":true,"href":"https:\/\/fcmanrique.org\/fr\/wp-json\/wp\/v2\/actividad_ciclo?post=3466"}],"curies":[{"name":"wp","href":"https:\/\/api.w.org\/{rel}","templated":true}]}}

La Fundación César Manrique y el Festival Internacional de Cine Medioambiental de Canarias (FICMEC) organizan dos jornadas de proyecciones en la Sala José Saramago

<p>Los próximos días 9 y 10 de junio, la Fundación César Manrique (FCM) y el FICMEC desplazan a Lanzarote una selección del XVIII Festival Internacional de Cine Medioambiental de Canarias (FICMEC), que este año se desarrolla bajo el lema “Tiempo para pensar”. Durante dos jornadas, que se celebrarán en la sala José Saramago (La Plazuela, Arrecife), se proyectarán tres largometrajes y una selección de cortometrajes, presentados previamente en la sede del Festival en Tenerife.</p>
<p>El FICMEC, dirigido por David Baute y desarrollado en Garachico, Tenerife, del 24 al 30 de mayo, con gran éxito de público, recoge el testigo del Festival de Cine Ecológico y de la Naturaleza de Canarias que se celebraba desde principios de los ochenta en el Puerto de la Cruz y que fue pionero en España en lo que respecta a su temática: el primer certamen cinematográfico del país centrado en la cuestión medioambiental. Se presenta como un espacio de reflexión sobre la inconmensurable aceleración de hechos y procesos vinculados a la naturaleza y su deterioro, a través del audiovisual y desde un lugar como Canarias.</p>
<p>La realización de esta actividad en Lanzarote, organizada por la Fundación César Manrique, es resultado de la colaboración entre la FCM y el FICMEC, que se inició en 2014, con la proyección de dos películas. El pasado año, 2015, también se programó la proyección de un largometraje de ficción, de un documental, y de una selección de cortometrajes relacionados con el tema de “Petróleo y Fracking”. Así mismo, se proyectaron dos pases de mañana para alumnos de enseñanza primaria y secundaria, acompañados por una charla interactiva (con el director de la película proyectada y el jefe del departamento pedagógico de la FCM).</p>
<p>Las películas programadas para su proyección en la sala José Saramago son:</p>
<p>Jueves, 9 de Junio<br />
18,00 h Selección de los mejores cortometrajes internacionales de FICMEC 2016.<br />
(Cortometrajes de ficción y documental).</p>
<p>19,30 h Proyección del largometraje de ficción RAMS, el valle de los carneros, de Grimur Hákonarson (93 minutos, Islandia, 2015). Sinopsis: En un remoto valle de Islandia, dos hermanos que no se hablan desde hace más de cuarenta años deberán unir fuerzas para salvar su bien más preciado: su rebaño de carneros. En este drama, la vida rural de Islandia se ve reflejada con toques de humor.</p>
<p>RAMS, el valle de los carneros ha obtenido los siguientes premios: 2015: Festival de Cannes: Mejor película (Sección « Un Certain Regard »); Premios del Cine Europeo: Nominada a Mejor película; y Festival de Valladolid &#8211; Seminci: Espiga de Oro (Mejor película).</p>
<p>Viernes, 10 de Junio<br />
10,00 h y 12,00 h Se proyectarán dos pases del documental titulado 56, de Marco Huertas, 28 min, España, 2015. Este documental da voz al proyecto humanitario del profesor Carlos Gómez y cuenta la historia de la propuesta solidaria “Wilka”, desarrollada en una región de Madagascar donde los niños sólo podían acceder a una educación básica a cambio de 56 kilos de arroz. El filme refleja el gran esfuerzo de ellos y de sus familias para poder conseguirlo. En mayo de 2015 se proyectó en la sede del consejo de los Derechos Humanos de las Naciones Unidas y, en la Muestra de Cine Internacional de Palencia recibió el Premio Otero del Público Infantil al Mejor Cortometraje. Estas dos sesiones están programadas para alumnos de varios centros de enseñanza primaria y secundaria de la isla.</p>
<p>18,00 h Proyección del largometraje documental Las estaciones, de Jaques Perrin y Jaques Cluzaud (95 min, Francia, 2015). Los directores, después de filmar Nómadas del viento (2002) y Océanos (2010), vuelven de nuevo a mostrar la naturaleza con un viaje maravilloso a través del tiempo para redescubrir paisajes europeos que hemos compartido con animales salvajes desde la última Edad de Hielo. Relata la historia común que une al hombre con los animales.</p>
<p>19,30 h Se proyectará el largometraje de ficción Volcano, de Runar Runarsson (95 min, Islandia, 2011). Volcano (Eldfjall) se inicia mostrando una tierra helada partida por la furia del fuego que surge de sus entrañas; escenas documentales que muestran un desastre real. Una erupción volcánica que desarraigó de sus hogares a familias como la que protagoniza esta película. Es el último día de trabajo de Hannes, un bedel de instituto, rígido y malhumorado. Un hombre viejo que ha vivido muchos años separado emocionalmente de su mujer y de sus hijos, pero que en sus momentos de soledad llora lágrimas amargas.</p>
<p>Volcano ha obtenido los siguientes premios: 2011: Festival de Cannes: Nominado a la Cámara de Oro (mejor primer trabajo); Festival de Valladolid &#8211; Seminci: Mejor nuevo director, Chicago International Film Festival: Premio Silver Hugo (mejor nuevo director); Denver International Film Festival: Premio Krzysztof Kieslowski (mejor película); y Transilvania International Film Festival: Mejor director.</p>
<div class="materiales-title">Materiales</div>
<p><a class="materiales-obj" href="/recursos/noticia/575555e1np05-16 festival cine medioambiental.pdf">Nota de prensa</a></p>
<p><a class="materiales-obj" href="/recursos/noticia/5755576dPrograma FICMEC 2016 Arrecife.pdf">Programa FICMEC Arrecife 2016</a></p>
