{"id":3484,"date":"2015-11-13T00:00:00","date_gmt":"2015-11-13T00:00:00","guid":{"rendered":"https:\/\/fcmanrique.org\/2015\/11\/13\/en-suecia-eran-igual-de-corruptos-que-nosotros-pero-lo-que-cambio-fue-la-ciudadania-que-paso-a-ser-mas-exigente\/?lang=es"},"modified":"2020-07-31T14:00:10","modified_gmt":"2020-07-31T14:00:10","slug":"en-suecia-eran-igual-de-corruptos-que-nosotros-pero-lo-que-cambio-fue-la-ciudadania-que-paso-a-ser-mas-exigente","status":"publish","type":"fcm_actividad","link":"https:\/\/fcmanrique.org\/fr\/fcm-actividad\/en-suecia-eran-igual-de-corruptos-que-nosotros-pero-lo-que-cambio-fue-la-ciudadania-que-paso-a-ser-mas-exigente\/","title":{"rendered":"<em>En Suecia, eran igual de corruptos que nosotros pero lo que cambi\u00f3 fue la ciudadan\u00eda, que pas\u00f3 a ser m\u00e1s exigente<\/em>"},"content":{"rendered":"<p><!--[if gte mso 9]><xml>\n \n  Normal\n  0\n  21\n  \n  \n  false\n  false\n  false\n  \n   \n   \n   \n   \n   \n  \n  MicrosoftInternetExplorer4\n \n<\/xml><![endif]--><\/p>\n<p ><span >La FCM<\/span><span > proyect&oacute; el documental &ldquo;Corrupci&oacute;n, el organismo nocivo&rdquo; y se debati&oacute; sobre las causas y soluciones de este problema<\/span><\/p>\n<div >&nbsp;<\/div>\n<p><span >Teresa Soler y Albert Sanfeliu, los directores del documental &ldquo;Corrupci&oacute;n, el organismo nocivo&rdquo;, pudieron llevar este proyecto a cabo gracias a la aportaci&oacute;n econ&oacute;mica de 451 ciudadanos y de dos instituciones: la  Fundaci&oacute;n C&eacute;sar Manrique (FCM) y la Facultad de Derecho de la Universidad de Barcelona. El 10 de noviembre, despu&eacute;s de un recorrido por varias ciudades espa&ntilde;olas, se estren&oacute; la pel&iacute;cula en la Sala Saramago, con gran asistencia de p&uacute;blico. La cinta trata la corrupci&oacute;n municipal desde el punto de vista de los denunciantes y ahonda en las consecuencias que ha tenido para ellos el hecho de haberse enfrentado a varios casos de corrupci&oacute;n. Tras la proyecci&oacute;n se plante&oacute; un debate, moderado por el periodista Sa&uacute;l Garc&iacute;a, en el que intervinieron los dos directores junto al catedr&aacute;tico de Econom&iacute;a aplicada de la Universidad de La Laguna, Federico Aguilera Klink y la  Fiscal de la  Audiencia provincial de Sevilla Ana Linares, especializada en urbanismo y medio ambiente.<\/span><\/p>\n<div >&nbsp;<\/div>\n<p><span >Los directores comenzaron agradeciendo la colaboraci&oacute;n de la FCM y reclamando la implicaci&oacute;n de m&aacute;s instituciones de este tipo para afrontar este problema. Sanfeliu se&ntilde;al&oacute; que uno de los objetivos o valores del documental es el de intentar aumentar la calidad democr&aacute;tica y &ldquo;dar voz a los que tienen valor para denunciar desde dentro del sistema&rdquo;. &ldquo;Vivimos en una paup&eacute;rrima democracia&rdquo;, asegur&oacute;, subrayando la desafecci&oacute;n hacia la pol&iacute;tica que provoca la corrupci&oacute;n, y advirtiendo de que &ldquo;todo el dinero que desaparece es de nuestros bolsillos&rdquo;. Tambi&eacute;n afirm&oacute; que &ldquo;no se puede dejar todo en manos del C&oacute;digo Penal&rdquo; y que hay que implicarse en la vida p&uacute;blica. De hecho, todos los participantes del debate, en distintos momentos, plantearon esa implicaci&oacute;n, vigilancia o presi&oacute;n de los ciudadanos como uno de los requisitos necesarios para prevenir la corrupci&oacute;n, un paso que tiene que estar precedido por el del acceso a la informaci&oacute;n y el conocimiento, que es otra de las funciones que cumple el documental. &ldquo;Para combatir la realidad hay que conocerla&rdquo;, dijo Teresa Soler, que sostuvo que en Espa&ntilde;a no tenemos un gen corrupto. &ldquo;En Suecia hace veinte a&ntilde;os eran igual de corruptos que nosotros, pero lo que cambi&oacute; fue la ciudadan&iacute;a, pas&oacute; a ser m&aacute;s exigente&rdquo;. &ldquo;No es l&oacute;gico pensar que quienes nos han metido en este embolado nos vayan a sacar de &eacute;l&rdquo;, subray&oacute;.<\/span><\/p>\n<div >&nbsp;<\/div>\n<p><span >Por su parte, Aguilera Klink comenz&oacute; su intervenci&oacute;n alertando del hecho de que &ldquo;estamos educados para la sumisi&oacute;n y para no ver lo evidente&rdquo; e invit&oacute; a cuestionarse esta circunstancia para no caer en una indefensi&oacute;n. Para evidenciar la corrupci&oacute;n del sistema econ&oacute;mico y democr&aacute;tico, puso como ejemplo el caso de Gran Breta&ntilde;a, donde &ldquo;el sistema est&aacute; montado para que las grandes empresas no paguen impuestos&rdquo; y el caso de Espa&ntilde;a, donde la Comisi&oacute;n Nacional del Mercado y la  Competencia dice que el fraude en la contrataci&oacute;n p&uacute;blica es de unos 48.000 millones de euros. &ldquo;Muchas leyes est&aacute;n hechas como un coladero&rdquo;, asegur&oacute;, porque sirven &ldquo;para que el que roba en nombre de los partidos pol&iacute;ticos salga ileso&rdquo;.<\/span><\/p>\n<div >&nbsp;<\/div>\n<p><span >La fiscal Ana Linares, que en 2007 ya particip&oacute; invitada por la  FCM en un seminario sobre la corrupci&oacute;n, se mostr&oacute; impresionada por la &ldquo;conciencia ciudadana en la Isla&rdquo;, en comparaci&oacute;n a aquel a&ntilde;o, y puso en valor el papel de la Fiscal&iacute;a en Lanzarote donde hay &ldquo;gente muy joven y muy comprometida&rdquo;, cuyo trabajo est&aacute; &ldquo;dando frutos positivos&rdquo;. Dijo que, en los casos de corrupci&oacute;n, tiene m&aacute;s inter&eacute;s en recuperar el dinero defraudado que en enviar a un corrupto a la c&aacute;rcel, abogando as&iacute; por la reposici&oacute;n de lo defraudado. Critic&oacute; la nueva Ley de enjuiciamiento criminal, que fija un plazo para la instrucci&oacute;n de seis meses prorrogables a 24 pero que ni destina m&aacute;s medios ni m&aacute;s personal. &ldquo;A los fiscales, se&ntilde;al&oacute;, tambi&eacute;n nos ponen palos en las ruedas &ldquo;, y se pregunt&oacute; si esta nueva Ley no es una b&uacute;squeda deliberada de impunidad, porque la investigaci&oacute;n de casos de blanqueo de capitales o de grandes fraudes necesita m&aacute;s tiempo.<\/span><\/p>\n<div >&nbsp;<\/div>\n<p><span >Teresa Soler reclam&oacute; la puesta en marcha de una Ley de protecci&oacute;n al denunciante, para salvaguardar, asesorar y atender psicol&oacute;gicamente a estas personas. Es una iniciativa que ya promueven en change.org y que alcanza las 150.000 firmas.<strong><span style=\"\"> &ldquo;No podemos conseguir una sociedad diferente con personas indiferentes&rdquo;, asegur&oacute;, y mostr&oacute; su extra&ntilde;eza por que siga habiendo ciudadanos que votan a candidatos que est&aacute;n imputados o condenados por casos de corrupci&oacute;n, lo que provoca que se acaben legitimando estas pr&aacute;cticas.<\/span><\/strong><\/span><\/p>\n<p ><strong><span style=\"\">&nbsp;<\/span><\/strong><\/p>\n<p><strong><span style=\"\">Ambos directores incidieron en la necesidad de &ldquo;salir del oscurantismo&rdquo;, conseguir que las instituciones sean m&aacute;s transparentes y no dejar esto &ldquo;s&oacute;lo en manos de la Ley de transparencia&rdquo;. &ldquo;Es fundamental la responsabilidad individual&rdquo;, concluy&oacute; Soler.<\/span><\/strong>  <!--[if gte mso 9]><![endif]--><!--[if !mso]>\n\n\n<style>\nst1:*{behavior:url(#ieooui) }\n<\/style>\n\n\n<![endif]--><!--[if gte mso 10]>\n\n\n<style>\n \/* Style Definitions *\/\n table.MsoNormalTable\n\t{mso-style-name:\"Tabla normal\";\n\tmso-style-parent:\"\";\n\t\"Times New Roman\";}\n<\/style>\n\n\n<![endif]--><\/p>","protected":false},"featured_media":3485,"parent":0,"template":"","meta":{"_acf_changed":false,"ngg_post_thumbnail":0,"footnotes":""},"actividad_tipo":[37],"actividad_lugar":[],"actividad_departamento":[],"actividad_ciclo":[],"class_list":["post-3484","fcm_actividad","type-fcm_actividad","status-publish","has-post-thumbnail","hentry","actividad_tipo-otras-actividades"],"acf":[],"_links":{"self":[{"href":"https:\/\/fcmanrique.org\/fr\/wp-json\/wp\/v2\/fcm_actividad\/3484","targetHints":{"allow":["GET"]}}],"collection":[{"href":"https:\/\/fcmanrique.org\/fr\/wp-json\/wp\/v2\/fcm_actividad"}],"about":[{"href":"https:\/\/fcmanrique.org\/fr\/wp-json\/wp\/v2\/types\/fcm_actividad"}],"version-history":[{"count":4,"href":"https:\/\/fcmanrique.org\/fr\/wp-json\/wp\/v2\/fcm_actividad\/3484\/revisions"}],"predecessor-version":[{"id":17287,"href":"https:\/\/fcmanrique.org\/fr\/wp-json\/wp\/v2\/fcm_actividad\/3484\/revisions\/17287"}],"wp:featuredmedia":[{"embeddable":true,"href":"https:\/\/fcmanrique.org\/fr\/wp-json\/wp\/v2\/media\/3485"}],"wp:attachment":[{"href":"https:\/\/fcmanrique.org\/fr\/wp-json\/wp\/v2\/media?parent=3484"}],"wp:term":[{"taxonomy":"actividad_tipo","embeddable":true,"href":"https:\/\/fcmanrique.org\/fr\/wp-json\/wp\/v2\/actividad_tipo?post=3484"},{"taxonomy":"actividad_lugar","embeddable":true,"href":"https:\/\/fcmanrique.org\/fr\/wp-json\/wp\/v2\/actividad_lugar?post=3484"},{"taxonomy":"actividad_departamento","embeddable":true,"href":"https:\/\/fcmanrique.org\/fr\/wp-json\/wp\/v2\/actividad_departamento?post=3484"},{"taxonomy":"actividad_ciclo","embeddable":true,"href":"https:\/\/fcmanrique.org\/fr\/wp-json\/wp\/v2\/actividad_ciclo?post=3484"}],"curies":[{"name":"wp","href":"https:\/\/api.w.org\/{rel}","templated":true}]}}

<em>En Suecia, eran igual de corruptos que nosotros pero lo que cambió fue la ciudadanía, que pasó a ser más exigente</em>
