{"id":4631,"date":"2017-09-08T10:47:46","date_gmt":"2017-09-08T10:47:46","guid":{"rendered":"https:\/\/fcmanrique.org\/?p=4631"},"modified":"2024-04-05T10:08:04","modified_gmt":"2024-04-05T10:08:04","slug":"rosa-montero-escribir-es-darle-al-dolor-un-sentido-que-no-tiene","status":"publish","type":"fcm_actividad","link":"https:\/\/fcmanrique.org\/fr\/fcm-actividad\/rosa-montero-escribir-es-darle-al-dolor-un-sentido-que-no-tiene\/","title":{"rendered":"Rosa Montero: \u201cEscribir es darle al dolor un sentido que no tiene\u201d"},"content":{"rendered":"<p>\u201cEstoy sobrepasada\u201d. Una parte del p\u00fablico que asisti\u00f3 a la conferencia de Rosa Montero, el d\u00eda 7 de septiembre, dentro del ciclo <em>El autor y su obra. Encuentros con creadores<\/em>, tuvo que escucharla de pie. Se desbord\u00f3 el aforo en Taro de Tah\u00edche, la sede de la FCM, \u201cuna Fundaci\u00f3n de prestigio internacional, un modelo de lo que debe ser una Fundaci\u00f3n cultural\u201d, en palabras de la escritora.<\/p>\n<p>Montero no habl\u00f3 de periodismo, sino de su escritura narrativa. \u201cSoy una escritora org\u00e1nica\u201d. Con cinco a\u00f1os ya escribi\u00f3 un cuento sobre ratitas que hablaban. \u201cSiempre me recuerdo escribiendo; es tan necesario como beber\u201d. La escritora nunca ha dejado el periodismo, su oficio, porque considera que hay que vivir de otra cosa que no sea la ficci\u00f3n para garantizar que no se escriben libros mal hechos o innecesarios, pero asegur\u00f3 que \u201cno podr\u00eda vivir sin escribir ficci\u00f3n pero s\u00ed podr\u00eda vivir sin escribir periodismo\u201d.<\/p>\n<p><a href=\"https:\/\/fcmanrique.org\/wp-content\/uploads\/fc-manrique-rosa-montero-01.jpg\"><img loading=\"lazy\" decoding=\"async\" class=\"wp-image-4633 aligncenter\" src=\"https:\/\/fcmanrique.org\/wp-content\/uploads\/fc-manrique-rosa-montero-01.jpg\" alt=\"\" width=\"579\" height=\"357\" srcset=\"https:\/\/fcmanrique.org\/wp-content\/uploads\/fc-manrique-rosa-montero-01.jpg 2126w, https:\/\/fcmanrique.org\/wp-content\/uploads\/fc-manrique-rosa-montero-01-300x185.jpg 300w, https:\/\/fcmanrique.org\/wp-content\/uploads\/fc-manrique-rosa-montero-01-768x474.jpg 768w, https:\/\/fcmanrique.org\/wp-content\/uploads\/fc-manrique-rosa-montero-01-1024x632.jpg 1024w, https:\/\/fcmanrique.org\/wp-content\/uploads\/fc-manrique-rosa-montero-01-825x510.jpg 825w\" sizes=\"auto, (max-width: 579px) 100vw, 579px\" \/><\/a><\/p>\n<p>Pero por el camino hizo otras cosas. Estudi\u00f3 Psicolog\u00eda \u201cporque cre\u00eda que estaba loca\u201d, hizo teatro, fue hippie y pens\u00f3 en irse por el mundo. \u201cSi lo hubiera hecho, hoy podr\u00eda ser camarera en Canberra, eso s\u00ed, una camarera en Canberra que escribir\u00eda\u201d. Record\u00f3 que Vargas Llosa asegura que lo m\u00e1s importante que le ha pasado en la vida es aprender a leer \u201cy eso conlleva aprender a escribir, porque los escritores primero somos lectores. En los \u00faltimos a\u00f1os ha preguntado a unos trescientos escritores qu\u00e9 abandonar\u00edan, si la escritura o la lectura, si tuvieran que elegir. \u201cSalvo dos, todos seguir\u00edan leyendo\u201d, asegur\u00f3, porque \u201cdejar de leer es la muerte instant\u00e1nea\u201d. \u201cCu\u00e1nta fe y cu\u00e1nta esperanza hay en el hecho de leer y escribir\u201d.<\/p>\n<p>Esta \u00faltima afirmaci\u00f3n la demuestra el caso de John Clyn, un monje irland\u00e9s del siglo XIV que escrib\u00eda la historia de sus compa\u00f1eros mientras iban muriendo de la peste bub\u00f3nica y que acab\u00f3 dejando un espacio para que alguien relatara su propia muerte. \u201cGracias a eso conocemos la historia de la peste; estaba al borde del abismo y escrib\u00eda porque escribir es una arma poderosa contra el horror\u201d. O como dec\u00eda Pessoa: \u201cLa existencia del arte es la muestra inequ\u00edvoca de que la vida no basta\u201d.<\/p>\n<p><a href=\"https:\/\/fcmanrique.org\/wp-content\/uploads\/fc-manrique-rosa-montero-05.jpg\"><img loading=\"lazy\" decoding=\"async\" class=\"wp-image-4634 aligncenter\" src=\"https:\/\/fcmanrique.org\/wp-content\/uploads\/fc-manrique-rosa-montero-05.jpg\" alt=\"\" width=\"482\" height=\"306\" srcset=\"https:\/\/fcmanrique.org\/wp-content\/uploads\/fc-manrique-rosa-montero-05.jpg 2126w, https:\/\/fcmanrique.org\/wp-content\/uploads\/fc-manrique-rosa-montero-05-300x190.jpg 300w, https:\/\/fcmanrique.org\/wp-content\/uploads\/fc-manrique-rosa-montero-05-768x487.jpg 768w, https:\/\/fcmanrique.org\/wp-content\/uploads\/fc-manrique-rosa-montero-05-1024x650.jpg 1024w\" sizes=\"auto, (max-width: 482px) 100vw, 482px\" \/><\/a><\/p>\n<p>A partir de este punto de la conferencia, la escritora enumer\u00f3 varias razones por las que los escritores escriben, por qu\u00e9 no se conforman s\u00f3lo con leer y tienen que encerrarse durante a\u00f1os, horas y horas, a inventar mentiras.<\/p>\n<p>La primera de las razones es que los lectores tienen \u201cuna fisura que no encaja con el entorno y nos hace falta un puente\u201d. \u201cPues los que escribimos tenemos una fisura mayor\u201d. La segunda: \u201cSolemos ser personas m\u00e1s disociadas que la media o m\u00e1s conscientes de ello\u201d. Las razones cient\u00edficas dar\u00edan la tercera. Una universidad h\u00fangara hizo un estudio sobre el considerado gen de la creatividad, llamado <em>neuregulin 1. El quince por ciento ten\u00eda dos, del padre y de la madre, y esas personas, adem\u00e1s, <\/em>ten\u00edan mala memoria, m\u00e1s tendencia al desequilibrio ps\u00edquico y una susceptibilidad tremenda a las cr\u00edticas. \u201cEl retrato robot del artista\u201d.<\/p>\n<p>La imaginaci\u00f3n del novelista \u2014una especie de delirio\u2014 marcha sola, no se controla. Aparece sin querer. \u201cLa mayor parte de esas imaginaciones no va a ning\u00fan sitio \u2014seg\u00fan Montero\u2014 pero alguna s\u00ed, y cuando te conmueve tienes que compartirlo, contarlo. Ah\u00ed nace una novela\u201d. \u201cLas novelas son sue\u00f1os que el escritor sue\u00f1a con los ojos abiertos\u201d.<\/p>\n<p>Otra raz\u00f3n para escribir: \u201cEstamos m\u00e1s obsesionados por la muerte y el paso del tiempo que la media\u201d, y \u201csi est\u00e1s lleno de la conciencia de la muerte, tambi\u00e9n lo est\u00e1s de la conciencia de la vida\u201d.<\/p>\n<p>Y otra m\u00e1s. Por su experiencia como lectora de biograf\u00edas, y de biograf\u00edas de narradores, llega a la conclusi\u00f3n de que la mayor parte \u201ctiene una experiencia de decadencia antes de la pubertad, termin\u00f3 su infancia de forma abrupta\u201d. \u201cSi tienes una herida temprana aprendes lo que hace el paso del tiempo&#8230; y escribimos para parar el tiempo\u201d. Lo dicen de otra forma el psic\u00f3logo Philippe Brenot: \u201c<em>Del dolor de perder nace la obra\u201d;<\/em> y el pintor Georges Braque: \u201cEl arte es una herida hecha luz\u201d.<\/p>\n<p>Con las dos citas como base, la escritora de <em>La carne<\/em>, su \u00faltima novela, dijo que \u201cescribir es darle al mal y al dolor un sentido que no tiene\u201d. \u201cTodos somos narradores, aunque sea mentalmente, porque el ser humano es un relato\u201d. De hecho, \u201ccada uno escribe el relato que necesita\u201d utilizando su memoria, \u201cque es un cuento\u201d. Explic\u00f3 que est\u00e1 demostrado que para morir en paz ayuda hacer un relato de la vida, y que, seg\u00fan un estudio de la Organizaci\u00f3n Mundial de la Salud, el divorcio es una causa de la depresi\u00f3n, pero no lo es la viudedad \u201cporque a los divorciados les falta un relato consolador\u201d.<\/p>\n<p>La narraci\u00f3n, por tanto, \u201ces un rasgo primordial del ser humano\u201d. As\u00ed que \u201clo que hace la creatividad es convertir en belleza el sinsentido de la vida\u201d. O dicho de otra forma, para terminar: \u201cCuando la vida es cruel le damos el maravilloso sinsentido de la belleza\u201d.<\/p>\n<p><a href=\"https:\/\/fcmanrique.org\/wp-content\/uploads\/fc-manrique-rosa-montero-06.jpg\"><img loading=\"lazy\" decoding=\"async\" class=\"wp-image-4635 aligncenter\" src=\"https:\/\/fcmanrique.org\/wp-content\/uploads\/fc-manrique-rosa-montero-06.jpg\" alt=\"\" width=\"541\" height=\"324\" srcset=\"https:\/\/fcmanrique.org\/wp-content\/uploads\/fc-manrique-rosa-montero-06.jpg 2126w, https:\/\/fcmanrique.org\/wp-content\/uploads\/fc-manrique-rosa-montero-06-300x179.jpg 300w, https:\/\/fcmanrique.org\/wp-content\/uploads\/fc-manrique-rosa-montero-06-768x459.jpg 768w, https:\/\/fcmanrique.org\/wp-content\/uploads\/fc-manrique-rosa-montero-06-1024x613.jpg 1024w\" sizes=\"auto, (max-width: 541px) 100vw, 541px\" \/><\/a><\/p>\n<p>Nota de prensa en PDF:<\/p>\n<p><a href=\"https:\/\/fcmanrique.org\/wp-content\/uploads\/fc-manrique-rosa-montero.pdf\">fc-manrique-rosa-montero<\/a><\/p>\n<p><a href=\"https:\/\/fcmanrique.org\/wp-content\/uploads\/fcmanrique-inv-rosa-montero.jpg\"><img loading=\"lazy\" decoding=\"async\" class=\"wp-image-4626 aligncenter\" src=\"https:\/\/fcmanrique.org\/wp-content\/uploads\/fcmanrique-inv-rosa-montero.jpg\" alt=\"\" width=\"571\" height=\"380\" srcset=\"https:\/\/fcmanrique.org\/wp-content\/uploads\/fcmanrique-inv-rosa-montero.jpg 852w, https:\/\/fcmanrique.org\/wp-content\/uploads\/fcmanrique-inv-rosa-montero-300x200.jpg 300w, https:\/\/fcmanrique.org\/wp-content\/uploads\/fcmanrique-inv-rosa-montero-768x511.jpg 768w\" sizes=\"auto, (max-width: 571px) 100vw, 571px\" \/><\/a><\/p>","protected":false},"featured_media":4632,"parent":0,"template":"","meta":{"_acf_changed":false,"ngg_post_thumbnail":0,"footnotes":""},"actividad_tipo":[34],"actividad_lugar":[],"actividad_departamento":[],"actividad_ciclo":[],"class_list":["post-4631","fcm_actividad","type-fcm_actividad","status-publish","has-post-thumbnail","hentry","actividad_tipo-conferencias"],"acf":[],"_links":{"self":[{"href":"https:\/\/fcmanrique.org\/fr\/wp-json\/wp\/v2\/fcm_actividad\/4631","targetHints":{"allow":["GET"]}}],"collection":[{"href":"https:\/\/fcmanrique.org\/fr\/wp-json\/wp\/v2\/fcm_actividad"}],"about":[{"href":"https:\/\/fcmanrique.org\/fr\/wp-json\/wp\/v2\/types\/fcm_actividad"}],"version-history":[{"count":3,"href":"https:\/\/fcmanrique.org\/fr\/wp-json\/wp\/v2\/fcm_actividad\/4631\/revisions"}],"predecessor-version":[{"id":25165,"href":"https:\/\/fcmanrique.org\/fr\/wp-json\/wp\/v2\/fcm_actividad\/4631\/revisions\/25165"}],"wp:featuredmedia":[{"embeddable":true,"href":"https:\/\/fcmanrique.org\/fr\/wp-json\/wp\/v2\/media\/4632"}],"wp:attachment":[{"href":"https:\/\/fcmanrique.org\/fr\/wp-json\/wp\/v2\/media?parent=4631"}],"wp:term":[{"taxonomy":"actividad_tipo","embeddable":true,"href":"https:\/\/fcmanrique.org\/fr\/wp-json\/wp\/v2\/actividad_tipo?post=4631"},{"taxonomy":"actividad_lugar","embeddable":true,"href":"https:\/\/fcmanrique.org\/fr\/wp-json\/wp\/v2\/actividad_lugar?post=4631"},{"taxonomy":"actividad_departamento","embeddable":true,"href":"https:\/\/fcmanrique.org\/fr\/wp-json\/wp\/v2\/actividad_departamento?post=4631"},{"taxonomy":"actividad_ciclo","embeddable":true,"href":"https:\/\/fcmanrique.org\/fr\/wp-json\/wp\/v2\/actividad_ciclo?post=4631"}],"curies":[{"name":"wp","href":"https:\/\/api.w.org\/{rel}","templated":true}]}}

<p>“Estoy sobrepasada”. Una parte del público que asistió a la conferencia de Rosa Montero, el día 7 de septiembre, dentro del ciclo <em>El autor y su obra. Encuentros con creadores</em>, tuvo que escucharla de pie. Se desbordó el aforo en Taro de Tahíche, la sede de la FCM, “una Fundación de prestigio internacional, un modelo de lo que debe ser una Fundación cultural”, en palabras de la escritora.</p>
<p>Montero no habló de periodismo, sino de su escritura narrativa. “Soy una escritora orgánica”. Con cinco años ya escribió un cuento sobre ratitas que hablaban. “Siempre me recuerdo escribiendo; es tan necesario como beber”. La escritora nunca ha dejado el periodismo, su oficio, porque considera que hay que vivir de otra cosa que no sea la ficción para garantizar que no se escriben libros mal hechos o innecesarios, pero aseguró que “no podría vivir sin escribir ficción pero sí podría vivir sin escribir periodismo”.</p>
<p><a href="https://fcmanrique.org/wp-content/uploads/fc-manrique-rosa-montero-01.jpg"><img loading="lazy" decoding="async" class="wp-image-4633 aligncenter" src="https://fcmanrique.org/wp-content/uploads/fc-manrique-rosa-montero-01.jpg" alt="" width="579" height="357" srcset="https://fcmanrique.org/wp-content/uploads/fc-manrique-rosa-montero-01.jpg 2126w, https://fcmanrique.org/wp-content/uploads/fc-manrique-rosa-montero-01-300x185.jpg 300w, https://fcmanrique.org/wp-content/uploads/fc-manrique-rosa-montero-01-768x474.jpg 768w, https://fcmanrique.org/wp-content/uploads/fc-manrique-rosa-montero-01-1024x632.jpg 1024w, https://fcmanrique.org/wp-content/uploads/fc-manrique-rosa-montero-01-825x510.jpg 825w" sizes="auto, (max-width: 579px) 100vw, 579px" /></a></p>
<p>Pero por el camino hizo otras cosas. Estudió Psicología “porque creía que estaba loca”, hizo teatro, fue hippie y pensó en irse por el mundo. “Si lo hubiera hecho, hoy podría ser camarera en Canberra, eso sí, una camarera en Canberra que escribiría”. Recordó que Vargas Llosa asegura que lo más importante que le ha pasado en la vida es aprender a leer “y eso conlleva aprender a escribir, porque los escritores primero somos lectores. En los últimos años ha preguntado a unos trescientos escritores qué abandonarían, si la escritura o la lectura, si tuvieran que elegir. “Salvo dos, todos seguirían leyendo”, aseguró, porque “dejar de leer es la muerte instantánea”. “Cuánta fe y cuánta esperanza hay en el hecho de leer y escribir”.</p>
<p>Esta última afirmación la demuestra el caso de John Clyn, un monje irlandés del siglo XIV que escribía la historia de sus compañeros mientras iban muriendo de la peste bubónica y que acabó dejando un espacio para que alguien relatara su propia muerte. “Gracias a eso conocemos la historia de la peste; estaba al borde del abismo y escribía porque escribir es una arma poderosa contra el horror”. O como decía Pessoa: “La existencia del arte es la muestra inequívoca de que la vida no basta”.</p>
<p><a href="https://fcmanrique.org/wp-content/uploads/fc-manrique-rosa-montero-05.jpg"><img loading="lazy" decoding="async" class="wp-image-4634 aligncenter" src="https://fcmanrique.org/wp-content/uploads/fc-manrique-rosa-montero-05.jpg" alt="" width="482" height="306" srcset="https://fcmanrique.org/wp-content/uploads/fc-manrique-rosa-montero-05.jpg 2126w, https://fcmanrique.org/wp-content/uploads/fc-manrique-rosa-montero-05-300x190.jpg 300w, https://fcmanrique.org/wp-content/uploads/fc-manrique-rosa-montero-05-768x487.jpg 768w, https://fcmanrique.org/wp-content/uploads/fc-manrique-rosa-montero-05-1024x650.jpg 1024w" sizes="auto, (max-width: 482px) 100vw, 482px" /></a></p>
<p>A partir de este punto de la conferencia, la escritora enumeró varias razones por las que los escritores escriben, por qué no se conforman sólo con leer y tienen que encerrarse durante años, horas y horas, a inventar mentiras.</p>
<p>La primera de las razones es que los lectores tienen “una fisura que no encaja con el entorno y nos hace falta un puente”. “Pues los que escribimos tenemos una fisura mayor”. La segunda: “Solemos ser personas más disociadas que la media o más conscientes de ello”. Las razones científicas darían la tercera. Una universidad húngara hizo un estudio sobre el considerado gen de la creatividad, llamado <em>neuregulin 1. El quince por ciento tenía dos, del padre y de la madre, y esas personas, además, </em>tenían mala memoria, más tendencia al desequilibrio psíquico y una susceptibilidad tremenda a las críticas. “El retrato robot del artista”.</p>
<p>La imaginación del novelista —una especie de delirio— marcha sola, no se controla. Aparece sin querer. “La mayor parte de esas imaginaciones no va a ningún sitio —según Montero— pero alguna sí, y cuando te conmueve tienes que compartirlo, contarlo. Ahí nace una novela”. “Las novelas son sueños que el escritor sueña con los ojos abiertos”.</p>
<p>Otra razón para escribir: “Estamos más obsesionados por la muerte y el paso del tiempo que la media”, y “si estás lleno de la conciencia de la muerte, también lo estás de la conciencia de la vida”.</p>
<p>Y otra más. Por su experiencia como lectora de biografías, y de biografías de narradores, llega a la conclusión de que la mayor parte “tiene una experiencia de decadencia antes de la pubertad, terminó su infancia de forma abrupta”. “Si tienes una herida temprana aprendes lo que hace el paso del tiempo&#8230; y escribimos para parar el tiempo”. Lo dicen de otra forma el psicólogo Philippe Brenot: “<em>Del dolor de perder nace la obra”;</em> y el pintor Georges Braque: “El arte es una herida hecha luz”.</p>
<p>Con las dos citas como base, la escritora de <em>La carne</em>, su última novela, dijo que “escribir es darle al mal y al dolor un sentido que no tiene”. “Todos somos narradores, aunque sea mentalmente, porque el ser humano es un relato”. De hecho, “cada uno escribe el relato que necesita” utilizando su memoria, “que es un cuento”. Explicó que está demostrado que para morir en paz ayuda hacer un relato de la vida, y que, según un estudio de la Organización Mundial de la Salud, el divorcio es una causa de la depresión, pero no lo es la viudedad “porque a los divorciados les falta un relato consolador”.</p>
<p>La narración, por tanto, “es un rasgo primordial del ser humano”. Así que “lo que hace la creatividad es convertir en belleza el sinsentido de la vida”. O dicho de otra forma, para terminar: “Cuando la vida es cruel le damos el maravilloso sinsentido de la belleza”.</p>
<p><a href="https://fcmanrique.org/wp-content/uploads/fc-manrique-rosa-montero-06.jpg"><img loading="lazy" decoding="async" class="wp-image-4635 aligncenter" src="https://fcmanrique.org/wp-content/uploads/fc-manrique-rosa-montero-06.jpg" alt="" width="541" height="324" srcset="https://fcmanrique.org/wp-content/uploads/fc-manrique-rosa-montero-06.jpg 2126w, https://fcmanrique.org/wp-content/uploads/fc-manrique-rosa-montero-06-300x179.jpg 300w, https://fcmanrique.org/wp-content/uploads/fc-manrique-rosa-montero-06-768x459.jpg 768w, https://fcmanrique.org/wp-content/uploads/fc-manrique-rosa-montero-06-1024x613.jpg 1024w" sizes="auto, (max-width: 541px) 100vw, 541px" /></a></p>
<p>Nota de prensa en PDF:</p>
<p><a href="https://fcmanrique.org/wp-content/uploads/fc-manrique-rosa-montero.pdf">fc-manrique-rosa-montero</a></p>
<p><a href="https://fcmanrique.org/wp-content/uploads/fcmanrique-inv-rosa-montero.jpg"><img loading="lazy" decoding="async" class="wp-image-4626 aligncenter" src="https://fcmanrique.org/wp-content/uploads/fcmanrique-inv-rosa-montero.jpg" alt="" width="571" height="380" srcset="https://fcmanrique.org/wp-content/uploads/fcmanrique-inv-rosa-montero.jpg 852w, https://fcmanrique.org/wp-content/uploads/fcmanrique-inv-rosa-montero-300x200.jpg 300w, https://fcmanrique.org/wp-content/uploads/fcmanrique-inv-rosa-montero-768x511.jpg 768w" sizes="auto, (max-width: 571px) 100vw, 571px" /></a></p>
