{"id":18227,"date":"2019-04-11T13:55:38","date_gmt":"2019-04-11T13:55:38","guid":{"rendered":"https:\/\/fcmanrique.org\/?post_type=fcm_c_acti_celebrada&#038;p=18227"},"modified":"2019-04-25T13:12:53","modified_gmt":"2019-04-25T13:12:53","slug":"la-fcm-insiste-en-la-no-politizacion-de-la-figura-de-manrique","status":"publish","type":"fcm_c_acti_celebrada","link":"https:\/\/fcmanrique.org\/fr\/fcm-c-acti-celebrada\/la-fcm-insiste-en-la-no-politizacion-de-la-figura-de-manrique\/","title":{"rendered":"La FCM insiste en la no politizaci\u00f3n de la figura de Manrique"},"content":{"rendered":"<p class=\"qtranxs-available-languages-message qtranxs-available-languages-message-fr\">D\u00e9sol\u00e9, cet article est seulement disponible en <a href=\"https:\/\/fcmanrique.org\/es\/wp-json\/wp\/v2\/fcm_c_acti_celebrada\/18227\" class=\"qtranxs-available-language-link qtranxs-available-language-link-es\" title=\"ES\">ES<\/a>.<\/p><p>La FCM insiste en reclamar que no se politice la figura de C\u00e9sar Manrique y se busque el consenso en los actos conmemorativos.&nbsp;<\/p>\n<p>La Fundaci\u00f3n C\u00e9sar Manrique agradece las muestras de respeto y cari\u00f1o que desde las instituciones p\u00fablicas, los partidos y organizaciones privadas se est\u00e1n dedicando a C\u00e9sar Manrique y se dedicar\u00e1n con motivo de la conmemoraci\u00f3n de su centenario.<\/p>\n<p>Ante la inminencia de los procesos electorales que est\u00e1n convocados, en particular los comicios locales y auton\u00f3micos, la Fundaci\u00f3n pide una vez m\u00e1s a los partidos pol\u00edticos y las instituciones que procuren dejar al margen y no se instrumentalice la figura del artista. Asimismo, reclama que las iniciativas institucionales que inevitablemente se aborden en estas circunstancias cuenten con el mayor consenso posible de las fuerzas pol\u00edticas representadas.<\/p>","protected":false},"excerpt":{"rendered":"<p>D\u00e9sol\u00e9, cet article est seulement disponible en ES.La FCM insiste en reclamar que no se politice la figura de C\u00e9sar Manrique y se busque el consenso en los actos conmemorativos.&nbsp; La Fundaci\u00f3n C\u00e9sar Manrique agradece las muestras de respeto y cari\u00f1o que desde las instituciones p\u00fablicas, los partidos y organizaciones privadas se est\u00e1n dedicando a&#8230; <a href=\"https:\/\/fcmanrique.org\/fr\/fcm-c-acti-celebrada\/la-fcm-insiste-en-la-no-politizacion-de-la-figura-de-manrique\/\" class=\"readmore\">Contin\u00faa leyendo \u2192<\/a><\/p>\n","protected":false},"featured_media":18228,"parent":0,"template":"","meta":{"_acf_changed":false,"ngg_post_thumbnail":0,"footnotes":""},"class_list":["post-18227","fcm_c_acti_celebrada","type-fcm_c_acti_celebrada","status-publish","has-post-thumbnail","hentry","c_acti_celebrada_categoria-posicionamiento-fcm"],"acf":[],"_links":{"self":[{"href":"https:\/\/fcmanrique.org\/fr\/wp-json\/wp\/v2\/fcm_c_acti_celebrada\/18227","targetHints":{"allow":["GET"]}}],"collection":[{"href":"https:\/\/fcmanrique.org\/fr\/wp-json\/wp\/v2\/fcm_c_acti_celebrada"}],"about":[{"href":"https:\/\/fcmanrique.org\/fr\/wp-json\/wp\/v2\/types\/fcm_c_acti_celebrada"}],"version-history":[{"count":4,"href":"https:\/\/fcmanrique.org\/fr\/wp-json\/wp\/v2\/fcm_c_acti_celebrada\/18227\/revisions"}],"predecessor-version":[{"id":18693,"href":"https:\/\/fcmanrique.org\/fr\/wp-json\/wp\/v2\/fcm_c_acti_celebrada\/18227\/revisions\/18693"}],"wp:featuredmedia":[{"embeddable":true,"href":"https:\/\/fcmanrique.org\/fr\/wp-json\/wp\/v2\/media\/18228"}],"wp:attachment":[{"href":"https:\/\/fcmanrique.org\/fr\/wp-json\/wp\/v2\/media?parent=18227"}],"curies":[{"name":"wp","href":"https:\/\/api.w.org\/{rel}","templated":true}]}}

La FCM insiste en la no politización de la figura de Manrique

<p class="qtranxs-available-languages-message qtranxs-available-languages-message-fr">Désolé, cet article est seulement disponible en <a href="https://fcmanrique.org/es/wp-json/wp/v2/fcm_c_acti_celebrada/18227" class="qtranxs-available-language-link qtranxs-available-language-link-es" title="ES">ES</a>.</p><p>La FCM insiste en reclamar que no se politice la figura de César Manrique y se busque el consenso en los actos conmemorativos.&nbsp;</p>
<p>La Fundación César Manrique agradece las muestras de respeto y cariño que desde las instituciones públicas, los partidos y organizaciones privadas se están dedicando a César Manrique y se dedicarán con motivo de la conmemoración de su centenario.</p>
<p>Ante la inminencia de los procesos electorales que están convocados, en particular los comicios locales y autonómicos, la Fundación pide una vez más a los partidos políticos y las instituciones que procuren dejar al margen y no se instrumentalice la figura del artista. Asimismo, reclama que las iniciativas institucionales que inevitablemente se aborden en estas circunstancias cuenten con el mayor consenso posible de las fuerzas políticas representadas.</p>

<p>Désolé, cet article est seulement disponible en ES.La FCM insiste en reclamar que no se politice la figura de César Manrique y se busque el consenso en los actos conmemorativos.&nbsp; La Fundación César Manrique agradece las muestras de respeto y cariño que desde las instituciones públicas, los partidos y organizaciones privadas se están dedicando a&#8230; <a href="https://fcmanrique.org/fr/fcm-c-acti-celebrada/la-fcm-insiste-en-la-no-politizacion-de-la-figura-de-manrique/" class="readmore">Continúa leyendo →</a></p>
