{"id":20063,"date":"2019-07-10T08:05:36","date_gmt":"2019-07-10T08:05:36","guid":{"rendered":"https:\/\/fcmanrique.org\/?post_type=fcm_c_acti_celebrada&#038;p=20063"},"modified":"2019-10-17T15:14:39","modified_gmt":"2019-10-17T15:14:39","slug":"fernando-vallespin","status":"publish","type":"fcm_c_acti_celebrada","link":"https:\/\/fcmanrique.org\/fr\/fcm-c-acti-celebrada\/fernando-vallespin\/","title":{"rendered":"Fernando Vallesp\u00edn: \u201cLa reorganizaci\u00f3n de la esfera p\u00fablica es la mayor amenaza de la democracia liberal\u201d"},"content":{"rendered":"<p class=\"qtranxs-available-languages-message qtranxs-available-languages-message-fr\">D\u00e9sol\u00e9, cet article est seulement disponible en <a href=\"https:\/\/fcmanrique.org\/es\/wp-json\/wp\/v2\/fcm_c_acti_celebrada\/20063\" class=\"qtranxs-available-language-link qtranxs-available-language-link-es\" title=\"ES\">ES<\/a>.<\/p><p>El polit\u00f3logo Fernando Vallesp\u00edn convers\u00f3 con los periodistas Luisa del Rosario y Francisco Pomares sobre populismos y democracia en el segundo encuentro del ciclo <em>Democracia y periodismo en su laberinto<\/em>. \u201c\u00bfDe qu\u00e9 hablamos cuando hablamos de populismos?\u201d, fue la primera pregunta de Luisa del Rosario. <!--more-->\u201cTodo el mundo \u2013 contest\u00f3 Vallesp\u00edn- pretende saber lo que son los populismos, pero es un fen\u00f3meno muy complejo\u201d.No es una ideolog\u00eda sino una forma de hacer pol\u00edtica que se caracteriza por dividir el espacio pol\u00edtico en dos: nosotros (el pueblo) y ellos (que puede ser una \u00e9lite u otros sectores populares). Si el populismo es de izquierdas, la casta, y si es de derechas, los inmigrantes. En el caso de Europa, el enemigo es el europe\u00edsmo, porque consideran que \u201cimpide tener una econom\u00eda que proteja al pueblo\u201d.<\/p>\n<p><a href=\"https:\/\/fcmanrique.org\/wp-content\/uploads\/fc-manrique-conversacion-fernando-vallespin1.jpg\"><img loading=\"lazy\" decoding=\"async\" class=\"alignnone size-full wp-image-20064\" src=\"https:\/\/fcmanrique.org\/wp-content\/uploads\/fc-manrique-conversacion-fernando-vallespin1.jpg\" alt=\"\" width=\"920\" height=\"615\" srcset=\"https:\/\/fcmanrique.org\/wp-content\/uploads\/fc-manrique-conversacion-fernando-vallespin1.jpg 920w, https:\/\/fcmanrique.org\/wp-content\/uploads\/fc-manrique-conversacion-fernando-vallespin1-300x201.jpg 300w, https:\/\/fcmanrique.org\/wp-content\/uploads\/fc-manrique-conversacion-fernando-vallespin1-768x513.jpg 768w, https:\/\/fcmanrique.org\/wp-content\/uploads\/fc-manrique-conversacion-fernando-vallespin1-289x193.jpg 289w\" sizes=\"auto, (max-width: 920px) 100vw, 920px\" \/><\/a><\/p>\n<p>Tambi\u00e9n tiene un componente social muy importante. Sus votantes son los perdedores de la globalizaci\u00f3n. En Estados Unidos son los que viven en zonas rurales o los que han perdido el empleo en el sector industrial. El populismo siempre unifica al pueblo a trav\u00e9s de la representaci\u00f3n de un l\u00edder, del v\u00ednculo con un liderazgo. Seg\u00fan Vallesp\u00edn, es un invento latinoamericano que nace en 1946 con Per\u00f3n y que permiti\u00f3 el acceso de las masas a la pol\u00edtica. Fue democratizador y democratizante, pero pierde sentido cuando accede a las instituciones.<\/p>\n<p>Su adversario es el liberalismo, que cree en los valores de tolerancia y respeto a las minor\u00edas. El populismo, para Vallesp\u00edn, es fundamentalmente discurso. No presenta pol\u00edticas, sino que es identitarista, tiene un discurso simplificador que apela a las emociones m\u00e1s que a la raz\u00f3n y convierte el resentimiento social en una herramienta pol\u00edtica. Lo hicieron, de forma diferente, Trump y Podemos, que \u201cdej\u00f3 de ser populista cuando entr\u00f3 en las instituciones porque las dem\u00e1s fuerzas tambi\u00e9n representan a los ciudadanos\u201d. El populismo aspira a la totalidad y a otra forma de representaci\u00f3n y, como debe tener un liderazgo importante, le favorecen los sistemas presidencialistas.<\/p>\n<p><a href=\"https:\/\/fcmanrique.org\/wp-content\/uploads\/fc-manrique-conversacion-fernando-vallespin2.jpg\"><img loading=\"lazy\" decoding=\"async\" class=\"alignnone size-full wp-image-20065\" src=\"https:\/\/fcmanrique.org\/wp-content\/uploads\/fc-manrique-conversacion-fernando-vallespin2.jpg\" alt=\"\" width=\"920\" height=\"573\" srcset=\"https:\/\/fcmanrique.org\/wp-content\/uploads\/fc-manrique-conversacion-fernando-vallespin2.jpg 920w, https:\/\/fcmanrique.org\/wp-content\/uploads\/fc-manrique-conversacion-fernando-vallespin2-300x187.jpg 300w, https:\/\/fcmanrique.org\/wp-content\/uploads\/fc-manrique-conversacion-fernando-vallespin2-768x478.jpg 768w, https:\/\/fcmanrique.org\/wp-content\/uploads\/fc-manrique-conversacion-fernando-vallespin2-289x180.jpg 289w\" sizes=\"auto, (max-width: 920px) 100vw, 920px\" \/><\/a> <em>Fernando Vallesp\u00edn<\/em><\/p>\n<p>Francisco Pomares pregunt\u00f3 por el papel del nacionalismo y Vallesp\u00edn dijo que la emoci\u00f3n nacional es la forma mas eficaz, que \u201cnada une tanto como la naci\u00f3n\u201d y cit\u00f3 al independentismo catal\u00e1n. Diferenci\u00f3 entre el populismo y lo populachero, que son esquemas que utilizan hoy todos los partidos porque la esfera p\u00fablica ha cambiado y favorece al populismo. Por ejemplo, en otra \u00e9poca, sin redes sociales hubiera sido imposible la victoria de Trump porque \u201chab\u00eda mecanismos que exclu\u00edan a estos personajes, como el propio partido o los grandes medios de comunicaci\u00f3n\u201d. Ahora no se necesitan intermediarios.<\/p>\n<p><a href=\"https:\/\/fcmanrique.org\/wp-content\/uploads\/fc-manrique-conversacion-fernando-vallespin3.jpg\"><img loading=\"lazy\" decoding=\"async\" class=\"alignnone size-full wp-image-20066\" src=\"https:\/\/fcmanrique.org\/wp-content\/uploads\/fc-manrique-conversacion-fernando-vallespin3.jpg\" alt=\"\" width=\"920\" height=\"594\" srcset=\"https:\/\/fcmanrique.org\/wp-content\/uploads\/fc-manrique-conversacion-fernando-vallespin3.jpg 920w, https:\/\/fcmanrique.org\/wp-content\/uploads\/fc-manrique-conversacion-fernando-vallespin3-300x194.jpg 300w, https:\/\/fcmanrique.org\/wp-content\/uploads\/fc-manrique-conversacion-fernando-vallespin3-768x496.jpg 768w, https:\/\/fcmanrique.org\/wp-content\/uploads\/fc-manrique-conversacion-fernando-vallespin3-289x187.jpg 289w\" sizes=\"auto, (max-width: 920px) 100vw, 920px\" \/><\/a> <em>Luisa del Rosario<\/em><\/p>\n<p>Para Vallesp\u00edn, \u201cla reorganizaci\u00f3n de la esfera p\u00fablica es la mayor amenaza de la democracia liberal\u201d ya que la democracia funciona porque hay control del poder. \u201cSi no, no hay democracia\u201d. En este sentido, los medios eran una forma de control eficaz mientras que ahora, en la \u00e9poca de la posverdad, \u201cno importan los hechos sino si yo siento algo como verdadero\u201d. La lucha pol\u00edtica, por tanto, se ha convertido en estrategias de comunicaci\u00f3n.<\/p>\n<p>Pomares expuso que no hay consensos b\u00e1sicos y Vallesp\u00edn dijo que hoy los expertos, aunque tambi\u00e9n exista la experiencia del uso partidista del experto, \u201cno tienen nada que decir\u201d. \u201cTodos estamos afectados por una p\u00e9rdida de autoridad\u201d, que se convierte en paradoja porque necesitamos m\u00e1s que nunca a los expertos, pero \u201ccada vez tienen m\u00e1s voz los charlatanes\u201d.<\/p>\n<p><a href=\"https:\/\/fcmanrique.org\/wp-content\/uploads\/fc-manrique-conversacion-fernando-vallespin4.jpg\"><img loading=\"lazy\" decoding=\"async\" class=\"alignnone size-full wp-image-20067\" src=\"https:\/\/fcmanrique.org\/wp-content\/uploads\/fc-manrique-conversacion-fernando-vallespin4.jpg\" alt=\"\" width=\"920\" height=\"610\" srcset=\"https:\/\/fcmanrique.org\/wp-content\/uploads\/fc-manrique-conversacion-fernando-vallespin4.jpg 920w, https:\/\/fcmanrique.org\/wp-content\/uploads\/fc-manrique-conversacion-fernando-vallespin4-300x199.jpg 300w, https:\/\/fcmanrique.org\/wp-content\/uploads\/fc-manrique-conversacion-fernando-vallespin4-768x509.jpg 768w, https:\/\/fcmanrique.org\/wp-content\/uploads\/fc-manrique-conversacion-fernando-vallespin4-289x192.jpg 289w\" sizes=\"auto, (max-width: 920px) 100vw, 920px\" \/><\/a> <em>Francisco Pomares<\/em><\/p>\n<p>Hay otro aspecto relevante, y es que \u201cvivimos en un sistema de econom\u00eda de la atenci\u00f3n y, como no podemos atender a todo porque la oferta es muy grande, se apela a lo emocional\u201d. Y otro cambio cualitativo: que antes solo se conoc\u00edan nuestras preferencias cuando las hac\u00edamos p\u00fablicas y ahora se conocen con nuestra huella digital. Si vale para comprar en Amazon o en Zara, sirve para la pol\u00edtica \u201cy recibimos la informaci\u00f3n que va con nuestro perfil\u201d. \u201cEsto es muy grave porque se va a saber lo que la gente piensa y c\u00f3mo va a ir a votar y se puede manipular pol\u00edticamente\u201d. Este es un gran desaf\u00edo para la democracia y \u201cen China ya lo est\u00e1n haciendo\u201d. \u201cMe preocupa porque no controlamos al controlador, que son las grandes compa\u00f1\u00edas de Internet, y no sabemos lo que est\u00e1n haciendo\u201d, se\u00f1al\u00f3 el polit\u00f3logo. Adem\u00e1s, como no hay tiempo de pararse a pensar y no hay distancia, \u201clas condiciones son id\u00f3neas para que aparezcan los populismos\u201d.<\/p>\n<p><a href=\"https:\/\/fcmanrique.org\/wp-content\/uploads\/fc-manrique-conversacion-fernando-vallespin5.jpg\"><img loading=\"lazy\" decoding=\"async\" class=\"alignnone size-full wp-image-20068\" src=\"https:\/\/fcmanrique.org\/wp-content\/uploads\/fc-manrique-conversacion-fernando-vallespin5.jpg\" alt=\"\" width=\"920\" height=\"604\" srcset=\"https:\/\/fcmanrique.org\/wp-content\/uploads\/fc-manrique-conversacion-fernando-vallespin5.jpg 920w, https:\/\/fcmanrique.org\/wp-content\/uploads\/fc-manrique-conversacion-fernando-vallespin5-300x197.jpg 300w, https:\/\/fcmanrique.org\/wp-content\/uploads\/fc-manrique-conversacion-fernando-vallespin5-768x504.jpg 768w, https:\/\/fcmanrique.org\/wp-content\/uploads\/fc-manrique-conversacion-fernando-vallespin5-289x190.jpg 289w\" sizes=\"auto, (max-width: 920px) 100vw, 920px\" \/><\/a><\/p>\n<p>Finaliz\u00f3 comparando la actualidad con los a\u00f1os 30, dos \u00e9pocas de agotamiento civilizatorio con paralelismos. En ambas se sublima la violencia, antes en la calle y ahora en el ciberespacio y en ambas surgi\u00f3 una nueva forma de comunicaci\u00f3n: entonces la radio y hoy las redes. Vallesp\u00edn cree que ahora no consiste en conquistar derechos sino en no perder los que se tienen, por lo que domina el resentimiento, pero no cree que haya guerra porque la sociedad es m\u00e1s vieja y menos pobre que hace noventa a\u00f1os. Tambi\u00e9n quiso se\u00f1alar que el populismo no es un movimiento fascista, sino democr\u00e1tico y dijo que hay dos fracturas pol\u00edticas fundamentales: una generacional y otra entre el campo y la ciudad, y que debe haber dos grandes revoluciones: una para afrontar el cambio clim\u00e1tico y otra para la organizaci\u00f3n del mundo laboral. El del futuro ser\u00e1, por tanto, un mundo diferente, \u201cpero la pregunta es si seguir\u00e1 siendo un mundo democr\u00e1tico\u201d.<\/p>\n<p><a href=\"https:\/\/fcmanrique.org\/wp-content\/uploads\/fc-manrique-conversacion-fernando-vallespin.pdf\">M\u00e1s informaci\u00f3n sobre la conversaci\u00f3n con Fernando Vallesp\u00edn<\/a><\/p>\n<p><a href=\"https:\/\/fcmanrique.org\/fcm-video\/conversacion-fernando-vallespin-9-julio\/?lang=es\">Acceder al v\u00eddeo de la conversaci\u00f3n<\/a><\/p>\n<p><a href=\"https:\/\/fcmanrique.org\/wp-content\/uploads\/fc-manrique-invitacion-fernando-vallespin.jpg\"><img loading=\"lazy\" decoding=\"async\" class=\"alignnone size-full wp-image-20005\" src=\"https:\/\/fcmanrique.org\/wp-content\/uploads\/fc-manrique-invitacion-fernando-vallespin.jpg\" alt=\"\" width=\"1200\" height=\"1200\" srcset=\"https:\/\/fcmanrique.org\/wp-content\/uploads\/fc-manrique-invitacion-fernando-vallespin.jpg 1200w, https:\/\/fcmanrique.org\/wp-content\/uploads\/fc-manrique-invitacion-fernando-vallespin-150x150.jpg 150w, https:\/\/fcmanrique.org\/wp-content\/uploads\/fc-manrique-invitacion-fernando-vallespin-300x300.jpg 300w, https:\/\/fcmanrique.org\/wp-content\/uploads\/fc-manrique-invitacion-fernando-vallespin-768x768.jpg 768w, https:\/\/fcmanrique.org\/wp-content\/uploads\/fc-manrique-invitacion-fernando-vallespin-1024x1024.jpg 1024w, https:\/\/fcmanrique.org\/wp-content\/uploads\/fc-manrique-invitacion-fernando-vallespin-246x246.jpg 246w\" sizes=\"auto, (max-width: 1200px) 100vw, 1200px\" \/><\/a><\/p>","protected":false},"excerpt":{"rendered":"<p>D\u00e9sol\u00e9, cet article est seulement disponible en ES.El polit\u00f3logo Fernando Vallesp\u00edn convers\u00f3 con los periodistas Luisa del Rosario y Francisco Pomares sobre populismos y democracia en el segundo encuentro del ciclo Democracia y periodismo en su laberinto. \u201c\u00bfDe qu\u00e9 hablamos cuando hablamos de populismos?\u201d, fue la primera pregunta de Luisa del Rosario.<\/p>\n","protected":false},"featured_media":20069,"parent":0,"template":"","meta":{"_acf_changed":false,"ngg_post_thumbnail":0,"footnotes":""},"class_list":["post-20063","fcm_c_acti_celebrada","type-fcm_c_acti_celebrada","status-publish","has-post-thumbnail","hentry","c_acti_celebrada_categoria-dialogo"],"acf":[],"_links":{"self":[{"href":"https:\/\/fcmanrique.org\/fr\/wp-json\/wp\/v2\/fcm_c_acti_celebrada\/20063","targetHints":{"allow":["GET"]}}],"collection":[{"href":"https:\/\/fcmanrique.org\/fr\/wp-json\/wp\/v2\/fcm_c_acti_celebrada"}],"about":[{"href":"https:\/\/fcmanrique.org\/fr\/wp-json\/wp\/v2\/types\/fcm_c_acti_celebrada"}],"version-history":[{"count":5,"href":"https:\/\/fcmanrique.org\/fr\/wp-json\/wp\/v2\/fcm_c_acti_celebrada\/20063\/revisions"}],"predecessor-version":[{"id":20679,"href":"https:\/\/fcmanrique.org\/fr\/wp-json\/wp\/v2\/fcm_c_acti_celebrada\/20063\/revisions\/20679"}],"wp:featuredmedia":[{"embeddable":true,"href":"https:\/\/fcmanrique.org\/fr\/wp-json\/wp\/v2\/media\/20069"}],"wp:attachment":[{"href":"https:\/\/fcmanrique.org\/fr\/wp-json\/wp\/v2\/media?parent=20063"}],"curies":[{"name":"wp","href":"https:\/\/api.w.org\/{rel}","templated":true}]}}

Fernando Vallespín: “La reorganización de la esfera pública es la mayor amenaza de la democracia liberal”

<p class="qtranxs-available-languages-message qtranxs-available-languages-message-fr">Désolé, cet article est seulement disponible en <a href="https://fcmanrique.org/es/wp-json/wp/v2/fcm_c_acti_celebrada/20063" class="qtranxs-available-language-link qtranxs-available-language-link-es" title="ES">ES</a>.</p><p>El politólogo Fernando Vallespín conversó con los periodistas Luisa del Rosario y Francisco Pomares sobre populismos y democracia en el segundo encuentro del ciclo <em>Democracia y periodismo en su laberinto</em>. “¿De qué hablamos cuando hablamos de populismos?”, fue la primera pregunta de Luisa del Rosario. <!--more-->“Todo el mundo – contestó Vallespín- pretende saber lo que son los populismos, pero es un fenómeno muy complejo”.No es una ideología sino una forma de hacer política que se caracteriza por dividir el espacio político en dos: nosotros (el pueblo) y ellos (que puede ser una élite u otros sectores populares). Si el populismo es de izquierdas, la casta, y si es de derechas, los inmigrantes. En el caso de Europa, el enemigo es el europeísmo, porque consideran que “impide tener una economía que proteja al pueblo”.</p>
<p><a href="https://fcmanrique.org/wp-content/uploads/fc-manrique-conversacion-fernando-vallespin1.jpg"><img loading="lazy" decoding="async" class="alignnone size-full wp-image-20064" src="https://fcmanrique.org/wp-content/uploads/fc-manrique-conversacion-fernando-vallespin1.jpg" alt="" width="920" height="615" srcset="https://fcmanrique.org/wp-content/uploads/fc-manrique-conversacion-fernando-vallespin1.jpg 920w, https://fcmanrique.org/wp-content/uploads/fc-manrique-conversacion-fernando-vallespin1-300x201.jpg 300w, https://fcmanrique.org/wp-content/uploads/fc-manrique-conversacion-fernando-vallespin1-768x513.jpg 768w, https://fcmanrique.org/wp-content/uploads/fc-manrique-conversacion-fernando-vallespin1-289x193.jpg 289w" sizes="auto, (max-width: 920px) 100vw, 920px" /></a></p>
<p>También tiene un componente social muy importante. Sus votantes son los perdedores de la globalización. En Estados Unidos son los que viven en zonas rurales o los que han perdido el empleo en el sector industrial. El populismo siempre unifica al pueblo a través de la representación de un líder, del vínculo con un liderazgo. Según Vallespín, es un invento latinoamericano que nace en 1946 con Perón y que permitió el acceso de las masas a la política. Fue democratizador y democratizante, pero pierde sentido cuando accede a las instituciones.</p>
<p>Su adversario es el liberalismo, que cree en los valores de tolerancia y respeto a las minorías. El populismo, para Vallespín, es fundamentalmente discurso. No presenta políticas, sino que es identitarista, tiene un discurso simplificador que apela a las emociones más que a la razón y convierte el resentimiento social en una herramienta política. Lo hicieron, de forma diferente, Trump y Podemos, que “dejó de ser populista cuando entró en las instituciones porque las demás fuerzas también representan a los ciudadanos”. El populismo aspira a la totalidad y a otra forma de representación y, como debe tener un liderazgo importante, le favorecen los sistemas presidencialistas.</p>
<p><a href="https://fcmanrique.org/wp-content/uploads/fc-manrique-conversacion-fernando-vallespin2.jpg"><img loading="lazy" decoding="async" class="alignnone size-full wp-image-20065" src="https://fcmanrique.org/wp-content/uploads/fc-manrique-conversacion-fernando-vallespin2.jpg" alt="" width="920" height="573" srcset="https://fcmanrique.org/wp-content/uploads/fc-manrique-conversacion-fernando-vallespin2.jpg 920w, https://fcmanrique.org/wp-content/uploads/fc-manrique-conversacion-fernando-vallespin2-300x187.jpg 300w, https://fcmanrique.org/wp-content/uploads/fc-manrique-conversacion-fernando-vallespin2-768x478.jpg 768w, https://fcmanrique.org/wp-content/uploads/fc-manrique-conversacion-fernando-vallespin2-289x180.jpg 289w" sizes="auto, (max-width: 920px) 100vw, 920px" /></a> <em>Fernando Vallespín</em></p>
<p>Francisco Pomares preguntó por el papel del nacionalismo y Vallespín dijo que la emoción nacional es la forma mas eficaz, que “nada une tanto como la nación” y citó al independentismo catalán. Diferenció entre el populismo y lo populachero, que son esquemas que utilizan hoy todos los partidos porque la esfera pública ha cambiado y favorece al populismo. Por ejemplo, en otra época, sin redes sociales hubiera sido imposible la victoria de Trump porque “había mecanismos que excluían a estos personajes, como el propio partido o los grandes medios de comunicación”. Ahora no se necesitan intermediarios.</p>
<p><a href="https://fcmanrique.org/wp-content/uploads/fc-manrique-conversacion-fernando-vallespin3.jpg"><img loading="lazy" decoding="async" class="alignnone size-full wp-image-20066" src="https://fcmanrique.org/wp-content/uploads/fc-manrique-conversacion-fernando-vallespin3.jpg" alt="" width="920" height="594" srcset="https://fcmanrique.org/wp-content/uploads/fc-manrique-conversacion-fernando-vallespin3.jpg 920w, https://fcmanrique.org/wp-content/uploads/fc-manrique-conversacion-fernando-vallespin3-300x194.jpg 300w, https://fcmanrique.org/wp-content/uploads/fc-manrique-conversacion-fernando-vallespin3-768x496.jpg 768w, https://fcmanrique.org/wp-content/uploads/fc-manrique-conversacion-fernando-vallespin3-289x187.jpg 289w" sizes="auto, (max-width: 920px) 100vw, 920px" /></a> <em>Luisa del Rosario</em></p>
<p>Para Vallespín, “la reorganización de la esfera pública es la mayor amenaza de la democracia liberal” ya que la democracia funciona porque hay control del poder. “Si no, no hay democracia”. En este sentido, los medios eran una forma de control eficaz mientras que ahora, en la época de la posverdad, “no importan los hechos sino si yo siento algo como verdadero”. La lucha política, por tanto, se ha convertido en estrategias de comunicación.</p>
<p>Pomares expuso que no hay consensos básicos y Vallespín dijo que hoy los expertos, aunque también exista la experiencia del uso partidista del experto, “no tienen nada que decir”. “Todos estamos afectados por una pérdida de autoridad”, que se convierte en paradoja porque necesitamos más que nunca a los expertos, pero “cada vez tienen más voz los charlatanes”.</p>
<p><a href="https://fcmanrique.org/wp-content/uploads/fc-manrique-conversacion-fernando-vallespin4.jpg"><img loading="lazy" decoding="async" class="alignnone size-full wp-image-20067" src="https://fcmanrique.org/wp-content/uploads/fc-manrique-conversacion-fernando-vallespin4.jpg" alt="" width="920" height="610" srcset="https://fcmanrique.org/wp-content/uploads/fc-manrique-conversacion-fernando-vallespin4.jpg 920w, https://fcmanrique.org/wp-content/uploads/fc-manrique-conversacion-fernando-vallespin4-300x199.jpg 300w, https://fcmanrique.org/wp-content/uploads/fc-manrique-conversacion-fernando-vallespin4-768x509.jpg 768w, https://fcmanrique.org/wp-content/uploads/fc-manrique-conversacion-fernando-vallespin4-289x192.jpg 289w" sizes="auto, (max-width: 920px) 100vw, 920px" /></a> <em>Francisco Pomares</em></p>
<p>Hay otro aspecto relevante, y es que “vivimos en un sistema de economía de la atención y, como no podemos atender a todo porque la oferta es muy grande, se apela a lo emocional”. Y otro cambio cualitativo: que antes solo se conocían nuestras preferencias cuando las hacíamos públicas y ahora se conocen con nuestra huella digital. Si vale para comprar en Amazon o en Zara, sirve para la política “y recibimos la información que va con nuestro perfil”. “Esto es muy grave porque se va a saber lo que la gente piensa y cómo va a ir a votar y se puede manipular políticamente”. Este es un gran desafío para la democracia y “en China ya lo están haciendo”. “Me preocupa porque no controlamos al controlador, que son las grandes compañías de Internet, y no sabemos lo que están haciendo”, señaló el politólogo. Además, como no hay tiempo de pararse a pensar y no hay distancia, “las condiciones son idóneas para que aparezcan los populismos”.</p>
<p><a href="https://fcmanrique.org/wp-content/uploads/fc-manrique-conversacion-fernando-vallespin5.jpg"><img loading="lazy" decoding="async" class="alignnone size-full wp-image-20068" src="https://fcmanrique.org/wp-content/uploads/fc-manrique-conversacion-fernando-vallespin5.jpg" alt="" width="920" height="604" srcset="https://fcmanrique.org/wp-content/uploads/fc-manrique-conversacion-fernando-vallespin5.jpg 920w, https://fcmanrique.org/wp-content/uploads/fc-manrique-conversacion-fernando-vallespin5-300x197.jpg 300w, https://fcmanrique.org/wp-content/uploads/fc-manrique-conversacion-fernando-vallespin5-768x504.jpg 768w, https://fcmanrique.org/wp-content/uploads/fc-manrique-conversacion-fernando-vallespin5-289x190.jpg 289w" sizes="auto, (max-width: 920px) 100vw, 920px" /></a></p>
<p>Finalizó comparando la actualidad con los años 30, dos épocas de agotamiento civilizatorio con paralelismos. En ambas se sublima la violencia, antes en la calle y ahora en el ciberespacio y en ambas surgió una nueva forma de comunicación: entonces la radio y hoy las redes. Vallespín cree que ahora no consiste en conquistar derechos sino en no perder los que se tienen, por lo que domina el resentimiento, pero no cree que haya guerra porque la sociedad es más vieja y menos pobre que hace noventa años. También quiso señalar que el populismo no es un movimiento fascista, sino democrático y dijo que hay dos fracturas políticas fundamentales: una generacional y otra entre el campo y la ciudad, y que debe haber dos grandes revoluciones: una para afrontar el cambio climático y otra para la organización del mundo laboral. El del futuro será, por tanto, un mundo diferente, “pero la pregunta es si seguirá siendo un mundo democrático”.</p>
<p><a href="https://fcmanrique.org/wp-content/uploads/fc-manrique-conversacion-fernando-vallespin.pdf">Más información sobre la conversación con Fernando Vallespín</a></p>
<p><a href="https://fcmanrique.org/fcm-video/conversacion-fernando-vallespin-9-julio/?lang=es">Acceder al vídeo de la conversación</a></p>
<p><a href="https://fcmanrique.org/wp-content/uploads/fc-manrique-invitacion-fernando-vallespin.jpg"><img loading="lazy" decoding="async" class="alignnone size-full wp-image-20005" src="https://fcmanrique.org/wp-content/uploads/fc-manrique-invitacion-fernando-vallespin.jpg" alt="" width="1200" height="1200" srcset="https://fcmanrique.org/wp-content/uploads/fc-manrique-invitacion-fernando-vallespin.jpg 1200w, https://fcmanrique.org/wp-content/uploads/fc-manrique-invitacion-fernando-vallespin-150x150.jpg 150w, https://fcmanrique.org/wp-content/uploads/fc-manrique-invitacion-fernando-vallespin-300x300.jpg 300w, https://fcmanrique.org/wp-content/uploads/fc-manrique-invitacion-fernando-vallespin-768x768.jpg 768w, https://fcmanrique.org/wp-content/uploads/fc-manrique-invitacion-fernando-vallespin-1024x1024.jpg 1024w, https://fcmanrique.org/wp-content/uploads/fc-manrique-invitacion-fernando-vallespin-246x246.jpg 246w" sizes="auto, (max-width: 1200px) 100vw, 1200px" /></a></p>

<p>Désolé, cet article est seulement disponible en ES.El politólogo Fernando Vallespín conversó con los periodistas Luisa del Rosario y Francisco Pomares sobre populismos y democracia en el segundo encuentro del ciclo Democracia y periodismo en su laberinto. “¿De qué hablamos cuando hablamos de populismos?”, fue la primera pregunta de Luisa del Rosario.</p>
