{"id":20399,"date":"2019-09-17T08:14:37","date_gmt":"2019-09-17T08:14:37","guid":{"rendered":"https:\/\/fcmanrique.org\/?post_type=fcm_c_acti_celebrada&#038;p=20399"},"modified":"2019-09-17T10:32:51","modified_gmt":"2019-09-17T10:32:51","slug":"benito-cabrera-y-jep-melendez","status":"publish","type":"fcm_c_acti_celebrada","link":"https:\/\/fcmanrique.org\/fr\/fcm-c-acti-celebrada\/benito-cabrera-y-jep-melendez\/","title":{"rendered":"Tradici\u00f3n y transgresi\u00f3n entre Benito Cabrera y Jep Mel\u00e9ndez"},"content":{"rendered":"<p class=\"qtranxs-available-languages-message qtranxs-available-languages-message-fr\">D\u00e9sol\u00e9, cet article est seulement disponible en <a href=\"https:\/\/fcmanrique.org\/es\/wp-json\/wp\/v2\/fcm_c_acti_celebrada\/20399\" class=\"qtranxs-available-language-link qtranxs-available-language-link-es\" title=\"ES\">ES<\/a>.<\/p><p>El m\u00fasico Benito Cabrera y el bailar\u00edn Jep Mel\u00e9ndez realizaron un di\u00e1logo musical el viernes, 13 de septiembre, a las 20:00 horas, en la sala Jos\u00e9 Saramago de la Fundaci\u00f3n C\u00e9sar Manrique (FCM), ubicada en La Plazuela de Arrecife.<\/p>\n<p><a href=\"https:\/\/fcmanrique.org\/wp-content\/uploads\/fc-manrique-benito-cabrera-jep-melendez1.jpg\"><img loading=\"lazy\" decoding=\"async\" class=\"alignnone size-full wp-image-20401\" src=\"https:\/\/fcmanrique.org\/wp-content\/uploads\/fc-manrique-benito-cabrera-jep-melendez1.jpg\" alt=\"\" width=\"920\" height=\"584\" srcset=\"https:\/\/fcmanrique.org\/wp-content\/uploads\/fc-manrique-benito-cabrera-jep-melendez1.jpg 920w, https:\/\/fcmanrique.org\/wp-content\/uploads\/fc-manrique-benito-cabrera-jep-melendez1-300x190.jpg 300w, https:\/\/fcmanrique.org\/wp-content\/uploads\/fc-manrique-benito-cabrera-jep-melendez1-768x488.jpg 768w, https:\/\/fcmanrique.org\/wp-content\/uploads\/fc-manrique-benito-cabrera-jep-melendez1-289x183.jpg 289w\" sizes=\"auto, (max-width: 920px) 100vw, 920px\" \/><\/a><\/p>\n<p>Benito Cabrera, acompa\u00f1ado por el guitarrista Tom\u00e1s Fari\u00f1a, dialog\u00f3 musicalmente con el bailar\u00edn y core\u00f3grafo Jep Mel\u00e9ndez. Durante el encuentro, el timple y la danza mantuvieron un flujo de comunicaci\u00f3n en el que se dieron la mano la tradici\u00f3n, la transgresi\u00f3n y la b\u00fasqueda de espacios sin fronteras, para vivir una identidad que huyera de estereotipos.<\/p>\n<p><a href=\"https:\/\/fcmanrique.org\/wp-content\/uploads\/fc-manrique-benito-cabrera-jep-melendez2.jpg\"><img loading=\"lazy\" decoding=\"async\" class=\"alignnone size-full wp-image-20402\" src=\"https:\/\/fcmanrique.org\/wp-content\/uploads\/fc-manrique-benito-cabrera-jep-melendez2.jpg\" alt=\"\" width=\"920\" height=\"645\" srcset=\"https:\/\/fcmanrique.org\/wp-content\/uploads\/fc-manrique-benito-cabrera-jep-melendez2.jpg 920w, https:\/\/fcmanrique.org\/wp-content\/uploads\/fc-manrique-benito-cabrera-jep-melendez2-300x210.jpg 300w, https:\/\/fcmanrique.org\/wp-content\/uploads\/fc-manrique-benito-cabrera-jep-melendez2-768x538.jpg 768w, https:\/\/fcmanrique.org\/wp-content\/uploads\/fc-manrique-benito-cabrera-jep-melendez2-289x203.jpg 289w\" sizes=\"auto, (max-width: 920px) 100vw, 920px\" \/><\/a><\/p>\n<p>Este di\u00e1logo musical es el primero de los tres que, por encargo de la Fundaci\u00f3n C\u00e9sar Manrique, dirige el m\u00fasico y creador canario, Benito Cabrera, con diferentes artistas y est\u00e9ticas que incluyen la danza, la canci\u00f3n de autor y el jazz. Todo ello, bajo la estela de la herencia de Manrique y su proverbial exploraci\u00f3n de lenguajes que respeten pero actualicen la tradici\u00f3n.<\/p>\n<p><a href=\"https:\/\/fcmanrique.org\/wp-content\/uploads\/fc-manrique-benito-cabrera-jep-melendez3.jpg\"><img loading=\"lazy\" decoding=\"async\" class=\"alignnone size-full wp-image-20403\" src=\"https:\/\/fcmanrique.org\/wp-content\/uploads\/fc-manrique-benito-cabrera-jep-melendez3.jpg\" alt=\"\" width=\"920\" height=\"589\" srcset=\"https:\/\/fcmanrique.org\/wp-content\/uploads\/fc-manrique-benito-cabrera-jep-melendez3.jpg 920w, https:\/\/fcmanrique.org\/wp-content\/uploads\/fc-manrique-benito-cabrera-jep-melendez3-300x192.jpg 300w, https:\/\/fcmanrique.org\/wp-content\/uploads\/fc-manrique-benito-cabrera-jep-melendez3-768x492.jpg 768w, https:\/\/fcmanrique.org\/wp-content\/uploads\/fc-manrique-benito-cabrera-jep-melendez3-289x185.jpg 289w\" sizes=\"auto, (max-width: 920px) 100vw, 920px\" \/><\/a><\/p>\n<p><a href=\"https:\/\/fcmanrique.org\/wp-content\/uploads\/fc-manrique-benito-cabrera-jep-melendez4.jpg\"><img loading=\"lazy\" decoding=\"async\" class=\"alignnone size-full wp-image-20404\" src=\"https:\/\/fcmanrique.org\/wp-content\/uploads\/fc-manrique-benito-cabrera-jep-melendez4.jpg\" alt=\"\" width=\"920\" height=\"606\" srcset=\"https:\/\/fcmanrique.org\/wp-content\/uploads\/fc-manrique-benito-cabrera-jep-melendez4.jpg 920w, https:\/\/fcmanrique.org\/wp-content\/uploads\/fc-manrique-benito-cabrera-jep-melendez4-300x198.jpg 300w, https:\/\/fcmanrique.org\/wp-content\/uploads\/fc-manrique-benito-cabrera-jep-melendez4-768x506.jpg 768w, https:\/\/fcmanrique.org\/wp-content\/uploads\/fc-manrique-benito-cabrera-jep-melendez4-289x190.jpg 289w\" sizes=\"auto, (max-width: 920px) 100vw, 920px\" \/><\/a><\/p>\n<p><a href=\"https:\/\/fcmanrique.org\/wp-content\/uploads\/fc-manrique-benito-cabrera-jep-melendez-1.pdf\">M\u00e1s informaci\u00f3n sobre Benito Cabrera y Jep Mel\u00e9ndez<\/a><\/p>\n<p><a href=\"https:\/\/fcmanrique.org\/wp-content\/uploads\/fc-manrique-invitacion-benito-cabrea-jep-melendez.jpg\"><img loading=\"lazy\" decoding=\"async\" class=\"alignnone size-full wp-image-20322\" src=\"https:\/\/fcmanrique.org\/wp-content\/uploads\/fc-manrique-invitacion-benito-cabrea-jep-melendez.jpg\" alt=\"\" width=\"1200\" height=\"1200\" srcset=\"https:\/\/fcmanrique.org\/wp-content\/uploads\/fc-manrique-invitacion-benito-cabrea-jep-melendez.jpg 1200w, https:\/\/fcmanrique.org\/wp-content\/uploads\/fc-manrique-invitacion-benito-cabrea-jep-melendez-150x150.jpg 150w, https:\/\/fcmanrique.org\/wp-content\/uploads\/fc-manrique-invitacion-benito-cabrea-jep-melendez-300x300.jpg 300w, https:\/\/fcmanrique.org\/wp-content\/uploads\/fc-manrique-invitacion-benito-cabrea-jep-melendez-768x768.jpg 768w, https:\/\/fcmanrique.org\/wp-content\/uploads\/fc-manrique-invitacion-benito-cabrea-jep-melendez-1024x1024.jpg 1024w, https:\/\/fcmanrique.org\/wp-content\/uploads\/fc-manrique-invitacion-benito-cabrea-jep-melendez-246x246.jpg 246w\" sizes=\"auto, (max-width: 1200px) 100vw, 1200px\" \/><\/a><\/p>","protected":false},"excerpt":{"rendered":"<p>D\u00e9sol\u00e9, cet article est seulement disponible en ES.El m\u00fasico Benito Cabrera y el bailar\u00edn Jep Mel\u00e9ndez realizaron un di\u00e1logo musical el viernes, 13 de septiembre, a las 20:00 horas, en la sala Jos\u00e9 Saramago de la Fundaci\u00f3n C\u00e9sar Manrique (FCM), ubicada en La Plazuela de Arrecife. Benito Cabrera, acompa\u00f1ado por el guitarrista Tom\u00e1s Fari\u00f1a, dialog\u00f3&#8230; <a href=\"https:\/\/fcmanrique.org\/fr\/fcm-c-acti-celebrada\/benito-cabrera-y-jep-melendez\/\" class=\"readmore\">Contin\u00faa leyendo \u2192<\/a><\/p>\n","protected":false},"featured_media":20405,"parent":0,"template":"","meta":{"_acf_changed":false,"ngg_post_thumbnail":0,"footnotes":""},"class_list":["post-20399","fcm_c_acti_celebrada","type-fcm_c_acti_celebrada","status-publish","has-post-thumbnail","hentry","c_acti_celebrada_categoria-musica"],"acf":[],"_links":{"self":[{"href":"https:\/\/fcmanrique.org\/fr\/wp-json\/wp\/v2\/fcm_c_acti_celebrada\/20399","targetHints":{"allow":["GET"]}}],"collection":[{"href":"https:\/\/fcmanrique.org\/fr\/wp-json\/wp\/v2\/fcm_c_acti_celebrada"}],"about":[{"href":"https:\/\/fcmanrique.org\/fr\/wp-json\/wp\/v2\/types\/fcm_c_acti_celebrada"}],"version-history":[{"count":6,"href":"https:\/\/fcmanrique.org\/fr\/wp-json\/wp\/v2\/fcm_c_acti_celebrada\/20399\/revisions"}],"predecessor-version":[{"id":20415,"href":"https:\/\/fcmanrique.org\/fr\/wp-json\/wp\/v2\/fcm_c_acti_celebrada\/20399\/revisions\/20415"}],"wp:featuredmedia":[{"embeddable":true,"href":"https:\/\/fcmanrique.org\/fr\/wp-json\/wp\/v2\/media\/20405"}],"wp:attachment":[{"href":"https:\/\/fcmanrique.org\/fr\/wp-json\/wp\/v2\/media?parent=20399"}],"curies":[{"name":"wp","href":"https:\/\/api.w.org\/{rel}","templated":true}]}}

Tradición y transgresión entre Benito Cabrera y Jep Meléndez

<p class="qtranxs-available-languages-message qtranxs-available-languages-message-fr">Désolé, cet article est seulement disponible en <a href="https://fcmanrique.org/es/wp-json/wp/v2/fcm_c_acti_celebrada/20399" class="qtranxs-available-language-link qtranxs-available-language-link-es" title="ES">ES</a>.</p><p>El músico Benito Cabrera y el bailarín Jep Meléndez realizaron un diálogo musical el viernes, 13 de septiembre, a las 20:00 horas, en la sala José Saramago de la Fundación César Manrique (FCM), ubicada en La Plazuela de Arrecife.</p>
<p><a href="https://fcmanrique.org/wp-content/uploads/fc-manrique-benito-cabrera-jep-melendez1.jpg"><img loading="lazy" decoding="async" class="alignnone size-full wp-image-20401" src="https://fcmanrique.org/wp-content/uploads/fc-manrique-benito-cabrera-jep-melendez1.jpg" alt="" width="920" height="584" srcset="https://fcmanrique.org/wp-content/uploads/fc-manrique-benito-cabrera-jep-melendez1.jpg 920w, https://fcmanrique.org/wp-content/uploads/fc-manrique-benito-cabrera-jep-melendez1-300x190.jpg 300w, https://fcmanrique.org/wp-content/uploads/fc-manrique-benito-cabrera-jep-melendez1-768x488.jpg 768w, https://fcmanrique.org/wp-content/uploads/fc-manrique-benito-cabrera-jep-melendez1-289x183.jpg 289w" sizes="auto, (max-width: 920px) 100vw, 920px" /></a></p>
<p>Benito Cabrera, acompañado por el guitarrista Tomás Fariña, dialogó musicalmente con el bailarín y coreógrafo Jep Meléndez. Durante el encuentro, el timple y la danza mantuvieron un flujo de comunicación en el que se dieron la mano la tradición, la transgresión y la búsqueda de espacios sin fronteras, para vivir una identidad que huyera de estereotipos.</p>
<p><a href="https://fcmanrique.org/wp-content/uploads/fc-manrique-benito-cabrera-jep-melendez2.jpg"><img loading="lazy" decoding="async" class="alignnone size-full wp-image-20402" src="https://fcmanrique.org/wp-content/uploads/fc-manrique-benito-cabrera-jep-melendez2.jpg" alt="" width="920" height="645" srcset="https://fcmanrique.org/wp-content/uploads/fc-manrique-benito-cabrera-jep-melendez2.jpg 920w, https://fcmanrique.org/wp-content/uploads/fc-manrique-benito-cabrera-jep-melendez2-300x210.jpg 300w, https://fcmanrique.org/wp-content/uploads/fc-manrique-benito-cabrera-jep-melendez2-768x538.jpg 768w, https://fcmanrique.org/wp-content/uploads/fc-manrique-benito-cabrera-jep-melendez2-289x203.jpg 289w" sizes="auto, (max-width: 920px) 100vw, 920px" /></a></p>
<p>Este diálogo musical es el primero de los tres que, por encargo de la Fundación César Manrique, dirige el músico y creador canario, Benito Cabrera, con diferentes artistas y estéticas que incluyen la danza, la canción de autor y el jazz. Todo ello, bajo la estela de la herencia de Manrique y su proverbial exploración de lenguajes que respeten pero actualicen la tradición.</p>
<p><a href="https://fcmanrique.org/wp-content/uploads/fc-manrique-benito-cabrera-jep-melendez3.jpg"><img loading="lazy" decoding="async" class="alignnone size-full wp-image-20403" src="https://fcmanrique.org/wp-content/uploads/fc-manrique-benito-cabrera-jep-melendez3.jpg" alt="" width="920" height="589" srcset="https://fcmanrique.org/wp-content/uploads/fc-manrique-benito-cabrera-jep-melendez3.jpg 920w, https://fcmanrique.org/wp-content/uploads/fc-manrique-benito-cabrera-jep-melendez3-300x192.jpg 300w, https://fcmanrique.org/wp-content/uploads/fc-manrique-benito-cabrera-jep-melendez3-768x492.jpg 768w, https://fcmanrique.org/wp-content/uploads/fc-manrique-benito-cabrera-jep-melendez3-289x185.jpg 289w" sizes="auto, (max-width: 920px) 100vw, 920px" /></a></p>
<p><a href="https://fcmanrique.org/wp-content/uploads/fc-manrique-benito-cabrera-jep-melendez4.jpg"><img loading="lazy" decoding="async" class="alignnone size-full wp-image-20404" src="https://fcmanrique.org/wp-content/uploads/fc-manrique-benito-cabrera-jep-melendez4.jpg" alt="" width="920" height="606" srcset="https://fcmanrique.org/wp-content/uploads/fc-manrique-benito-cabrera-jep-melendez4.jpg 920w, https://fcmanrique.org/wp-content/uploads/fc-manrique-benito-cabrera-jep-melendez4-300x198.jpg 300w, https://fcmanrique.org/wp-content/uploads/fc-manrique-benito-cabrera-jep-melendez4-768x506.jpg 768w, https://fcmanrique.org/wp-content/uploads/fc-manrique-benito-cabrera-jep-melendez4-289x190.jpg 289w" sizes="auto, (max-width: 920px) 100vw, 920px" /></a></p>
<p><a href="https://fcmanrique.org/wp-content/uploads/fc-manrique-benito-cabrera-jep-melendez-1.pdf">Más información sobre Benito Cabrera y Jep Meléndez</a></p>
<p><a href="https://fcmanrique.org/wp-content/uploads/fc-manrique-invitacion-benito-cabrea-jep-melendez.jpg"><img loading="lazy" decoding="async" class="alignnone size-full wp-image-20322" src="https://fcmanrique.org/wp-content/uploads/fc-manrique-invitacion-benito-cabrea-jep-melendez.jpg" alt="" width="1200" height="1200" srcset="https://fcmanrique.org/wp-content/uploads/fc-manrique-invitacion-benito-cabrea-jep-melendez.jpg 1200w, https://fcmanrique.org/wp-content/uploads/fc-manrique-invitacion-benito-cabrea-jep-melendez-150x150.jpg 150w, https://fcmanrique.org/wp-content/uploads/fc-manrique-invitacion-benito-cabrea-jep-melendez-300x300.jpg 300w, https://fcmanrique.org/wp-content/uploads/fc-manrique-invitacion-benito-cabrea-jep-melendez-768x768.jpg 768w, https://fcmanrique.org/wp-content/uploads/fc-manrique-invitacion-benito-cabrea-jep-melendez-1024x1024.jpg 1024w, https://fcmanrique.org/wp-content/uploads/fc-manrique-invitacion-benito-cabrea-jep-melendez-246x246.jpg 246w" sizes="auto, (max-width: 1200px) 100vw, 1200px" /></a></p>

<p>Désolé, cet article est seulement disponible en ES.El músico Benito Cabrera y el bailarín Jep Meléndez realizaron un diálogo musical el viernes, 13 de septiembre, a las 20:00 horas, en la sala José Saramago de la Fundación César Manrique (FCM), ubicada en La Plazuela de Arrecife. Benito Cabrera, acompañado por el guitarrista Tomás Fariña, dialogó&#8230; <a href="https://fcmanrique.org/fr/fcm-c-acti-celebrada/benito-cabrera-y-jep-melendez/" class="readmore">Continúa leyendo →</a></p>
