{"id":20646,"date":"2019-10-14T08:12:43","date_gmt":"2019-10-14T08:12:43","guid":{"rendered":"https:\/\/fcmanrique.org\/?post_type=fcm_c_acti_celebrada&#038;p=20646"},"modified":"2019-10-14T14:32:35","modified_gmt":"2019-10-14T14:32:35","slug":"benito-cabrera-y-pedro-guerra","status":"publish","type":"fcm_c_acti_celebrada","link":"https:\/\/fcmanrique.org\/fr\/fcm-c-acti-celebrada\/benito-cabrera-y-pedro-guerra\/","title":{"rendered":"Benito Cabrera y Pedro Guerra en el centenario del nacimiento de C\u00e9sar Manrique"},"content":{"rendered":"<p class=\"qtranxs-available-languages-message qtranxs-available-languages-message-fr\">D\u00e9sol\u00e9, cet article est seulement disponible en <a href=\"https:\/\/fcmanrique.org\/es\/wp-json\/wp\/v2\/fcm_c_acti_celebrada\/20646\" class=\"qtranxs-available-language-link qtranxs-available-language-link-es\" title=\"ES\">ES<\/a>.<\/p><p>Benito Cabrera dialog\u00f3 musicalmente con el cantautor Pedro Guerra el viernes, 11 de octubre, en la sala de teatro del Cine Atl\u00e1ntida, en Arrecife, dentro del marco de la programaci\u00f3n de actividades que la FCM conmemora por el centenario del nacimiento de C\u00e9sar Manrique.<\/p>\n<p><a href=\"https:\/\/fcmanrique.org\/wp-content\/uploads\/fc-manrique-benito-cabrera-pedro-guerra2.jpg\"><img loading=\"lazy\" decoding=\"async\" class=\"alignnone size-full wp-image-20648\" src=\"https:\/\/fcmanrique.org\/wp-content\/uploads\/fc-manrique-benito-cabrera-pedro-guerra2.jpg\" alt=\"\" width=\"920\" height=\"611\" srcset=\"https:\/\/fcmanrique.org\/wp-content\/uploads\/fc-manrique-benito-cabrera-pedro-guerra2.jpg 920w, https:\/\/fcmanrique.org\/wp-content\/uploads\/fc-manrique-benito-cabrera-pedro-guerra2-300x199.jpg 300w, https:\/\/fcmanrique.org\/wp-content\/uploads\/fc-manrique-benito-cabrera-pedro-guerra2-768x510.jpg 768w, https:\/\/fcmanrique.org\/wp-content\/uploads\/fc-manrique-benito-cabrera-pedro-guerra2-289x192.jpg 289w\" sizes=\"auto, (max-width: 920px) 100vw, 920px\" \/><\/a><\/p>\n<p>Pedro Guerra y Benito Cabrera compartieron, cuando eran muy j\u00f3venes, un espacio com\u00fan en torno al nacimiento del Centro de la Cultura Popular Canaria. Fueron compa\u00f1eros de estudios musicales de la mano del maestro Silvestre \u00c1lvarez y han mantenido, a lo largo de los a\u00f1os, cierto nivel de colaboraci\u00f3n en grabaciones y espect\u00e1culos. En esta ocasi\u00f3n, ambos aportaron la visi\u00f3n de la cultura musical canaria desde la \u00f3ptica de su generaci\u00f3n.<\/p>\n<p><a href=\"https:\/\/fcmanrique.org\/wp-content\/uploads\/fc-manrique-benito-cabrera-pedro-guerra3.jpg\"><img loading=\"lazy\" decoding=\"async\" class=\"alignnone size-full wp-image-20649\" src=\"https:\/\/fcmanrique.org\/wp-content\/uploads\/fc-manrique-benito-cabrera-pedro-guerra3.jpg\" alt=\"\" width=\"920\" height=\"614\" srcset=\"https:\/\/fcmanrique.org\/wp-content\/uploads\/fc-manrique-benito-cabrera-pedro-guerra3.jpg 920w, https:\/\/fcmanrique.org\/wp-content\/uploads\/fc-manrique-benito-cabrera-pedro-guerra3-300x200.jpg 300w, https:\/\/fcmanrique.org\/wp-content\/uploads\/fc-manrique-benito-cabrera-pedro-guerra3-768x513.jpg 768w, https:\/\/fcmanrique.org\/wp-content\/uploads\/fc-manrique-benito-cabrera-pedro-guerra3-289x193.jpg 289w\" sizes=\"auto, (max-width: 920px) 100vw, 920px\" \/><\/a><\/p>\n<p>Durante el espect\u00e1culo, Benito Cabrera y Pedro Guerra interpretaron composiciones de uno y otro, a\u00f1adiendo al repertorio temas con influencias latinoamericanas, caboverdianos, del folclore canario, etc.<\/p>\n<p><a href=\"https:\/\/fcmanrique.org\/wp-content\/uploads\/fc-manrique-benito-cabrera-pedro-guerra1.jpg\"><img loading=\"lazy\" decoding=\"async\" class=\"alignnone size-full wp-image-20647\" src=\"https:\/\/fcmanrique.org\/wp-content\/uploads\/fc-manrique-benito-cabrera-pedro-guerra1.jpg\" alt=\"\" width=\"920\" height=\"614\" srcset=\"https:\/\/fcmanrique.org\/wp-content\/uploads\/fc-manrique-benito-cabrera-pedro-guerra1.jpg 920w, https:\/\/fcmanrique.org\/wp-content\/uploads\/fc-manrique-benito-cabrera-pedro-guerra1-300x200.jpg 300w, https:\/\/fcmanrique.org\/wp-content\/uploads\/fc-manrique-benito-cabrera-pedro-guerra1-768x513.jpg 768w, https:\/\/fcmanrique.org\/wp-content\/uploads\/fc-manrique-benito-cabrera-pedro-guerra1-289x193.jpg 289w\" sizes=\"auto, (max-width: 920px) 100vw, 920px\" \/><\/a><\/p>\n<p><a href=\"https:\/\/fcmanrique.org\/wp-content\/uploads\/fc-manrique-benito-cabrera-pedro-guerra4.jpg\"><img loading=\"lazy\" decoding=\"async\" class=\"alignnone size-full wp-image-20650\" src=\"https:\/\/fcmanrique.org\/wp-content\/uploads\/fc-manrique-benito-cabrera-pedro-guerra4.jpg\" alt=\"\" width=\"920\" height=\"638\" srcset=\"https:\/\/fcmanrique.org\/wp-content\/uploads\/fc-manrique-benito-cabrera-pedro-guerra4.jpg 920w, https:\/\/fcmanrique.org\/wp-content\/uploads\/fc-manrique-benito-cabrera-pedro-guerra4-300x208.jpg 300w, https:\/\/fcmanrique.org\/wp-content\/uploads\/fc-manrique-benito-cabrera-pedro-guerra4-768x533.jpg 768w, https:\/\/fcmanrique.org\/wp-content\/uploads\/fc-manrique-benito-cabrera-pedro-guerra4-289x200.jpg 289w\" sizes=\"auto, (max-width: 920px) 100vw, 920px\" \/><\/a><\/p>\n<p><a href=\"https:\/\/fcmanrique.org\/wp-content\/uploads\/fc-manrique-dialogo-musical-benito-cabrera-pedro-guerra.pdf\">M\u00e1s informaci\u00f3n Di\u00e1logo musical Benito Cabrera y Pedro Guerra<\/a><\/p>\n<p><a href=\"https:\/\/fcmanrique.org\/wp-content\/uploads\/fc-manrique-benito-cabrera-pedro-guerra-1.jpg\"><img loading=\"lazy\" decoding=\"async\" class=\"alignnone size-full wp-image-20508\" src=\"https:\/\/fcmanrique.org\/wp-content\/uploads\/fc-manrique-benito-cabrera-pedro-guerra-1.jpg\" alt=\"\" width=\"1200\" height=\"1200\" srcset=\"https:\/\/fcmanrique.org\/wp-content\/uploads\/fc-manrique-benito-cabrera-pedro-guerra-1.jpg 1200w, https:\/\/fcmanrique.org\/wp-content\/uploads\/fc-manrique-benito-cabrera-pedro-guerra-1-150x150.jpg 150w, https:\/\/fcmanrique.org\/wp-content\/uploads\/fc-manrique-benito-cabrera-pedro-guerra-1-300x300.jpg 300w, https:\/\/fcmanrique.org\/wp-content\/uploads\/fc-manrique-benito-cabrera-pedro-guerra-1-768x768.jpg 768w, https:\/\/fcmanrique.org\/wp-content\/uploads\/fc-manrique-benito-cabrera-pedro-guerra-1-1024x1024.jpg 1024w, https:\/\/fcmanrique.org\/wp-content\/uploads\/fc-manrique-benito-cabrera-pedro-guerra-1-246x246.jpg 246w\" sizes=\"auto, (max-width: 1200px) 100vw, 1200px\" \/><\/a><\/p>","protected":false},"excerpt":{"rendered":"<p>D\u00e9sol\u00e9, cet article est seulement disponible en ES.Benito Cabrera dialog\u00f3 musicalmente con el cantautor Pedro Guerra el viernes, 11 de octubre, en la sala de teatro del Cine Atl\u00e1ntida, en Arrecife, dentro del marco de la programaci\u00f3n de actividades que la FCM conmemora por el centenario del nacimiento de C\u00e9sar Manrique. Pedro Guerra y Benito&#8230; <a href=\"https:\/\/fcmanrique.org\/fr\/fcm-c-acti-celebrada\/benito-cabrera-y-pedro-guerra\/\" class=\"readmore\">Contin\u00faa leyendo \u2192<\/a><\/p>\n","protected":false},"featured_media":20651,"parent":0,"template":"","meta":{"_acf_changed":false,"ngg_post_thumbnail":0,"footnotes":""},"class_list":["post-20646","fcm_c_acti_celebrada","type-fcm_c_acti_celebrada","status-publish","has-post-thumbnail","hentry","c_acti_celebrada_categoria-musica"],"acf":[],"_links":{"self":[{"href":"https:\/\/fcmanrique.org\/fr\/wp-json\/wp\/v2\/fcm_c_acti_celebrada\/20646","targetHints":{"allow":["GET"]}}],"collection":[{"href":"https:\/\/fcmanrique.org\/fr\/wp-json\/wp\/v2\/fcm_c_acti_celebrada"}],"about":[{"href":"https:\/\/fcmanrique.org\/fr\/wp-json\/wp\/v2\/types\/fcm_c_acti_celebrada"}],"version-history":[{"count":3,"href":"https:\/\/fcmanrique.org\/fr\/wp-json\/wp\/v2\/fcm_c_acti_celebrada\/20646\/revisions"}],"predecessor-version":[{"id":20660,"href":"https:\/\/fcmanrique.org\/fr\/wp-json\/wp\/v2\/fcm_c_acti_celebrada\/20646\/revisions\/20660"}],"wp:featuredmedia":[{"embeddable":true,"href":"https:\/\/fcmanrique.org\/fr\/wp-json\/wp\/v2\/media\/20651"}],"wp:attachment":[{"href":"https:\/\/fcmanrique.org\/fr\/wp-json\/wp\/v2\/media?parent=20646"}],"curies":[{"name":"wp","href":"https:\/\/api.w.org\/{rel}","templated":true}]}}

Benito Cabrera y Pedro Guerra en el centenario del nacimiento de César Manrique

<p class="qtranxs-available-languages-message qtranxs-available-languages-message-fr">Désolé, cet article est seulement disponible en <a href="https://fcmanrique.org/es/wp-json/wp/v2/fcm_c_acti_celebrada/20646" class="qtranxs-available-language-link qtranxs-available-language-link-es" title="ES">ES</a>.</p><p>Benito Cabrera dialogó musicalmente con el cantautor Pedro Guerra el viernes, 11 de octubre, en la sala de teatro del Cine Atlántida, en Arrecife, dentro del marco de la programación de actividades que la FCM conmemora por el centenario del nacimiento de César Manrique.</p>
<p><a href="https://fcmanrique.org/wp-content/uploads/fc-manrique-benito-cabrera-pedro-guerra2.jpg"><img loading="lazy" decoding="async" class="alignnone size-full wp-image-20648" src="https://fcmanrique.org/wp-content/uploads/fc-manrique-benito-cabrera-pedro-guerra2.jpg" alt="" width="920" height="611" srcset="https://fcmanrique.org/wp-content/uploads/fc-manrique-benito-cabrera-pedro-guerra2.jpg 920w, https://fcmanrique.org/wp-content/uploads/fc-manrique-benito-cabrera-pedro-guerra2-300x199.jpg 300w, https://fcmanrique.org/wp-content/uploads/fc-manrique-benito-cabrera-pedro-guerra2-768x510.jpg 768w, https://fcmanrique.org/wp-content/uploads/fc-manrique-benito-cabrera-pedro-guerra2-289x192.jpg 289w" sizes="auto, (max-width: 920px) 100vw, 920px" /></a></p>
<p>Pedro Guerra y Benito Cabrera compartieron, cuando eran muy jóvenes, un espacio común en torno al nacimiento del Centro de la Cultura Popular Canaria. Fueron compañeros de estudios musicales de la mano del maestro Silvestre Álvarez y han mantenido, a lo largo de los años, cierto nivel de colaboración en grabaciones y espectáculos. En esta ocasión, ambos aportaron la visión de la cultura musical canaria desde la óptica de su generación.</p>
<p><a href="https://fcmanrique.org/wp-content/uploads/fc-manrique-benito-cabrera-pedro-guerra3.jpg"><img loading="lazy" decoding="async" class="alignnone size-full wp-image-20649" src="https://fcmanrique.org/wp-content/uploads/fc-manrique-benito-cabrera-pedro-guerra3.jpg" alt="" width="920" height="614" srcset="https://fcmanrique.org/wp-content/uploads/fc-manrique-benito-cabrera-pedro-guerra3.jpg 920w, https://fcmanrique.org/wp-content/uploads/fc-manrique-benito-cabrera-pedro-guerra3-300x200.jpg 300w, https://fcmanrique.org/wp-content/uploads/fc-manrique-benito-cabrera-pedro-guerra3-768x513.jpg 768w, https://fcmanrique.org/wp-content/uploads/fc-manrique-benito-cabrera-pedro-guerra3-289x193.jpg 289w" sizes="auto, (max-width: 920px) 100vw, 920px" /></a></p>
<p>Durante el espectáculo, Benito Cabrera y Pedro Guerra interpretaron composiciones de uno y otro, añadiendo al repertorio temas con influencias latinoamericanas, caboverdianos, del folclore canario, etc.</p>
<p><a href="https://fcmanrique.org/wp-content/uploads/fc-manrique-benito-cabrera-pedro-guerra1.jpg"><img loading="lazy" decoding="async" class="alignnone size-full wp-image-20647" src="https://fcmanrique.org/wp-content/uploads/fc-manrique-benito-cabrera-pedro-guerra1.jpg" alt="" width="920" height="614" srcset="https://fcmanrique.org/wp-content/uploads/fc-manrique-benito-cabrera-pedro-guerra1.jpg 920w, https://fcmanrique.org/wp-content/uploads/fc-manrique-benito-cabrera-pedro-guerra1-300x200.jpg 300w, https://fcmanrique.org/wp-content/uploads/fc-manrique-benito-cabrera-pedro-guerra1-768x513.jpg 768w, https://fcmanrique.org/wp-content/uploads/fc-manrique-benito-cabrera-pedro-guerra1-289x193.jpg 289w" sizes="auto, (max-width: 920px) 100vw, 920px" /></a></p>
<p><a href="https://fcmanrique.org/wp-content/uploads/fc-manrique-benito-cabrera-pedro-guerra4.jpg"><img loading="lazy" decoding="async" class="alignnone size-full wp-image-20650" src="https://fcmanrique.org/wp-content/uploads/fc-manrique-benito-cabrera-pedro-guerra4.jpg" alt="" width="920" height="638" srcset="https://fcmanrique.org/wp-content/uploads/fc-manrique-benito-cabrera-pedro-guerra4.jpg 920w, https://fcmanrique.org/wp-content/uploads/fc-manrique-benito-cabrera-pedro-guerra4-300x208.jpg 300w, https://fcmanrique.org/wp-content/uploads/fc-manrique-benito-cabrera-pedro-guerra4-768x533.jpg 768w, https://fcmanrique.org/wp-content/uploads/fc-manrique-benito-cabrera-pedro-guerra4-289x200.jpg 289w" sizes="auto, (max-width: 920px) 100vw, 920px" /></a></p>
<p><a href="https://fcmanrique.org/wp-content/uploads/fc-manrique-dialogo-musical-benito-cabrera-pedro-guerra.pdf">Más información Diálogo musical Benito Cabrera y Pedro Guerra</a></p>
<p><a href="https://fcmanrique.org/wp-content/uploads/fc-manrique-benito-cabrera-pedro-guerra-1.jpg"><img loading="lazy" decoding="async" class="alignnone size-full wp-image-20508" src="https://fcmanrique.org/wp-content/uploads/fc-manrique-benito-cabrera-pedro-guerra-1.jpg" alt="" width="1200" height="1200" srcset="https://fcmanrique.org/wp-content/uploads/fc-manrique-benito-cabrera-pedro-guerra-1.jpg 1200w, https://fcmanrique.org/wp-content/uploads/fc-manrique-benito-cabrera-pedro-guerra-1-150x150.jpg 150w, https://fcmanrique.org/wp-content/uploads/fc-manrique-benito-cabrera-pedro-guerra-1-300x300.jpg 300w, https://fcmanrique.org/wp-content/uploads/fc-manrique-benito-cabrera-pedro-guerra-1-768x768.jpg 768w, https://fcmanrique.org/wp-content/uploads/fc-manrique-benito-cabrera-pedro-guerra-1-1024x1024.jpg 1024w, https://fcmanrique.org/wp-content/uploads/fc-manrique-benito-cabrera-pedro-guerra-1-246x246.jpg 246w" sizes="auto, (max-width: 1200px) 100vw, 1200px" /></a></p>

<p>Désolé, cet article est seulement disponible en ES.Benito Cabrera dialogó musicalmente con el cantautor Pedro Guerra el viernes, 11 de octubre, en la sala de teatro del Cine Atlántida, en Arrecife, dentro del marco de la programación de actividades que la FCM conmemora por el centenario del nacimiento de César Manrique. Pedro Guerra y Benito&#8230; <a href="https://fcmanrique.org/fr/fcm-c-acti-celebrada/benito-cabrera-y-pedro-guerra/" class="readmore">Continúa leyendo →</a></p>
