{"id":22322,"date":"2020-11-25T13:02:15","date_gmt":"2020-11-25T13:02:15","guid":{"rendered":"https:\/\/fcmanrique.org\/?post_type=fcm_c_acti_celebrada&#038;p=22322"},"modified":"2020-11-25T13:06:30","modified_gmt":"2020-11-25T13:06:30","slug":"estreno-del-concurso-saber-de-cesar-en-biosfera-tv","status":"publish","type":"fcm_c_acti_celebrada","link":"https:\/\/fcmanrique.org\/fr\/fcm-c-acti-celebrada\/estreno-del-concurso-saber-de-cesar-en-biosfera-tv\/","title":{"rendered":"Estreno del concurso \u201cSaber de C\u00e9sar\u201d en Biosfera TV"},"content":{"rendered":"<p class=\"qtranxs-available-languages-message qtranxs-available-languages-message-fr\">D\u00e9sol\u00e9, cet article est seulement disponible en <a href=\"https:\/\/fcmanrique.org\/es\/wp-json\/wp\/v2\/fcm_c_acti_celebrada\/22322\" class=\"qtranxs-available-language-link qtranxs-available-language-link-es\" title=\"ES\">ES<\/a>.<\/p><p>Actividad desarrollada con una subvenci\u00f3n del Gobierno de Canarias.<br \/>\n<img loading=\"lazy\" decoding=\"async\" class=\"size-full wp-image-22274 alignnone\" src=\"https:\/\/fcmanrique.org\/wp-content\/uploads\/logo-gobierno-canarias.png\" alt=\"\" width=\"181\" height=\"91\" \/><\/p>\n<p>La Fundaci\u00f3n C\u00e9sar Manrique (FCM) y el grupo de comunicaci\u00f3n Biosfera Media organizan y producen<strong>\u00a0\u201cSaber de C\u00e9sar\u201d, un concurso de televisi\u00f3n cultural sobre el universo Manrique, dirigido a alumnos de secundaria de Lanzarote. <\/strong>El objetivo de esta iniciativa es\u00a0<strong>la difusi\u00f3n de la figura y el legado del artista, coincidiendo con la conmemoraci\u00f3n de su centenario. Pretende adem\u00e1s convertirse en<\/strong> un est\u00edmulo para que la comunidad educativa lanzarote\u00f1a profundice en el conocimiento de la herencia que dej\u00f3 nuestro artista, pionero en la integraci\u00f3n de las artes.<\/p>\n<p>La educaci\u00f3n y la cultura constituyeron dos pilares de referencia en las ideas sociales de C\u00e9sar Manrique y en su concepci\u00f3n del progreso c\u00edvico. Para el creador de Jameos del Agua, esto siempre represent\u00f3 un asunto de preocupaci\u00f3n, reivindicaci\u00f3n y esperanza: \u201cLa tarea m\u00e1s importante que deber\u00eda plantearse un gobierno de cualquier pa\u00eds del mundo es la educaci\u00f3n de su pueblo. Un pueblo sin cultura est\u00e1 condenado a morir. Por eso creo que el mayor negocio que pueda tener un pa\u00eds es culturizar a su propio pueblo\u201d, dijo en 1978.<\/p>\n<p>\u201cSaber de C\u00e9sar\u201d\u00a0<strong>se estren\u00f3 el viernes 13 de marzo, a las 20:00 horas, en Biosfera TV<\/strong>. El programa, que est\u00e1 dirigido por el periodista Jaime Puig, tiene previsto emitirse tres veces por semana entre marzo y abril de 2020 y se publicar\u00e1 en biosferadigital.com tras su emisi\u00f3n.<\/p>\n<p>En el concurso participar\u00e1n 10 equipos, conformados por un total de 40 alumnos de segundo de ESO pertenecientes a los siguientes centros de secundaria: Agust\u00edn Espinosa, Blas Cabrera Felipe, Costa Teguise, Las Maretas, Playa Honda y Yaiza.<\/p>\n<p>Los contenidos del concurso a los que tendr\u00e1n que enfrentarse los concursantes han sido elaborados por un equipo de docentes, y posteriormente supervisados por la FCM.\u00a0<strong>Los equipos deber\u00e1n ser capaces de responder a preguntas y resolver pruebas relacionadas con la vida, la obra, el pensamiento y el contexto de C\u00e9sar Manrique.<\/strong><\/p>\n<p><strong>El grupo ganador,<\/strong>\u00a0que estar\u00e1 formado por 4 concursantes y un profesor,\u00a0<strong>ser\u00e1 premiado con un ordenador port\u00e1til\u00a0<\/strong>y un lote de productos del centenario para cada alumno;<strong>\u00a0un viaje a una capital europea<\/strong>\u00a0para el profesor y un acompa\u00f1ante; mientras que el centro se llevar\u00e1<strong>\u00a0material tecnol\u00f3gico valorado en 4.000 euros,\u00a0<\/strong>as\u00ed como un lote de libros editados por la FCM.<\/p>\n<p>Por su parte, el\u00a0<strong>grupo finalista recibir\u00e1 una tablet<\/strong>\u00a0y un lote de productos del centenario para cada concursante; un\u00a0<strong>viaje a una ciudad espa\u00f1ola<\/strong>\u00a0para el profesor y un acompa\u00f1ante; as\u00ed como un\u00a0<strong>set de material tecnol\u00f3gico valorado en 2.500 euros<\/strong>\u00a0y un lote de libros editados por la FCM para el centro.<\/p>\n<p>Todos los alumnos y los centros educativos que participen en este programa de televisi\u00f3n, producido por la FCM y Biosfera Media, recibir\u00e1n premios: los alumnos, un lote de productos del centenario; los centros, un lote de libros para su biblioteca.<\/p>\n<p>\u201cSaber de C\u00e9sar\u201d est\u00e1 patrocinado por el\u00a0Gobierno de Canarias, Cabildo de Lanzarote, Cabrera Medina y los Centros de Arte, Cultura y Turismo.<\/p>\n<p>La pandemia ha obligado a aplazar el concurso \u2018Saber de C\u00e9sar\u2019, del que solo se ha logrado emitir el estreno.<\/p>\n<p><a href=\"https:\/\/fcmanrique.org\/wp-content\/uploads\/Sc-I_2.jpg\"><img loading=\"lazy\" decoding=\"async\" class=\"alignleft size-full wp-image-22324\" src=\"https:\/\/fcmanrique.org\/wp-content\/uploads\/Sc-I_2.jpg\" alt=\"\" width=\"660\" height=\"300\" srcset=\"https:\/\/fcmanrique.org\/wp-content\/uploads\/Sc-I_2.jpg 660w, https:\/\/fcmanrique.org\/wp-content\/uploads\/Sc-I_2-300x136.jpg 300w, https:\/\/fcmanrique.org\/wp-content\/uploads\/Sc-I_2-289x131.jpg 289w\" sizes=\"auto, (max-width: 660px) 100vw, 660px\" \/><\/a><\/p>","protected":false},"excerpt":{"rendered":"<p>D\u00e9sol\u00e9, cet article est seulement disponible en ES.Actividad desarrollada con una subvenci\u00f3n del Gobierno de Canarias. La Fundaci\u00f3n C\u00e9sar Manrique (FCM) y el grupo de comunicaci\u00f3n Biosfera Media organizan y producen\u00a0\u201cSaber de C\u00e9sar\u201d, un concurso de televisi\u00f3n cultural sobre el universo Manrique, dirigido a alumnos de secundaria de Lanzarote. El objetivo de esta iniciativa es\u00a0la&#8230; <a href=\"https:\/\/fcmanrique.org\/fr\/fcm-c-acti-celebrada\/estreno-del-concurso-saber-de-cesar-en-biosfera-tv\/\" class=\"readmore\">Contin\u00faa leyendo \u2192<\/a><\/p>\n","protected":false},"featured_media":22323,"parent":0,"template":"","meta":{"_acf_changed":false,"ngg_post_thumbnail":0,"footnotes":""},"class_list":["post-22322","fcm_c_acti_celebrada","type-fcm_c_acti_celebrada","status-publish","has-post-thumbnail","hentry","c_acti_celebrada_categoria-concurso-tv"],"acf":[],"_links":{"self":[{"href":"https:\/\/fcmanrique.org\/fr\/wp-json\/wp\/v2\/fcm_c_acti_celebrada\/22322","targetHints":{"allow":["GET"]}}],"collection":[{"href":"https:\/\/fcmanrique.org\/fr\/wp-json\/wp\/v2\/fcm_c_acti_celebrada"}],"about":[{"href":"https:\/\/fcmanrique.org\/fr\/wp-json\/wp\/v2\/types\/fcm_c_acti_celebrada"}],"version-history":[{"count":3,"href":"https:\/\/fcmanrique.org\/fr\/wp-json\/wp\/v2\/fcm_c_acti_celebrada\/22322\/revisions"}],"predecessor-version":[{"id":22328,"href":"https:\/\/fcmanrique.org\/fr\/wp-json\/wp\/v2\/fcm_c_acti_celebrada\/22322\/revisions\/22328"}],"wp:featuredmedia":[{"embeddable":true,"href":"https:\/\/fcmanrique.org\/fr\/wp-json\/wp\/v2\/media\/22323"}],"wp:attachment":[{"href":"https:\/\/fcmanrique.org\/fr\/wp-json\/wp\/v2\/media?parent=22322"}],"curies":[{"name":"wp","href":"https:\/\/api.w.org\/{rel}","templated":true}]}}

Estreno del concurso “Saber de César” en Biosfera TV

<p class="qtranxs-available-languages-message qtranxs-available-languages-message-fr">Désolé, cet article est seulement disponible en <a href="https://fcmanrique.org/es/wp-json/wp/v2/fcm_c_acti_celebrada/22322" class="qtranxs-available-language-link qtranxs-available-language-link-es" title="ES">ES</a>.</p><p>Actividad desarrollada con una subvención del Gobierno de Canarias.<br />
<img loading="lazy" decoding="async" class="size-full wp-image-22274 alignnone" src="https://fcmanrique.org/wp-content/uploads/logo-gobierno-canarias.png" alt="" width="181" height="91" /></p>
<p>La Fundación César Manrique (FCM) y el grupo de comunicación Biosfera Media organizan y producen<strong> “Saber de César”, un concurso de televisión cultural sobre el universo Manrique, dirigido a alumnos de secundaria de Lanzarote. </strong>El objetivo de esta iniciativa es <strong>la difusión de la figura y el legado del artista, coincidiendo con la conmemoración de su centenario. Pretende además convertirse en</strong> un estímulo para que la comunidad educativa lanzaroteña profundice en el conocimiento de la herencia que dejó nuestro artista, pionero en la integración de las artes.</p>
<p>La educación y la cultura constituyeron dos pilares de referencia en las ideas sociales de César Manrique y en su concepción del progreso cívico. Para el creador de Jameos del Agua, esto siempre representó un asunto de preocupación, reivindicación y esperanza: “La tarea más importante que debería plantearse un gobierno de cualquier país del mundo es la educación de su pueblo. Un pueblo sin cultura está condenado a morir. Por eso creo que el mayor negocio que pueda tener un país es culturizar a su propio pueblo”, dijo en 1978.</p>
<p>“Saber de César” <strong>se estrenó el viernes 13 de marzo, a las 20:00 horas, en Biosfera TV</strong>. El programa, que está dirigido por el periodista Jaime Puig, tiene previsto emitirse tres veces por semana entre marzo y abril de 2020 y se publicará en biosferadigital.com tras su emisión.</p>
<p>En el concurso participarán 10 equipos, conformados por un total de 40 alumnos de segundo de ESO pertenecientes a los siguientes centros de secundaria: Agustín Espinosa, Blas Cabrera Felipe, Costa Teguise, Las Maretas, Playa Honda y Yaiza.</p>
<p>Los contenidos del concurso a los que tendrán que enfrentarse los concursantes han sido elaborados por un equipo de docentes, y posteriormente supervisados por la FCM. <strong>Los equipos deberán ser capaces de responder a preguntas y resolver pruebas relacionadas con la vida, la obra, el pensamiento y el contexto de César Manrique.</strong></p>
<p><strong>El grupo ganador,</strong> que estará formado por 4 concursantes y un profesor, <strong>será premiado con un ordenador portátil </strong>y un lote de productos del centenario para cada alumno;<strong> un viaje a una capital europea</strong> para el profesor y un acompañante; mientras que el centro se llevará<strong> material tecnológico valorado en 4.000 euros, </strong>así como un lote de libros editados por la FCM.</p>
<p>Por su parte, el <strong>grupo finalista recibirá una tablet</strong> y un lote de productos del centenario para cada concursante; un <strong>viaje a una ciudad española</strong> para el profesor y un acompañante; así como un <strong>set de material tecnológico valorado en 2.500 euros</strong> y un lote de libros editados por la FCM para el centro.</p>
<p>Todos los alumnos y los centros educativos que participen en este programa de televisión, producido por la FCM y Biosfera Media, recibirán premios: los alumnos, un lote de productos del centenario; los centros, un lote de libros para su biblioteca.</p>
<p>“Saber de César” está patrocinado por el Gobierno de Canarias, Cabildo de Lanzarote, Cabrera Medina y los Centros de Arte, Cultura y Turismo.</p>
<p>La pandemia ha obligado a aplazar el concurso ‘Saber de César’, del que solo se ha logrado emitir el estreno.</p>
<p><a href="https://fcmanrique.org/wp-content/uploads/Sc-I_2.jpg"><img loading="lazy" decoding="async" class="alignleft size-full wp-image-22324" src="https://fcmanrique.org/wp-content/uploads/Sc-I_2.jpg" alt="" width="660" height="300" srcset="https://fcmanrique.org/wp-content/uploads/Sc-I_2.jpg 660w, https://fcmanrique.org/wp-content/uploads/Sc-I_2-300x136.jpg 300w, https://fcmanrique.org/wp-content/uploads/Sc-I_2-289x131.jpg 289w" sizes="auto, (max-width: 660px) 100vw, 660px" /></a></p>

<p>Désolé, cet article est seulement disponible en ES.Actividad desarrollada con una subvención del Gobierno de Canarias. La Fundación César Manrique (FCM) y el grupo de comunicación Biosfera Media organizan y producen “Saber de César”, un concurso de televisión cultural sobre el universo Manrique, dirigido a alumnos de secundaria de Lanzarote. El objetivo de esta iniciativa es la&#8230; <a href="https://fcmanrique.org/fr/fcm-c-acti-celebrada/estreno-del-concurso-saber-de-cesar-en-biosfera-tv/" class="readmore">Continúa leyendo →</a></p>
