{"id":18377,"date":"2019-04-15T11:45:14","date_gmt":"2019-04-15T11:45:14","guid":{"rendered":"https:\/\/fcmanrique.org\/?post_type=fcm_c_ev_relac&#038;p=18377"},"modified":"2019-04-17T09:12:59","modified_gmt":"2019-04-17T09:12:59","slug":"timanfaya-el-sueno-de-cesar","status":"publish","type":"fcm_c_ev_relac","link":"https:\/\/fcmanrique.org\/fr\/fcm-c-ev-relac\/timanfaya-el-sueno-de-cesar\/","title":{"rendered":"Timanfaya, el sue\u00f1o de C\u00e9sar"},"content":{"rendered":"<p class=\"qtranxs-available-languages-message qtranxs-available-languages-message-fr\">D\u00e9sol\u00e9, cet article est seulement disponible en <a href=\"https:\/\/fcmanrique.org\/es\/wp-json\/wp\/v2\/fcm_c_ev_relac\/18377\" class=\"qtranxs-available-language-link qtranxs-available-language-link-es\" title=\"ES\">ES<\/a>.<\/p><p><strong>Las fiestas del Carnaval de Arrecife<\/strong> homenajearon a C\u00e9sar Manrique. Destac\u00f3, el d\u00eda 22 de febrero, el colorido espect\u00e1culo <em>Timanfaya, el sue\u00f1o de Manrique<\/em>, de la compa\u00f1\u00eda Clapso Producciones, dirigido por Israel Reyes, director art\u00edstico del Carnaval de Las Palmas de Gran Canaria. Un pasacalle formado por un elenco de 80 figurantes, acr\u00f3batas, bailarines y zancudos, basado en los cuatro elementos de la naturaleza: fuego, tierra, aire, agua. Particip\u00f3, tambi\u00e9n la Batucada Villa Pipol.<\/p>\n<p>El universo creativo del artista, su vida y su obra art\u00edstica, as\u00ed como su concepci\u00f3n enlazada de arte y naturaleza y su respeto por el territorio, se reflejaron en el montaje con elementos tan caracter\u00edsticos como sus Juguetes del Viento; los peces de su serie Fauna Atl\u00e1ntica; las Banderas del Cosmos; las tierras y arenas de sus creaciones pict\u00f3ricas visibles en la piel de los bailarines sobre arenas movedizas; y el diablo de Timanfaya, representado por el actor V\u00edctor Formoso como maestro de ceremonias.<\/p>\n<p>&nbsp;<\/p>","protected":false},"excerpt":{"rendered":"<p>D\u00e9sol\u00e9, cet article est seulement disponible en ES.Las fiestas del Carnaval de Arrecife homenajearon a C\u00e9sar Manrique. Destac\u00f3, el d\u00eda 22 de febrero, el colorido espect\u00e1culo Timanfaya, el sue\u00f1o de Manrique, de la compa\u00f1\u00eda Clapso Producciones, dirigido por Israel Reyes, director art\u00edstico del Carnaval de Las Palmas de Gran Canaria. Un pasacalle formado por un&#8230; <a href=\"https:\/\/fcmanrique.org\/fr\/fcm-c-ev-relac\/timanfaya-el-sueno-de-cesar\/\" class=\"readmore\">Contin\u00faa leyendo \u2192<\/a><\/p>\n","protected":false},"featured_media":18584,"parent":0,"template":"","meta":{"_acf_changed":false,"ngg_post_thumbnail":0,"footnotes":""},"class_list":["post-18377","fcm_c_ev_relac","type-fcm_c_ev_relac","status-publish","has-post-thumbnail","hentry","c_ev_relac_categoria-espectaculo"],"acf":[],"_links":{"self":[{"href":"https:\/\/fcmanrique.org\/fr\/wp-json\/wp\/v2\/fcm_c_ev_relac\/18377","targetHints":{"allow":["GET"]}}],"collection":[{"href":"https:\/\/fcmanrique.org\/fr\/wp-json\/wp\/v2\/fcm_c_ev_relac"}],"about":[{"href":"https:\/\/fcmanrique.org\/fr\/wp-json\/wp\/v2\/types\/fcm_c_ev_relac"}],"version-history":[{"count":3,"href":"https:\/\/fcmanrique.org\/fr\/wp-json\/wp\/v2\/fcm_c_ev_relac\/18377\/revisions"}],"predecessor-version":[{"id":18391,"href":"https:\/\/fcmanrique.org\/fr\/wp-json\/wp\/v2\/fcm_c_ev_relac\/18377\/revisions\/18391"}],"wp:featuredmedia":[{"embeddable":true,"href":"https:\/\/fcmanrique.org\/fr\/wp-json\/wp\/v2\/media\/18584"}],"wp:attachment":[{"href":"https:\/\/fcmanrique.org\/fr\/wp-json\/wp\/v2\/media?parent=18377"}],"curies":[{"name":"wp","href":"https:\/\/api.w.org\/{rel}","templated":true}]}}

Timanfaya, el sueño de César

<p class="qtranxs-available-languages-message qtranxs-available-languages-message-fr">Désolé, cet article est seulement disponible en <a href="https://fcmanrique.org/es/wp-json/wp/v2/fcm_c_ev_relac/18377" class="qtranxs-available-language-link qtranxs-available-language-link-es" title="ES">ES</a>.</p><p><strong>Las fiestas del Carnaval de Arrecife</strong> homenajearon a César Manrique. Destacó, el día 22 de febrero, el colorido espectáculo <em>Timanfaya, el sueño de Manrique</em>, de la compañía Clapso Producciones, dirigido por Israel Reyes, director artístico del Carnaval de Las Palmas de Gran Canaria. Un pasacalle formado por un elenco de 80 figurantes, acróbatas, bailarines y zancudos, basado en los cuatro elementos de la naturaleza: fuego, tierra, aire, agua. Participó, también la Batucada Villa Pipol.</p>
<p>El universo creativo del artista, su vida y su obra artística, así como su concepción enlazada de arte y naturaleza y su respeto por el territorio, se reflejaron en el montaje con elementos tan característicos como sus Juguetes del Viento; los peces de su serie Fauna Atlántica; las Banderas del Cosmos; las tierras y arenas de sus creaciones pictóricas visibles en la piel de los bailarines sobre arenas movedizas; y el diablo de Timanfaya, representado por el actor Víctor Formoso como maestro de ceremonias.</p>
<p>&nbsp;</p>

<p>Désolé, cet article est seulement disponible en ES.Las fiestas del Carnaval de Arrecife homenajearon a César Manrique. Destacó, el día 22 de febrero, el colorido espectáculo Timanfaya, el sueño de Manrique, de la compañía Clapso Producciones, dirigido por Israel Reyes, director artístico del Carnaval de Las Palmas de Gran Canaria. Un pasacalle formado por un&#8230; <a href="https://fcmanrique.org/fr/fcm-c-ev-relac/timanfaya-el-sueno-de-cesar/" class="readmore">Continúa leyendo →</a></p>
