{"id":15062,"date":"2018-02-21T11:30:28","date_gmt":"2018-02-21T11:30:28","guid":{"rendered":"https:\/\/fcmanrique.org\/fcm-exposicion\/antoni-tapies-obra-grafica\/"},"modified":"2022-11-04T11:10:26","modified_gmt":"2022-11-04T11:10:26","slug":"antoni-tapies-obra-grafica","status":"publish","type":"fcm_exposicion","link":"https:\/\/fcmanrique.org\/fr\/fcm-exposicion\/antoni-tapies-obra-grafica\/","title":{"rendered":"Antoni T\u00e0pies. Obra gr\u00e1fica"},"content":{"rendered":"<p class=\"qtranxs-available-languages-message qtranxs-available-languages-message-fr\">D\u00e9sol\u00e9, cet article est seulement disponible en <a href=\"https:\/\/fcmanrique.org\/es\/wp-json\/wp\/v2\/fcm_exposicion\/15062\" class=\"qtranxs-available-language-link qtranxs-available-language-link-es\" title=\"ES\">ES<\/a>.<\/p><p>La primera exposici\u00f3n individual que la Fundaci\u00f3n C\u00e9sar Manrique ofreci\u00f3 a un artista espa\u00f1ol vivo fue la dedicada al que es, seguramente, el m\u00e1s internacional de nuestros pintores de la segunda mitad del siglo XX, el catal\u00e1n Antoni T\u00e0pies. Su aportaci\u00f3n supone una contribuci\u00f3n decisiva y singular, en la que confluyen sedimentos culturales de muy diversa procedencia, rele\u00eddos y sintetizados con indudable personalidad.<\/p>\n<p>La muestra, dedicada a la obra gr\u00e1fica que realiz\u00f3 entre 1981 y 1995, comprend\u00eda 51 obras estampadas en distintas t\u00e9cnicas: xilograf\u00eda, aguafuerte, aguatinta, litograf\u00eda, collage, etc., que recorren las distintas variantes de las que se sirve el pintor, al tiempo que remarcan su profunda relaci\u00f3n con el material impreso, desde el libro al cartel, y la estrecha vinculaci\u00f3n que existe entre la obra \u00fanica y su producci\u00f3n seriada.<\/p>\n<p>Antoni T\u00e0pies (Barcelona, 1923) fue el fundador, en 1948, junto a Joan Brossa, Joan Pon\u00e7, Modest Cuixart, J.J. Tharrats y Arnau Puig de Dau al Set, el primer grupo art\u00edstico cuyas actividades, ligadas al surrealismo, enlazaron el arte de la postguerra civil con las vanguardias hist\u00f3ricas. A principios de los a\u00f1os cincuenta, T\u00e0pies abandona esa filiaci\u00f3n surrealizante e inicia la obra que ha caracterizado, en una continuidad ling\u00fc\u00edstica sin sobresaltos ni radicales cambios de estilo, su producci\u00f3n de m\u00e1s de cuatro d\u00e9cadas y por la que es internacionalmente conocido y apreciado. Son investigaciones mat\u00e9ricas en las que se sirve de materiales corrientes o de deshecho, paja, tierras, cuerdas, trapos viejos, que a\u00f1ade, a modo de collage, a superficies de tierra, polvo de m\u00e1rmol y otros soportes, marcados por incisiones y signos iconogr\u00e1ficos caracter\u00edsticos de su repertorio personal, la T inicial de su apellido y del nombre de su esposa, el aspa y la cruz o las barras del escudo de Catalu\u00f1a, por ejemplo. A partir de 1938 se interes\u00f3 vivamente por uno de los principales fundamentos de su labor: el arte, el pensamiento y la poes\u00eda orientales. En los \u00faltimos a\u00f1os, se ha acentuado su inter\u00e9s por la escultura, la cer\u00e1mica y las instalaciones.<\/p>\n<p>Su proyecci\u00f3n internacional se inici\u00f3 con su participaci\u00f3n en la Bienal de Venecia de 1952 y con la obtenci\u00f3n del Premio de la Bienal de S\u00e3o Paulo del a\u00f1o siguiente. Desde entonces, ha realizado un n\u00famero extraordinario de exposiciones, tanto individuales, como colectivas y retrospectivas.<\/p>\n<p>Es autor, tambi\u00e9n, de libros en los que ha expuesto no solo su ideario est\u00e9tico, sino su pensamiento pol\u00edtico y su entendimiento de la catalanidad. As\u00ed, La pr\u00e1ctica del arte (1970), L\u00b4art contra l\u00b4estetica (1974), La realidad como arte (1988) y la autobiograf\u00eda Memoria personal (1978). Entre los innumerables premios recibidos a lo largo de su extensa carrera, destacan el Premio de la Unesco (1958), la Medalla de Oro del Ministerio de Cultura (1981), la Medalla de Oro de la Generalitat de Catalunya (1983), el Premio Pr\u00edncipe de Asturias de las Artes (1990) y el Premio Imperial del Jap\u00f3n (1990).<\/p>","protected":false},"featured_media":16843,"parent":0,"template":"","meta":{"_acf_changed":false,"ngg_post_thumbnail":0,"footnotes":""},"exposicion_linea_discursiva":[53],"class_list":["post-15062","fcm_exposicion","type-fcm_exposicion","status-publish","has-post-thumbnail","hentry","exposicion_linea_discursiva-revisiones-historicas"],"acf":[],"_links":{"self":[{"href":"https:\/\/fcmanrique.org\/fr\/wp-json\/wp\/v2\/fcm_exposicion\/15062","targetHints":{"allow":["GET"]}}],"collection":[{"href":"https:\/\/fcmanrique.org\/fr\/wp-json\/wp\/v2\/fcm_exposicion"}],"about":[{"href":"https:\/\/fcmanrique.org\/fr\/wp-json\/wp\/v2\/types\/fcm_exposicion"}],"version-history":[{"count":3,"href":"https:\/\/fcmanrique.org\/fr\/wp-json\/wp\/v2\/fcm_exposicion\/15062\/revisions"}],"predecessor-version":[{"id":23228,"href":"https:\/\/fcmanrique.org\/fr\/wp-json\/wp\/v2\/fcm_exposicion\/15062\/revisions\/23228"}],"wp:featuredmedia":[{"embeddable":true,"href":"https:\/\/fcmanrique.org\/fr\/wp-json\/wp\/v2\/media\/16843"}],"wp:attachment":[{"href":"https:\/\/fcmanrique.org\/fr\/wp-json\/wp\/v2\/media?parent=15062"}],"wp:term":[{"taxonomy":"exposicion_linea_discursiva","embeddable":true,"href":"https:\/\/fcmanrique.org\/fr\/wp-json\/wp\/v2\/exposicion_linea_discursiva?post=15062"}],"curies":[{"name":"wp","href":"https:\/\/api.w.org\/{rel}","templated":true}]}}

Antoni Tàpies. Obra gráfica

<p class="qtranxs-available-languages-message qtranxs-available-languages-message-fr">Désolé, cet article est seulement disponible en <a href="https://fcmanrique.org/es/wp-json/wp/v2/fcm_exposicion/15062" class="qtranxs-available-language-link qtranxs-available-language-link-es" title="ES">ES</a>.</p><p>La primera exposición individual que la Fundación César Manrique ofreció a un artista español vivo fue la dedicada al que es, seguramente, el más internacional de nuestros pintores de la segunda mitad del siglo XX, el catalán Antoni Tàpies. Su aportación supone una contribución decisiva y singular, en la que confluyen sedimentos culturales de muy diversa procedencia, releídos y sintetizados con indudable personalidad.</p>
<p>La muestra, dedicada a la obra gráfica que realizó entre 1981 y 1995, comprendía 51 obras estampadas en distintas técnicas: xilografía, aguafuerte, aguatinta, litografía, collage, etc., que recorren las distintas variantes de las que se sirve el pintor, al tiempo que remarcan su profunda relación con el material impreso, desde el libro al cartel, y la estrecha vinculación que existe entre la obra única y su producción seriada.</p>
<p>Antoni Tàpies (Barcelona, 1923) fue el fundador, en 1948, junto a Joan Brossa, Joan Ponç, Modest Cuixart, J.J. Tharrats y Arnau Puig de Dau al Set, el primer grupo artístico cuyas actividades, ligadas al surrealismo, enlazaron el arte de la postguerra civil con las vanguardias históricas. A principios de los años cincuenta, Tàpies abandona esa filiación surrealizante e inicia la obra que ha caracterizado, en una continuidad lingüística sin sobresaltos ni radicales cambios de estilo, su producción de más de cuatro décadas y por la que es internacionalmente conocido y apreciado. Son investigaciones matéricas en las que se sirve de materiales corrientes o de deshecho, paja, tierras, cuerdas, trapos viejos, que añade, a modo de collage, a superficies de tierra, polvo de mármol y otros soportes, marcados por incisiones y signos iconográficos característicos de su repertorio personal, la T inicial de su apellido y del nombre de su esposa, el aspa y la cruz o las barras del escudo de Cataluña, por ejemplo. A partir de 1938 se interesó vivamente por uno de los principales fundamentos de su labor: el arte, el pensamiento y la poesía orientales. En los últimos años, se ha acentuado su interés por la escultura, la cerámica y las instalaciones.</p>
<p>Su proyección internacional se inició con su participación en la Bienal de Venecia de 1952 y con la obtención del Premio de la Bienal de São Paulo del año siguiente. Desde entonces, ha realizado un número extraordinario de exposiciones, tanto individuales, como colectivas y retrospectivas.</p>
<p>Es autor, también, de libros en los que ha expuesto no solo su ideario estético, sino su pensamiento político y su entendimiento de la catalanidad. Así, La práctica del arte (1970), L´art contra l´estetica (1974), La realidad como arte (1988) y la autobiografía Memoria personal (1978). Entre los innumerables premios recibidos a lo largo de su extensa carrera, destacan el Premio de la Unesco (1958), la Medalla de Oro del Ministerio de Cultura (1981), la Medalla de Oro de la Generalitat de Catalunya (1983), el Premio Príncipe de Asturias de las Artes (1990) y el Premio Imperial del Japón (1990).</p>
