{"id":15146,"date":"2018-02-21T11:31:09","date_gmt":"2018-02-21T11:31:09","guid":{"rendered":"https:\/\/fcmanrique.org\/fcm-exposicion\/el-mar-absoluto-ortega-munoz-y-lanzarote\/"},"modified":"2023-11-24T11:24:43","modified_gmt":"2023-11-24T11:24:43","slug":"el-mar-absoluto-ortega-munoz-y-lanzarote","status":"publish","type":"fcm_exposicion","link":"https:\/\/fcmanrique.org\/fr\/fcm-exposicion\/el-mar-absoluto-ortega-munoz-y-lanzarote\/","title":{"rendered":"El mar absoluto. Ortega Mu\u00f1oz y Lanzarote"},"content":{"rendered":"<p class=\"qtranxs-available-languages-message qtranxs-available-languages-message-fr\">D\u00e9sol\u00e9, cet article est seulement disponible en <a href=\"https:\/\/fcmanrique.org\/es\/wp-json\/wp\/v2\/fcm_exposicion\/15146\" class=\"qtranxs-available-language-link qtranxs-available-language-link-es\" title=\"ES\">ES<\/a>.<\/p><p><\/p>\n<p class=\"MsoNormal\"><span style=\"ofont-size: 10pt; ofont-family: Arial;\">Del 13 de noviembre de 2008 al 28 de febrero de 2009 permaneci\u00f3 expuesta en la sede de la Fundaci\u00f3n C\u00e9sar Manrique en Taro de Tah\u00edche, la exposici\u00f3n <strong>El mar absoluto. Ortega Mu\u00f1oz y Lanzarote.<\/strong><br \/>\n<\/span><\/p>\n<p class=\"MsoNormal\"><span style=\"ofont-size: 10pt; ofont-family: Arial;\">Organizada y producida por la FCM con la colaboraci\u00f3n de la Fundaci\u00f3n Godofredo Ortega Mu\u00f1oz, la muestra, comisariada por Antonio Franco, director del Museo Extreme\u00f1o e Iberoamericano de Arte Contempor\u00e1neo (MEIAC), reuni\u00f3 un conjunto de 12 piezas de Ortega Mu\u00f1oz que mostr\u00f3 la mayor parte de las obras sobre Lanzarote pintadas por el artista.<br \/>\n<\/span><\/p>\n<p class=\"MsoNormal\"><span style=\"ofont-size: 10pt; ofont-family: Arial;\">A finales de los a\u00f1os 60, Ortega Mu\u00f1oz visita la Isla y realiza un ciclo de piezas que se\u00f1alan un momento de plenitud en el conjunto de su trayectoria, en el que el artista responde a la inspiraci\u00f3n del paisaje insular \u2013La Geria, higueras, huertas y muros agr\u00edcolas&#8230;\u00ad,\u2013 con una pintura de lenguaje tenso y casi abstracto, cargada de significaci\u00f3n y trascendencia, de meditaci\u00f3n y de silencio.<br \/>\n<\/span><\/p>\n<p class=\"MsoNormal\"><span style=\"ofont-size: 10pt; ofont-family: Arial;\">Godofredo Ortega Mu\u00f1oz (San Vicente de Alc\u00e1ntara, Badajoz, 1905 &#8211; Madrid, 1982) est\u00e1 considerado como uno de los creadores m\u00e1s significativos en la interpretaci\u00f3n del paisaje moderno de nuestro pa\u00eds. Sus composiciones, de cromatismo austero y&nbsp; tratamiento sobrio y depurado, dotan a su obra de una singularidad inconfundible que empez\u00f3 a trasladar primero a sus pinturas inspiradas en las tierras desnudas de Extremadura y, posteriormente, en las de La Rioja y Canarias.<br \/>\n<\/span><\/p>\n<p><span style=\"ofont-size: 10pt; ofont-family: Arial;\">Con motivo de la exposici\u00f3n, se edit\u00f3 un <a href=\"https:\/\/fcmanrique.org\/fcm-publicacion\/el-mar-absoluto-ortega-munoz-y-lanzarote\/?cpg=1\" target=\"_blank\" rel=\"noopener\"><strong>cat\u00e1logo<\/strong><\/a> de 120 p\u00e1ginas con textos cr\u00edticos de Jes\u00fas Aguado, Estrella de Diego y Alfredo Taj\u00e1n. <\/span><\/p>","protected":false},"featured_media":16831,"parent":0,"template":"","meta":{"_acf_changed":false,"ngg_post_thumbnail":0,"footnotes":""},"exposicion_linea_discursiva":[53],"class_list":["post-15146","fcm_exposicion","type-fcm_exposicion","status-publish","has-post-thumbnail","hentry","exposicion_linea_discursiva-revisiones-historicas"],"acf":[],"_links":{"self":[{"href":"https:\/\/fcmanrique.org\/fr\/wp-json\/wp\/v2\/fcm_exposicion\/15146","targetHints":{"allow":["GET"]}}],"collection":[{"href":"https:\/\/fcmanrique.org\/fr\/wp-json\/wp\/v2\/fcm_exposicion"}],"about":[{"href":"https:\/\/fcmanrique.org\/fr\/wp-json\/wp\/v2\/types\/fcm_exposicion"}],"version-history":[{"count":3,"href":"https:\/\/fcmanrique.org\/fr\/wp-json\/wp\/v2\/fcm_exposicion\/15146\/revisions"}],"predecessor-version":[{"id":24610,"href":"https:\/\/fcmanrique.org\/fr\/wp-json\/wp\/v2\/fcm_exposicion\/15146\/revisions\/24610"}],"wp:featuredmedia":[{"embeddable":true,"href":"https:\/\/fcmanrique.org\/fr\/wp-json\/wp\/v2\/media\/16831"}],"wp:attachment":[{"href":"https:\/\/fcmanrique.org\/fr\/wp-json\/wp\/v2\/media?parent=15146"}],"wp:term":[{"taxonomy":"exposicion_linea_discursiva","embeddable":true,"href":"https:\/\/fcmanrique.org\/fr\/wp-json\/wp\/v2\/exposicion_linea_discursiva?post=15146"}],"curies":[{"name":"wp","href":"https:\/\/api.w.org\/{rel}","templated":true}]}}

El mar absoluto. Ortega Muñoz y Lanzarote

<p class="qtranxs-available-languages-message qtranxs-available-languages-message-fr">Désolé, cet article est seulement disponible en <a href="https://fcmanrique.org/es/wp-json/wp/v2/fcm_exposicion/15146" class="qtranxs-available-language-link qtranxs-available-language-link-es" title="ES">ES</a>.</p><p></p>
<p class="MsoNormal"><span style="ofont-size: 10pt; ofont-family: Arial;">Del 13 de noviembre de 2008 al 28 de febrero de 2009 permaneció expuesta en la sede de la Fundación César Manrique en Taro de Tahíche, la exposición <strong>El mar absoluto. Ortega Muñoz y Lanzarote.</strong><br />
</span></p>
<p class="MsoNormal"><span style="ofont-size: 10pt; ofont-family: Arial;">Organizada y producida por la FCM con la colaboración de la Fundación Godofredo Ortega Muñoz, la muestra, comisariada por Antonio Franco, director del Museo Extremeño e Iberoamericano de Arte Contemporáneo (MEIAC), reunió un conjunto de 12 piezas de Ortega Muñoz que mostró la mayor parte de las obras sobre Lanzarote pintadas por el artista.<br />
</span></p>
<p class="MsoNormal"><span style="ofont-size: 10pt; ofont-family: Arial;">A finales de los años 60, Ortega Muñoz visita la Isla y realiza un ciclo de piezas que señalan un momento de plenitud en el conjunto de su trayectoria, en el que el artista responde a la inspiración del paisaje insular –La Geria, higueras, huertas y muros agrícolas&#8230;­,– con una pintura de lenguaje tenso y casi abstracto, cargada de significación y trascendencia, de meditación y de silencio.<br />
</span></p>
<p class="MsoNormal"><span style="ofont-size: 10pt; ofont-family: Arial;">Godofredo Ortega Muñoz (San Vicente de Alcántara, Badajoz, 1905 &#8211; Madrid, 1982) está considerado como uno de los creadores más significativos en la interpretación del paisaje moderno de nuestro país. Sus composiciones, de cromatismo austero y&nbsp; tratamiento sobrio y depurado, dotan a su obra de una singularidad inconfundible que empezó a trasladar primero a sus pinturas inspiradas en las tierras desnudas de Extremadura y, posteriormente, en las de La Rioja y Canarias.<br />
</span></p>
<p><span style="ofont-size: 10pt; ofont-family: Arial;">Con motivo de la exposición, se editó un <a href="https://fcmanrique.org/fcm-publicacion/el-mar-absoluto-ortega-munoz-y-lanzarote/?cpg=1" target="_blank" rel="noopener"><strong>catálogo</strong></a> de 120 páginas con textos críticos de Jesús Aguado, Estrella de Diego y Alfredo Taján. </span></p>
