{"id":15168,"date":"2018-02-21T11:31:13","date_gmt":"2018-02-21T11:31:13","guid":{"rendered":"https:\/\/fcmanrique.org\/fcm-exposicion\/leandro-perdomo-escribir-la-vida\/"},"modified":"2022-11-04T11:27:20","modified_gmt":"2022-11-04T11:27:20","slug":"leandro-perdomo-escribir-la-vida","status":"publish","type":"fcm_exposicion","link":"https:\/\/fcmanrique.org\/fr\/fcm-exposicion\/leandro-perdomo-escribir-la-vida\/","title":{"rendered":"Leandro Perdomo. Escribir la vida"},"content":{"rendered":"<p class=\"qtranxs-available-languages-message qtranxs-available-languages-message-fr\">D\u00e9sol\u00e9, cet article est seulement disponible en <a href=\"https:\/\/fcmanrique.org\/es\/wp-json\/wp\/v2\/fcm_exposicion\/15168\" class=\"qtranxs-available-language-link qtranxs-available-language-link-es\" title=\"ES\">ES<\/a>.<\/p><p><!-- [if gte mso 9]><xml>\n\nNormal\n0\n21\n\nfalse\nfalse\nfalse\n\nMicrosoftInternetExplorer4\n\n<\/xml><![endif]--><\/p>\n<p style=\"text-align: justify;\">El d\u00eda 19 de diciembre de 2013, a las 20,30 h, la Fundaci\u00f3n C\u00e9sar Manrique (FCM) inaugur\u00f3 en su sede de Taro de Tah\u00edche, la exposici\u00f3n <em>Leandro Perdomo. Escribir la vida<\/em>. Con esta actividad, la FCM se une a los actos programados por otras instituciones insulares para conmemorar el 20\u00ba aniversario del fallecimiento del escritor lanzarote\u00f1o Leandro Perdomo. La exposici\u00f3n, que ten\u00eda previsto clausurarse el 20 de abril de 2014, pudo visitarse hasta el 7 de septiembre ya que el periodo de visitas fue ampliado.<\/p>\n<p style=\"text-align: justify;\"><em>Leandro Perdomo. Escribir la vida<\/em>, estuvo producida y organizada por la Fundaci\u00f3n C\u00e9sar Manrique, a partir de un proyecto expositivo dise\u00f1ado por el director de la FCM, Fernando G\u00f3mez Aguilera, amplio conocedor de la obra de Perdomo, con quien mantuvo encuentros semanales entre 1988 y 1993, con el prop\u00f3sito de reconstruir las claves y los hitos de su trayectoria literaria y period\u00edstica.<\/p>\n<p style=\"text-align: justify;\">La exposici\u00f3n se concibi\u00f3 como una escenograf\u00eda a trav\u00e9s de la cual se recreaba la singular personalidad del escritor, marcada por la originalidad, la bohemia y la marginalidad, as\u00ed como algunos de los ambientes de que se rode\u00f3 en Lanzarote, Gran Canaria y B\u00e9lgica. Se present\u00f3 articulada en cuatro amplios periodos cronol\u00f3gicos que se corresponden con las principales etapas en la vida y la producci\u00f3n literaria y period\u00edstica de Leandro Perdomo: Arrecife (1921-1946), Las Palmas de Gran Canaria (1946-1957), Bruselas (1957-1968) y Teguise (1968-1993).<\/p>\n<div style=\"text-align: justify;\">En la muestra se ambient\u00f3 el escenario de la primera redacci\u00f3n de la revista <em>Volc\u00e1n<\/em>, que funda y dirige mientras est\u00e1 en B\u00e9lgica. As\u00ed mismo, se reproducen estancias de la casa donde vivi\u00f3 durante sus \u00faltimos a\u00f1os, en la Villa de Teguise \u2014sal\u00f3n y estudio-dormitorio\u2014 con mobiliario y cuadros originales, la mesa escritorio, ropas y enseres personales as\u00ed como centenares de documentos, fotograf\u00edas, cartas, manuscritos, mecanoscritos, libros, cr\u00f3nicas, cuadernos de notas\u2026 que acercaron al visitante, a la persona y a la prosa de Leandro Perdomo. Los peri\u00f3dicos dirigidos por Perdomo: <em>Pron\u00f3sticos<\/em> (Arrecife-Las Palmas de Gran Canaria, 1946-1948) y <em>Volc\u00e1n<\/em> (Bruselas, 1963-1968) se documentaron de forma detallada, exponi\u00e9ndose tanto numerosos ejemplares originales como reproducciones.<\/div>\n<p>A trav\u00e9s de la iniciativa <span style=\"ofont-style: italic;\">Leandro Perdomo. Escribir la vida<\/span>, se pretende contribuir a rescatar y reivindicar la obra de un escritor cuyos libros son casi inaccesibles, dif\u00edciles de leer por consiguiente y, sin embargo, fundamentales para conocer y entender la evoluci\u00f3n de Lanzarote en el \u00faltimo siglo.<\/p>\n<p>(M\u00e1s informaci\u00f3n en las notas de prensa adjuntas)<\/p>","protected":false},"featured_media":16833,"parent":0,"template":"","meta":{"_acf_changed":false,"ngg_post_thumbnail":0,"footnotes":""},"exposicion_linea_discursiva":[53],"class_list":["post-15168","fcm_exposicion","type-fcm_exposicion","status-publish","has-post-thumbnail","hentry","exposicion_linea_discursiva-revisiones-historicas"],"acf":[],"_links":{"self":[{"href":"https:\/\/fcmanrique.org\/fr\/wp-json\/wp\/v2\/fcm_exposicion\/15168","targetHints":{"allow":["GET"]}}],"collection":[{"href":"https:\/\/fcmanrique.org\/fr\/wp-json\/wp\/v2\/fcm_exposicion"}],"about":[{"href":"https:\/\/fcmanrique.org\/fr\/wp-json\/wp\/v2\/types\/fcm_exposicion"}],"version-history":[{"count":1,"href":"https:\/\/fcmanrique.org\/fr\/wp-json\/wp\/v2\/fcm_exposicion\/15168\/revisions"}],"predecessor-version":[{"id":16836,"href":"https:\/\/fcmanrique.org\/fr\/wp-json\/wp\/v2\/fcm_exposicion\/15168\/revisions\/16836"}],"wp:featuredmedia":[{"embeddable":true,"href":"https:\/\/fcmanrique.org\/fr\/wp-json\/wp\/v2\/media\/16833"}],"wp:attachment":[{"href":"https:\/\/fcmanrique.org\/fr\/wp-json\/wp\/v2\/media?parent=15168"}],"wp:term":[{"taxonomy":"exposicion_linea_discursiva","embeddable":true,"href":"https:\/\/fcmanrique.org\/fr\/wp-json\/wp\/v2\/exposicion_linea_discursiva?post=15168"}],"curies":[{"name":"wp","href":"https:\/\/api.w.org\/{rel}","templated":true}]}}

<p class="qtranxs-available-languages-message qtranxs-available-languages-message-fr">Désolé, cet article est seulement disponible en <a href="https://fcmanrique.org/es/wp-json/wp/v2/fcm_exposicion/15168" class="qtranxs-available-language-link qtranxs-available-language-link-es" title="ES">ES</a>.</p><p><!-- [if gte mso 9]><xml>

Normal
0
21

false
false
false

MicrosoftInternetExplorer4

</xml><![endif]--></p>
<p style="text-align: justify;">El día 19 de diciembre de 2013, a las 20,30 h, la Fundación César Manrique (FCM) inauguró en su sede de Taro de Tahíche, la exposición <em>Leandro Perdomo. Escribir la vida</em>. Con esta actividad, la FCM se une a los actos programados por otras instituciones insulares para conmemorar el 20º aniversario del fallecimiento del escritor lanzaroteño Leandro Perdomo. La exposición, que tenía previsto clausurarse el 20 de abril de 2014, pudo visitarse hasta el 7 de septiembre ya que el periodo de visitas fue ampliado.</p>
<p style="text-align: justify;"><em>Leandro Perdomo. Escribir la vida</em>, estuvo producida y organizada por la Fundación César Manrique, a partir de un proyecto expositivo diseñado por el director de la FCM, Fernando Gómez Aguilera, amplio conocedor de la obra de Perdomo, con quien mantuvo encuentros semanales entre 1988 y 1993, con el propósito de reconstruir las claves y los hitos de su trayectoria literaria y periodística.</p>
<p style="text-align: justify;">La exposición se concibió como una escenografía a través de la cual se recreaba la singular personalidad del escritor, marcada por la originalidad, la bohemia y la marginalidad, así como algunos de los ambientes de que se rodeó en Lanzarote, Gran Canaria y Bélgica. Se presentó articulada en cuatro amplios periodos cronológicos que se corresponden con las principales etapas en la vida y la producción literaria y periodística de Leandro Perdomo: Arrecife (1921-1946), Las Palmas de Gran Canaria (1946-1957), Bruselas (1957-1968) y Teguise (1968-1993).</p>
<div style="text-align: justify;">En la muestra se ambientó el escenario de la primera redacción de la revista <em>Volcán</em>, que funda y dirige mientras está en Bélgica. Así mismo, se reproducen estancias de la casa donde vivió durante sus últimos años, en la Villa de Teguise —salón y estudio-dormitorio— con mobiliario y cuadros originales, la mesa escritorio, ropas y enseres personales así como centenares de documentos, fotografías, cartas, manuscritos, mecanoscritos, libros, crónicas, cuadernos de notas… que acercaron al visitante, a la persona y a la prosa de Leandro Perdomo. Los periódicos dirigidos por Perdomo: <em>Pronósticos</em> (Arrecife-Las Palmas de Gran Canaria, 1946-1948) y <em>Volcán</em> (Bruselas, 1963-1968) se documentaron de forma detallada, exponiéndose tanto numerosos ejemplares originales como reproducciones.</div>
<p>A través de la iniciativa <span style="ofont-style: italic;">Leandro Perdomo. Escribir la vida</span>, se pretende contribuir a rescatar y reivindicar la obra de un escritor cuyos libros son casi inaccesibles, difíciles de leer por consiguiente y, sin embargo, fundamentales para conocer y entender la evolución de Lanzarote en el último siglo.</p>
<p>(Más información en las notas de prensa adjuntas)</p>
