{"id":16190,"date":"2003-02-25T00:00:00","date_gmt":"2003-02-25T00:00:00","guid":{"rendered":"https:\/\/fcmanrique.org\/fcm-publicacion\/washington-barcala\/"},"modified":"2023-11-29T10:48:46","modified_gmt":"2023-11-29T10:48:46","slug":"washington-barcala","status":"publish","type":"fcm_publicacion","link":"https:\/\/fcmanrique.org\/fr\/fcm-publicacion\/washington-barcala\/","title":{"rendered":"Washington Barcala"},"content":{"rendered":"<p class=\"qtranxs-available-languages-message qtranxs-available-languages-message-fr\">D\u00e9sol\u00e9, cet article est seulement disponible en <a href=\"https:\/\/fcmanrique.org\/es\/wp-json\/wp\/v2\/fcm_publicacion\/16190\" class=\"qtranxs-available-language-link qtranxs-available-language-link-es\" title=\"ES\">ES<\/a>.<\/p><p>Con motivo de la exposici\u00f3n <a href=\"https:\/\/fcmanrique.org\/fcm-exposicion\/washington-barcala-retrospectiva\/?cpg=2\"><strong><span style=\"ofont-style: italic;\">Washington Barcala<\/span><\/strong><\/a>, se public\u00f3 el cat\u00e1logo de la muestra en colaboraci\u00f3n con la Fundaci\u00f3n Telef\u00f3nica.<\/p>\n<p>El cat\u00e1logo incluye textos cr\u00edticos de la comisaria de la exposici\u00f3n, Mar\u00eda Mart\u00edn, y de \u00c1ngel Kalenberg.<\/p>\n<p><span style=\"ofont-family: Arial;\">La exposici\u00f3n exhibida en la FCM entre el 27 de febrero y el 27 de abril de 2003, reun\u00eda 64 obras del artista uruguayo. Las obras fueron cedidas, entre otros, por la familia Barcala, el Museo Nacional Centro de Arte Reina Sof\u00eda de Madrid, el Museo Nacional de Artes Visuales de Montevideo y el Patio Herreriano-Museo de Arte Contempor\u00e1neo Espa\u00f1ol de Valladolid.<br \/>\n<\/span><\/p>","protected":false},"featured_media":16191,"parent":0,"template":"","meta":{"_acf_changed":false,"ngg_post_thumbnail":0,"footnotes":""},"publicacion_coleccion":[76],"class_list":["post-16190","fcm_publicacion","type-fcm_publicacion","status-publish","has-post-thumbnail","hentry","publicacion_coleccion-catalogos-exposiciones-temporales"],"acf":[],"_links":{"self":[{"href":"https:\/\/fcmanrique.org\/fr\/wp-json\/wp\/v2\/fcm_publicacion\/16190","targetHints":{"allow":["GET"]}}],"collection":[{"href":"https:\/\/fcmanrique.org\/fr\/wp-json\/wp\/v2\/fcm_publicacion"}],"about":[{"href":"https:\/\/fcmanrique.org\/fr\/wp-json\/wp\/v2\/types\/fcm_publicacion"}],"version-history":[{"count":1,"href":"https:\/\/fcmanrique.org\/fr\/wp-json\/wp\/v2\/fcm_publicacion\/16190\/revisions"}],"predecessor-version":[{"id":24695,"href":"https:\/\/fcmanrique.org\/fr\/wp-json\/wp\/v2\/fcm_publicacion\/16190\/revisions\/24695"}],"wp:featuredmedia":[{"embeddable":true,"href":"https:\/\/fcmanrique.org\/fr\/wp-json\/wp\/v2\/media\/16191"}],"wp:attachment":[{"href":"https:\/\/fcmanrique.org\/fr\/wp-json\/wp\/v2\/media?parent=16190"}],"wp:term":[{"taxonomy":"publicacion_coleccion","embeddable":true,"href":"https:\/\/fcmanrique.org\/fr\/wp-json\/wp\/v2\/publicacion_coleccion?post=16190"}],"curies":[{"name":"wp","href":"https:\/\/api.w.org\/{rel}","templated":true}]}}

<p class="qtranxs-available-languages-message qtranxs-available-languages-message-fr">Désolé, cet article est seulement disponible en <a href="https://fcmanrique.org/es/wp-json/wp/v2/fcm_publicacion/16190" class="qtranxs-available-language-link qtranxs-available-language-link-es" title="ES">ES</a>.</p><p>Con motivo de la exposición <a href="https://fcmanrique.org/fcm-exposicion/washington-barcala-retrospectiva/?cpg=2"><strong><span style="ofont-style: italic;">Washington Barcala</span></strong></a>, se publicó el catálogo de la muestra en colaboración con la Fundación Telefónica.</p>
<p>El catálogo incluye textos críticos de la comisaria de la exposición, María Martín, y de Ángel Kalenberg.</p>
<p><span style="ofont-family: Arial;">La exposición exhibida en la FCM entre el 27 de febrero y el 27 de abril de 2003, reunía 64 obras del artista uruguayo. Las obras fueron cedidas, entre otros, por la familia Barcala, el Museo Nacional Centro de Arte Reina Sofía de Madrid, el Museo Nacional de Artes Visuales de Montevideo y el Patio Herreriano-Museo de Arte Contemporáneo Español de Valladolid.<br />
</span></p>
