{"id":16202,"date":"2000-07-15T00:00:00","date_gmt":"2000-07-15T00:00:00","guid":{"rendered":"https:\/\/fcmanrique.org\/fcm-publicacion\/organos-dispersos\/"},"modified":"2024-04-05T09:29:36","modified_gmt":"2024-04-05T09:29:36","slug":"organos-dispersos","status":"publish","type":"fcm_publicacion","link":"https:\/\/fcmanrique.org\/fr\/fcm-publicacion\/organos-dispersos\/","title":{"rendered":"\u00d3rganos dispersos"},"content":{"rendered":"<p class=\"qtranxs-available-languages-message qtranxs-available-languages-message-fr\">D\u00e9sol\u00e9, cet article est seulement disponible en <a href=\"https:\/\/fcmanrique.org\/es\/wp-json\/wp\/v2\/fcm_publicacion\/16202\" class=\"qtranxs-available-language-link qtranxs-available-language-link-es\" title=\"ES\">ES<\/a>.<\/p><p><\/p>\n<p class=\"MsoNormal\" style=\"text-align: justify;\"><span lang=\"ES-TRAD\" style=\"ofont-family: Arial;\"><strong>Jos\u00e9 Miguel Ull\u00e1n<\/strong> naci\u00f3 en 1944 en Villarino de los Aires (Salamanca). Es poeta y traductor. Inici\u00f3 sus estudios en Salamanca y Madrid, comenzando a trabajar como colaborador del diario \u201cEl Adelantado\u201d de Salamanca, en 1970. Residi\u00f3 desde 1966 a 1976.<\/span><span style=\"ofont-family: Arial;\"> A su regreso a Madrid en 1980 se incorpor\u00f3 al peri\u00f3dico <em>El Pa\u00eds<\/em> como cr\u00edtico musical y de artes pl\u00e1sticas. Ha trabajado tambi\u00e9n en radio y televisi\u00f3n, dirigiendo en 1985 el espacio <em>Tatuaje<\/em>. En 1987, fue designado comisario junto a \u00c1ngel Gonz\u00e1lez del \u201cSal\u00f3n de los 16\u201d. En 1989, fue elegido adjunto a la presidencia del Grupo 16, encarg\u00e1ndose de las \u00e1reas culturales y actividades art\u00edsticas de la empresa.<\/span><\/p>\n<p class=\"MsoNormal\" style=\"text-align: justify;\"><span style=\"ofont-family: Arial;\">Sus libros de poes\u00eda han aparecido en colaboraci\u00f3n con grandes pintores, como Joan Mir\u00f3, Antoni T\u00e0pies, Eduardo Chillida, Antonio Saura o Eusebio Sempere. Ha creado y dirigido la colecci\u00f3n de poes\u00eda de la editorial C\u00e1tedra. Fue miembro del equipo de selecci\u00f3n de las exposiciones espa\u00f1olas de pintura y escultura en Europalia.<\/span><\/p>\n<p class=\"BodyText21\"><span lang=\"ES-TRAD\" style=\"ofont-size: 10pt; ofont-family: Arial; ofont-weight: normal; ofont-style: normal;\">Entre su producci\u00f3n po\u00e9tica debemos destacar las siguientes obras: <\/span><span lang=\"ES-TRAD\" style=\"ofont-size: 10pt; ofont-family: Arial; ofont-weight: normal;\">El jornal<\/span><span lang=\"ES-TRAD\" style=\"ofont-size: 10pt; ofont-family: Arial; ofont-weight: normal; ofont-style: normal;\">, publicada en 1965, pasando por <\/span><span lang=\"ES-TRAD\" style=\"ofont-size: 10pt; ofont-family: Arial; ofont-weight: normal;\">Mortaja<\/span><span lang=\"ES-TRAD\" style=\"ofont-size: 10pt; ofont-family: Arial; ofont-weight: normal; ofont-style: normal;\"> (1970), editada en M\u00e9xico, <\/span><span lang=\"ES-TRAD\" style=\"ofont-size: 10pt; ofont-family: Arial; ofont-weight: normal;\">Frases<\/span><span lang=\"ES-TRAD\" style=\"ofont-size: 10pt; ofont-family: Arial; ofont-weight: normal; ofont-style: normal;\"> (1975), <\/span><span lang=\"ES-TRAD\" style=\"ofont-size: 10pt; ofont-family: Arial; ofont-weight: normal;\">Alarma<\/span><span lang=\"ES-TRAD\" style=\"ofont-size: 10pt; ofont-family: Arial; ofont-weight: normal; ofont-style: normal;\"> (1976), <\/span><span lang=\"ES-TRAD\" style=\"ofont-size: 10pt; ofont-family: Arial; ofont-weight: normal;\">Manchas nombradas<\/span><span lang=\"ES-TRAD\" style=\"ofont-size: 10pt; ofont-family: Arial; ofont-weight: normal; ofont-style: normal;\"> (1985), <\/span><span lang=\"ES-TRAD\" style=\"ofont-size: 10pt; ofont-family: Arial; ofont-weight: normal;\">Visto y no visto<\/span><span lang=\"ES-TRAD\" style=\"ofont-size: 10pt; ofont-family: Arial; ofont-weight: normal; ofont-style: normal;\"> (1993), <\/span><span lang=\"ES-TRAD\" style=\"ofont-size: 10pt; ofont-family: Arial; ofont-weight: normal;\">Raz\u00f3n de nadie<\/span><span lang=\"ES-TRAD\" style=\"ofont-size: 10pt; ofont-family: Arial; ofont-weight: normal; ofont-style: normal;\"> (1994), hasta su \u00faltimo libro publicado por la FCM, <\/span><span lang=\"ES-TRAD\" style=\"ofont-size: 10pt; ofont-family: Arial; ofont-weight: normal;\">\u00d3rganos dispersos<\/span><span lang=\"ES-TRAD\" style=\"ofont-size: 10pt; ofont-family: Arial; ofont-weight: normal; ofont-style: normal;\"> (2000). En narrativa ha publicado <\/span><span lang=\"ES-TRAD\" style=\"ofont-size: 10pt; ofont-family: Arial; ofont-weight: normal;\">Cierra los ojos y abre la boca<\/span><span lang=\"ES-TRAD\" style=\"ofont-size: 10pt; ofont-family: Arial; ofont-weight: normal; ofont-style: normal;\"> (1970), as\u00ed como el ensayo <\/span><span lang=\"ES-TRAD\" style=\"ofont-size: 10pt; ofont-family: Arial; ofont-weight: normal;\">Las soledades de Francisco Peinado<\/span><span lang=\"ES-TRAD\" style=\"ofont-size: 10pt; ofont-family: Arial; ofont-weight: normal; ofont-style: normal;\"> (1977).<\/span><\/p>\n<p><em><span style=\"ofont-size: 10pt; ofont-family: Arial;\">\u00d3rganos dispersos<\/span><\/em><span style=\"ofont-size: 10pt; ofont-family: Arial;\">, que hace el n\u00famero 6 de la colecci\u00f3n de poes\u00eda \u201cP\u00e9\u00f1ola Blanca\u201d, fue editado el 12 de enero de 2000. El libro re\u00fane trece poemas, vinculados a la labor experimental del poeta, que combinan su riqueza ling\u00fc\u00edstica y metaf\u00f3rica con distintas tipograf\u00edas y distribuci\u00f3n sobre el blanco de la p\u00e1gina. Incluye, tambi\u00e9n, dibujos o peque\u00f1as estampas de mano del autor.<br \/>\n<\/span><\/p>","protected":false},"featured_media":16203,"parent":0,"template":"","meta":{"_acf_changed":false,"ngg_post_thumbnail":0,"footnotes":""},"publicacion_coleccion":[66],"class_list":["post-16202","fcm_publicacion","type-fcm_publicacion","status-publish","has-post-thumbnail","hentry","publicacion_coleccion-penola-blanca"],"acf":[],"_links":{"self":[{"href":"https:\/\/fcmanrique.org\/fr\/wp-json\/wp\/v2\/fcm_publicacion\/16202","targetHints":{"allow":["GET"]}}],"collection":[{"href":"https:\/\/fcmanrique.org\/fr\/wp-json\/wp\/v2\/fcm_publicacion"}],"about":[{"href":"https:\/\/fcmanrique.org\/fr\/wp-json\/wp\/v2\/types\/fcm_publicacion"}],"version-history":[{"count":1,"href":"https:\/\/fcmanrique.org\/fr\/wp-json\/wp\/v2\/fcm_publicacion\/16202\/revisions"}],"predecessor-version":[{"id":25157,"href":"https:\/\/fcmanrique.org\/fr\/wp-json\/wp\/v2\/fcm_publicacion\/16202\/revisions\/25157"}],"wp:featuredmedia":[{"embeddable":true,"href":"https:\/\/fcmanrique.org\/fr\/wp-json\/wp\/v2\/media\/16203"}],"wp:attachment":[{"href":"https:\/\/fcmanrique.org\/fr\/wp-json\/wp\/v2\/media?parent=16202"}],"wp:term":[{"taxonomy":"publicacion_coleccion","embeddable":true,"href":"https:\/\/fcmanrique.org\/fr\/wp-json\/wp\/v2\/publicacion_coleccion?post=16202"}],"curies":[{"name":"wp","href":"https:\/\/api.w.org\/{rel}","templated":true}]}}

Órganos dispersos

<p class="qtranxs-available-languages-message qtranxs-available-languages-message-fr">Désolé, cet article est seulement disponible en <a href="https://fcmanrique.org/es/wp-json/wp/v2/fcm_publicacion/16202" class="qtranxs-available-language-link qtranxs-available-language-link-es" title="ES">ES</a>.</p><p></p>
<p class="MsoNormal" style="text-align: justify;"><span lang="ES-TRAD" style="ofont-family: Arial;"><strong>José Miguel Ullán</strong> nació en 1944 en Villarino de los Aires (Salamanca). Es poeta y traductor. Inició sus estudios en Salamanca y Madrid, comenzando a trabajar como colaborador del diario “El Adelantado” de Salamanca, en 1970. Residió desde 1966 a 1976.</span><span style="ofont-family: Arial;"> A su regreso a Madrid en 1980 se incorporó al periódico <em>El País</em> como crítico musical y de artes plásticas. Ha trabajado también en radio y televisión, dirigiendo en 1985 el espacio <em>Tatuaje</em>. En 1987, fue designado comisario junto a Ángel González del “Salón de los 16”. En 1989, fue elegido adjunto a la presidencia del Grupo 16, encargándose de las áreas culturales y actividades artísticas de la empresa.</span></p>
<p class="MsoNormal" style="text-align: justify;"><span style="ofont-family: Arial;">Sus libros de poesía han aparecido en colaboración con grandes pintores, como Joan Miró, Antoni Tàpies, Eduardo Chillida, Antonio Saura o Eusebio Sempere. Ha creado y dirigido la colección de poesía de la editorial Cátedra. Fue miembro del equipo de selección de las exposiciones españolas de pintura y escultura en Europalia.</span></p>
<p class="BodyText21"><span lang="ES-TRAD" style="ofont-size: 10pt; ofont-family: Arial; ofont-weight: normal; ofont-style: normal;">Entre su producción poética debemos destacar las siguientes obras: </span><span lang="ES-TRAD" style="ofont-size: 10pt; ofont-family: Arial; ofont-weight: normal;">El jornal</span><span lang="ES-TRAD" style="ofont-size: 10pt; ofont-family: Arial; ofont-weight: normal; ofont-style: normal;">, publicada en 1965, pasando por </span><span lang="ES-TRAD" style="ofont-size: 10pt; ofont-family: Arial; ofont-weight: normal;">Mortaja</span><span lang="ES-TRAD" style="ofont-size: 10pt; ofont-family: Arial; ofont-weight: normal; ofont-style: normal;"> (1970), editada en México, </span><span lang="ES-TRAD" style="ofont-size: 10pt; ofont-family: Arial; ofont-weight: normal;">Frases</span><span lang="ES-TRAD" style="ofont-size: 10pt; ofont-family: Arial; ofont-weight: normal; ofont-style: normal;"> (1975), </span><span lang="ES-TRAD" style="ofont-size: 10pt; ofont-family: Arial; ofont-weight: normal;">Alarma</span><span lang="ES-TRAD" style="ofont-size: 10pt; ofont-family: Arial; ofont-weight: normal; ofont-style: normal;"> (1976), </span><span lang="ES-TRAD" style="ofont-size: 10pt; ofont-family: Arial; ofont-weight: normal;">Manchas nombradas</span><span lang="ES-TRAD" style="ofont-size: 10pt; ofont-family: Arial; ofont-weight: normal; ofont-style: normal;"> (1985), </span><span lang="ES-TRAD" style="ofont-size: 10pt; ofont-family: Arial; ofont-weight: normal;">Visto y no visto</span><span lang="ES-TRAD" style="ofont-size: 10pt; ofont-family: Arial; ofont-weight: normal; ofont-style: normal;"> (1993), </span><span lang="ES-TRAD" style="ofont-size: 10pt; ofont-family: Arial; ofont-weight: normal;">Razón de nadie</span><span lang="ES-TRAD" style="ofont-size: 10pt; ofont-family: Arial; ofont-weight: normal; ofont-style: normal;"> (1994), hasta su último libro publicado por la FCM, </span><span lang="ES-TRAD" style="ofont-size: 10pt; ofont-family: Arial; ofont-weight: normal;">Órganos dispersos</span><span lang="ES-TRAD" style="ofont-size: 10pt; ofont-family: Arial; ofont-weight: normal; ofont-style: normal;"> (2000). En narrativa ha publicado </span><span lang="ES-TRAD" style="ofont-size: 10pt; ofont-family: Arial; ofont-weight: normal;">Cierra los ojos y abre la boca</span><span lang="ES-TRAD" style="ofont-size: 10pt; ofont-family: Arial; ofont-weight: normal; ofont-style: normal;"> (1970), así como el ensayo </span><span lang="ES-TRAD" style="ofont-size: 10pt; ofont-family: Arial; ofont-weight: normal;">Las soledades de Francisco Peinado</span><span lang="ES-TRAD" style="ofont-size: 10pt; ofont-family: Arial; ofont-weight: normal; ofont-style: normal;"> (1977).</span></p>
<p><em><span style="ofont-size: 10pt; ofont-family: Arial;">Órganos dispersos</span></em><span style="ofont-size: 10pt; ofont-family: Arial;">, que hace el número 6 de la colección de poesía “Péñola Blanca”, fue editado el 12 de enero de 2000. El libro reúne trece poemas, vinculados a la labor experimental del poeta, que combinan su riqueza lingüística y metafórica con distintas tipografías y distribución sobre el blanco de la página. Incluye, también, dibujos o pequeñas estampas de mano del autor.<br />
</span></p>
